{"version":"1.0","provider_name":"Le Grenier - brocante et am\u00e9nagement","provider_url":"https:\/\/le-grenier.org","author_name":"LE GRENIER AMIENS","author_url":"https:\/\/le-grenier.org\/index.php\/author\/admin4505\/","title":"Lampe d\u2019atelier - Le Grenier - brocante et am\u00e9nagement","type":"rich","width":600,"height":338,"html":"<blockquote class=\"wp-embedded-content\"><a href=\"https:\/\/le-grenier.org\/index.php\/produit\/lampe-datelier-4\/\">Lampe d\u2019atelier<\/a><\/blockquote>\n<script type='text\/javascript'>\n<!--\/\/--><![CDATA[\/\/><!--\n\t\t\/*! This file is auto-generated *\/\n\t\t!function(c,d){\"use strict\";var e=!1,n=!1;if(d.querySelector)if(c.addEventListener)e=!0;if(c.wp=c.wp||{},!c.wp.receiveEmbedMessage)if(c.wp.receiveEmbedMessage=function(e){var t=e.data;if(t)if(t.secret||t.message||t.value)if(!\/[^a-zA-Z0-9]\/.test(t.secret)){for(var r,a,i,s=d.querySelectorAll('iframe[data-secret=\"'+t.secret+'\"]'),n=d.querySelectorAll('blockquote[data-secret=\"'+t.secret+'\"]'),o=0;o<n.length;o++)n[o].style.display=\"none\";for(o=0;o<s.length;o++)if(r=s[o],e.source===r.contentWindow){if(r.removeAttribute(\"style\"),\"height\"===t.message){if(1e3<(i=parseInt(t.value,10)))i=1e3;else if(~~i<200)i=200;r.height=i}if(\"link\"===t.message)if(a=d.createElement(\"a\"),i=d.createElement(\"a\"),a.href=r.getAttribute(\"src\"),i.href=t.value,i.host===a.host)if(d.activeElement===r)c.top.location.href=t.value}}},e)c.addEventListener(\"message\",c.wp.receiveEmbedMessage,!1),d.addEventListener(\"DOMContentLoaded\",t,!1),c.addEventListener(\"load\",t,!1);function t(){if(!n){n=!0;for(var e,t,r=-1!==navigator.appVersion.indexOf(\"MSIE 10\"),a=!!navigator.userAgent.match(\/Trident.*rv:11\\.\/),i=d.querySelectorAll(\"iframe.wp-embedded-content\"),s=0;s<i.length;s++){if(!(e=i[s]).getAttribute(\"data-secret\"))t=Math.random().toString(36).substr(2,10),e.src+=\"#?secret=\"+t,e.setAttribute(\"data-secret\",t);if(r||a)(t=e.cloneNode(!0)).removeAttribute(\"security\"),e.parentNode.replaceChild(t,e)}}}}(window,document);\n\/\/--><!]]>\n<\/script><iframe sandbox=\"allow-scripts\" security=\"restricted\" src=\"https:\/\/le-grenier.org\/index.php\/produit\/lampe-datelier-4\/embed\/\" width=\"600\" height=\"338\" title=\"\u00ab\u00a0Lampe d\u2019atelier\u00a0\u00bb &#8212; Le Grenier - brocante et am\u00e9nagement\" frameborder=\"0\" marginwidth=\"0\" marginheight=\"0\" scrolling=\"no\" class=\"wp-embedded-content\"><\/iframe>","thumbnail_url":"http:\/\/le-grenier.org\/wp-content\/uploads\/2022\/05\/A67E27D8-AEF7-4E0E-89F6-90F9749CA191.jpeg","thumbnail_width":1420,"thumbnail_height":1421,"description":"Superbe lampe industrielle Adher des ann\u00e9es 60.  Couleur vert d\u2019eau  Elle fonctionne, y compris l\u2019interrupteur d\u2019origine, et se trouve dans un bel \u00e9tat de conservation.  La marque est grav\u00e9e sur le m\u00e9canisme \u00e0 visser  Son bras flexible permet d\u2019\u00e9clairer ce que vous souhaitez. Sur un bureau, dans un atelier, ou en table de chevet, vous pourrez orienter sa lumi\u00e8re comme bon vous semble.  Ampoule non fournie"}

Le Grenier - brocante et aménagement

Lampe d’atelier - Le Grenier - brocante et aménagement

<blockquote class="wp-embedded-content"><a href="https://le-grenier.org/index.php/produit/lampe-datelier-4/">Lampe d’atelier</a></blockquote>
<script type='text/javascript'>
<!--//--><![CDATA[//><!--
		/*! This file is auto-generated */
		!function(c,d){"use strict";var e=!1,n=!1;if(d.querySelector)if(c.addEventListener)e=!0;if(c.wp=c.wp||{},!c.wp.receiveEmbedMessage)if(c.wp.receiveEmbedMessage=function(e){var t=e.data;if(t)if(t.secret||t.message||t.value)if(!/[^a-zA-Z0-9]/.test(t.secret)){for(var r,a,i,s=d.querySelectorAll('iframe[data-secret="'+t.secret+'"]'),n=d.querySelectorAll('blockquote[data-secret="'+t.secret+'"]'),o=0;o<n.length;o++)n[o].style.display="none";for(o=0;o<s.length;o++)if(r=s[o],e.source===r.contentWindow){if(r.removeAttribute("style"),"height"===t.message){if(1e3<(i=parseInt(t.value,10)))i=1e3;else if(~~i<200)i=200;r.height=i}if("link"===t.message)if(a=d.createElement("a"),i=d.createElement("a"),a.href=r.getAttribute("src"),i.href=t.value,i.host===a.host)if(d.activeElement===r)c.top.location.href=t.value}}},e)c.addEventListener("message",c.wp.receiveEmbedMessage,!1),d.addEventListener("DOMContentLoaded",t,!1),c.addEventListener("load",t,!1);function t(){if(!n){n=!0;for(var e,t,r=-1!==navigator.appVersion.indexOf("MSIE 10"),a=!!navigator.userAgent.match(/Trident.*rv:11\./),i=d.querySelectorAll("iframe.wp-embedded-content"),s=0;s<i.length;s++){if(!(e=i[s]).getAttribute("data-secret"))t=Math.random().toString(36).substr(2,10),e.src+="#?secret="+t,e.setAttribute("data-secret",t);if(r||a)(t=e.cloneNode(!0)).removeAttribute("security"),e.parentNode.replaceChild(t,e)}}}}(window,document);
//--><!]]>
</script><iframe sandbox="allow-scripts" security="restricted" src="https://le-grenier.org/index.php/produit/lampe-datelier-4/embed/" width="600" height="338" title="« Lampe d’atelier » &#8212; Le Grenier - brocante et aménagement" frameborder="0" marginwidth="0" marginheight="0" scrolling="no" class="wp-embedded-content"></iframe>

Superbe lampe industrielle Adher des années 60.  Couleur vert d’eau  Elle fonctionne, y compris l’interrupteur d’origine, et se trouve dans un bel état de conservation.  La marque est gravée sur le mécanisme à visser  Son bras flexible permet d’éclairer ce que vous souhaitez. Sur un bureau, dans un atelier, ou en table de chevet, vous pourrez orienter sa lumière comme bon vous semble.  Ampoule non fournie
