{"version":"1.0","provider_name":"Le Grenier - brocante et am\u00e9nagement","provider_url":"https:\/\/le-grenier.org","author_name":"LE GRENIER AMIENS","author_url":"https:\/\/le-grenier.org\/index.php\/author\/admin4505\/","title":"Plaque de rue - Le Grenier - brocante et am\u00e9nagement","type":"rich","width":600,"height":338,"html":"<blockquote class=\"wp-embedded-content\"><a href=\"https:\/\/le-grenier.org\/index.php\/produit\/plaque-de-rue-3\/\">Plaque de rue<\/a><\/blockquote>\n<script type='text\/javascript'>\n<!--\/\/--><![CDATA[\/\/><!--\n\t\t\/*! This file is auto-generated *\/\n\t\t!function(c,d){\"use strict\";var e=!1,n=!1;if(d.querySelector)if(c.addEventListener)e=!0;if(c.wp=c.wp||{},!c.wp.receiveEmbedMessage)if(c.wp.receiveEmbedMessage=function(e){var t=e.data;if(t)if(t.secret||t.message||t.value)if(!\/[^a-zA-Z0-9]\/.test(t.secret)){for(var r,a,i,s=d.querySelectorAll('iframe[data-secret=\"'+t.secret+'\"]'),n=d.querySelectorAll('blockquote[data-secret=\"'+t.secret+'\"]'),o=0;o<n.length;o++)n[o].style.display=\"none\";for(o=0;o<s.length;o++)if(r=s[o],e.source===r.contentWindow){if(r.removeAttribute(\"style\"),\"height\"===t.message){if(1e3<(i=parseInt(t.value,10)))i=1e3;else if(~~i<200)i=200;r.height=i}if(\"link\"===t.message)if(a=d.createElement(\"a\"),i=d.createElement(\"a\"),a.href=r.getAttribute(\"src\"),i.href=t.value,i.host===a.host)if(d.activeElement===r)c.top.location.href=t.value}}},e)c.addEventListener(\"message\",c.wp.receiveEmbedMessage,!1),d.addEventListener(\"DOMContentLoaded\",t,!1),c.addEventListener(\"load\",t,!1);function t(){if(!n){n=!0;for(var e,t,r=-1!==navigator.appVersion.indexOf(\"MSIE 10\"),a=!!navigator.userAgent.match(\/Trident.*rv:11\\.\/),i=d.querySelectorAll(\"iframe.wp-embedded-content\"),s=0;s<i.length;s++){if(!(e=i[s]).getAttribute(\"data-secret\"))t=Math.random().toString(36).substr(2,10),e.src+=\"#?secret=\"+t,e.setAttribute(\"data-secret\",t);if(r||a)(t=e.cloneNode(!0)).removeAttribute(\"security\"),e.parentNode.replaceChild(t,e)}}}}(window,document);\n\/\/--><!]]>\n<\/script><iframe sandbox=\"allow-scripts\" security=\"restricted\" src=\"https:\/\/le-grenier.org\/index.php\/produit\/plaque-de-rue-3\/embed\/\" width=\"600\" height=\"338\" title=\"\u00ab\u00a0Plaque de rue\u00a0\u00bb &#8212; Le Grenier - brocante et am\u00e9nagement\" frameborder=\"0\" marginwidth=\"0\" marginheight=\"0\" scrolling=\"no\" class=\"wp-embedded-content\"><\/iframe>","thumbnail_url":"http:\/\/le-grenier.org\/wp-content\/uploads\/2021\/11\/F33FBB07-479C-4A61-A444-1DD27B744CC2.jpeg","thumbnail_width":1435,"thumbnail_height":1365,"description":"V\u00e9ritable plaque de rue en m\u00e9tal \u00e9maill\u00e9&nbsp;  &nbsp;  Georges Lyssandre N\u00e9 le 1er mai 1897 \u00e0 Chasseneuil-sur-Bonnieure (Charente), mort le 30 septembre 1977 \u00e0 Bondy (Seine-Saint-Denis) ; conseiller municipal socialiste de Bondy. Fils d\u2019un boulanger et d\u2019une tailleuse, Georges Lyssandre \u00e9tait clerc de notaire \u00e0 Paris. Directeur de l\u2019Harmonie municipale de Bondy (Seine), il fut \u00e9lu, le 12 mai 1935, conseiller municipal socialiste SFIO sur une liste de coalition \u00e0 direction communiste (voir Varagnat Henri*).  \u00c0 la Lib\u00e9ration, il fit partie, au nom de la SFIO, du conseil municipal provisoire selon l\u2019arr\u00eat\u00e9 du 4 novembre 1944.  Mari\u00e9 en 1922 \u00e0 La Rochefoucauld (Charente) avec une institutrice, il mourut le 30 septembre 1977 \u00e0 Bondy. Il \u00e9tait titulaire de la Croix de guerre 1914-1918."}

Le Grenier - brocante et aménagement

Plaque de rue - Le Grenier - brocante et aménagement

<blockquote class="wp-embedded-content"><a href="https://le-grenier.org/index.php/produit/plaque-de-rue-3/">Plaque de rue</a></blockquote>
<script type='text/javascript'>
<!--//--><![CDATA[//><!--
		/*! This file is auto-generated */
		!function(c,d){"use strict";var e=!1,n=!1;if(d.querySelector)if(c.addEventListener)e=!0;if(c.wp=c.wp||{},!c.wp.receiveEmbedMessage)if(c.wp.receiveEmbedMessage=function(e){var t=e.data;if(t)if(t.secret||t.message||t.value)if(!/[^a-zA-Z0-9]/.test(t.secret)){for(var r,a,i,s=d.querySelectorAll('iframe[data-secret="'+t.secret+'"]'),n=d.querySelectorAll('blockquote[data-secret="'+t.secret+'"]'),o=0;o<n.length;o++)n[o].style.display="none";for(o=0;o<s.length;o++)if(r=s[o],e.source===r.contentWindow){if(r.removeAttribute("style"),"height"===t.message){if(1e3<(i=parseInt(t.value,10)))i=1e3;else if(~~i<200)i=200;r.height=i}if("link"===t.message)if(a=d.createElement("a"),i=d.createElement("a"),a.href=r.getAttribute("src"),i.href=t.value,i.host===a.host)if(d.activeElement===r)c.top.location.href=t.value}}},e)c.addEventListener("message",c.wp.receiveEmbedMessage,!1),d.addEventListener("DOMContentLoaded",t,!1),c.addEventListener("load",t,!1);function t(){if(!n){n=!0;for(var e,t,r=-1!==navigator.appVersion.indexOf("MSIE 10"),a=!!navigator.userAgent.match(/Trident.*rv:11\./),i=d.querySelectorAll("iframe.wp-embedded-content"),s=0;s<i.length;s++){if(!(e=i[s]).getAttribute("data-secret"))t=Math.random().toString(36).substr(2,10),e.src+="#?secret="+t,e.setAttribute("data-secret",t);if(r||a)(t=e.cloneNode(!0)).removeAttribute("security"),e.parentNode.replaceChild(t,e)}}}}(window,document);
//--><!]]>
</script><iframe sandbox="allow-scripts" security="restricted" src="https://le-grenier.org/index.php/produit/plaque-de-rue-3/embed/" width="600" height="338" title="« Plaque de rue » &#8212; Le Grenier - brocante et aménagement" frameborder="0" marginwidth="0" marginheight="0" scrolling="no" class="wp-embedded-content"></iframe>

Véritable plaque de rue en métal émaillé&nbsp;  &nbsp;  Georges Lyssandre Né le 1er mai 1897 à Chasseneuil-sur-Bonnieure (Charente), mort le 30 septembre 1977 à Bondy (Seine-Saint-Denis) ; conseiller municipal socialiste de Bondy. Fils d’un boulanger et d’une tailleuse, Georges Lyssandre était clerc de notaire à Paris. Directeur de l’Harmonie municipale de Bondy (Seine), il fut élu, le 12 mai 1935, conseiller municipal socialiste SFIO sur une liste de coalition à direction communiste (voir Varagnat Henri*).  À la Libération, il fit partie, au nom de la SFIO, du conseil municipal provisoire selon l’arrêté du 4 novembre 1944.  Marié en 1922 à La Rochefoucauld (Charente) avec une institutrice, il mourut le 30 septembre 1977 à Bondy. Il était titulaire de la Croix de guerre 1914-1918.
