{"id":41888,"date":"2021-02-25T14:09:26","date_gmt":"2021-02-25T13:09:26","guid":{"rendered":"http:\/\/le-grenier.org\/?post_type=product&#038;p=41888"},"modified":"2023-07-05T19:15:14","modified_gmt":"2023-07-05T17:15:14","slug":"fregate-en-bois","status":"publish","type":"product","link":"https:\/\/le-grenier.org\/index.php\/produit\/fregate-en-bois\/","title":{"rendered":"Fr\u00e9gate en bois"},"content":{"rendered":"","protected":false},"excerpt":{"rendered":"<p>Rare Fr\u00e9gate ancienne, enti\u00e8rement en bois et tissu.<br \/>\n50cm de longueur<br \/>\n45cm de hauteur<br \/>\nSur socle en bois<br \/>\n\u2014<\/p>\n<p>???? Exp\u00e9dition rapide et soign\u00e9e<br \/>\nColissimo ou Mondial Relay<\/p>\n","protected":false},"featured_media":41928,"template":"","meta":{"ngg_post_thumbnail":0},"product_cat":[26],"product_tag":[],"yoast_head":"<!-- This site is optimized with the Yoast SEO plugin v17.9 - https:\/\/yoast.com\/wordpress\/plugins\/seo\/ -->\n<title>Fr\u00e9gate en bois - Le Grenier - brocante et am\u00e9nagement<\/title>\n<meta name=\"robots\" content=\"index, follow, max-snippet:-1, max-image-preview:large, max-video-preview:-1\" \/>\n<link rel=\"canonical\" href=\"https:\/\/le-grenier.org\/index.php\/produit\/fregate-en-bois\/\" \/>\n<meta property=\"og:locale\" content=\"fr_FR\" \/>\n<meta property=\"og:type\" content=\"article\" \/>\n<meta property=\"og:title\" content=\"Fr\u00e9gate en bois - Le Grenier - brocante et am\u00e9nagement\" \/>\n<meta property=\"og:description\" content=\"Rare Fr\u00e9gate ancienne, enti\u00e8rement en bois et tissu. 50cm de longueur 45cm de hauteur Sur socle en bois \u2014  ???? Exp\u00e9dition rapide et soign\u00e9e Colissimo ou Mondial Relay\" \/>\n<meta property=\"og:url\" content=\"https:\/\/le-grenier.org\/index.php\/produit\/fregate-en-bois\/\" \/>\n<meta property=\"og:site_name\" content=\"Le Grenier - brocante et am\u00e9nagement\" \/>\n<meta property=\"article:modified_time\" content=\"2023-07-05T17:15:14+00:00\" \/>\n<meta property=\"og:image\" content=\"https:\/\/le-grenier.org\/wp-content\/uploads\/2021\/02\/5962D87F-AF71-47F8-8C96-50097D9394E3.jpeg\" \/>\n\t<meta property=\"og:image:width\" content=\"1411\" \/>\n\t<meta property=\"og:image:height\" content=\"1431\" \/>\n\t<meta property=\"og:image:type\" content=\"image\/jpeg\" \/>\n<meta name=\"twitter:card\" content=\"summary_large_image\" \/>\n<script type=\"application\/ld+json\" class=\"yoast-schema-graph\">{\"@context\":\"https:\/\/schema.org\",\"@graph\":[{\"@type\":\"WebSite\",\"@id\":\"https:\/\/le-grenier.org\/#website\",\"url\":\"https:\/\/le-grenier.org\/\",\"name\":\"Le Grenier - brocante et am\\u00e9nagement\",\"description\":\"\",\"potentialAction\":[{\"@type\":\"SearchAction\",\"target\":{\"@type\":\"EntryPoint\",\"urlTemplate\":\"https:\/\/le-grenier.org\/?s={search_term_string}\"},\"query-input\":\"required name=search_term_string\"}],\"inLanguage\":\"fr-FR\"},{\"@type\":\"ImageObject\",\"@id\":\"https:\/\/le-grenier.org\/index.php\/produit\/fregate-en-bois\/#primaryimage\",\"inLanguage\":\"fr-FR\",\"url\":\"https:\/\/le-grenier.org\/wp-content\/uploads\/2021\/02\/5962D87F-AF71-47F8-8C96-50097D9394E3.jpeg\",\"contentUrl\":\"https:\/\/le-grenier.org\/wp-content\/uploads\/2021\/02\/5962D87F-AF71-47F8-8C96-50097D9394E3.jpeg\",\"width\":1411,\"height\":1431},{\"@type\":\"WebPage\",\"@id\":\"https:\/\/le-grenier.org\/index.php\/produit\/fregate-en-bois\/#webpage\",\"url\":\"https:\/\/le-grenier.org\/index.php\/produit\/fregate-en-bois\/\",\"name\":\"Fr\\u00e9gate en bois - Le Grenier - brocante et am\\u00e9nagement\",\"isPartOf\":{\"@id\":\"https:\/\/le-grenier.org\/#website\"},\"primaryImageOfPage\":{\"@id\":\"https:\/\/le-grenier.org\/index.php\/produit\/fregate-en-bois\/#primaryimage\"},\"datePublished\":\"2021-02-25T13:09:26+00:00\",\"dateModified\":\"2023-07-05T17:15:14+00:00\",\"breadcrumb\":{\"@id\":\"https:\/\/le-grenier.org\/index.php\/produit\/fregate-en-bois\/#breadcrumb\"},\"inLanguage\":\"fr-FR\",\"potentialAction\":[{\"@type\":\"ReadAction\",\"target\":[\"https:\/\/le-grenier.org\/index.php\/produit\/fregate-en-bois\/\"]}]},{\"@type\":\"BreadcrumbList\",\"@id\":\"https:\/\/le-grenier.org\/index.php\/produit\/fregate-en-bois\/#breadcrumb\",\"itemListElement\":[{\"@type\":\"ListItem\",\"position\":1,\"name\":\"Accueil\",\"item\":\"https:\/\/le-grenier.org\/\"},{\"@type\":\"ListItem\",\"position\":2,\"name\":\"Boutique en ligne\",\"item\":\"https:\/\/le-grenier.org\/\"},{\"@type\":\"ListItem\",\"position\":3,\"name\":\"Fr\\u00e9gate en bois\"}]}]}<\/script>\n<!-- \/ Yoast SEO plugin. -->","yoast_head_json":{"title":"Fr\u00e9gate en bois - Le Grenier - brocante et am\u00e9nagement","robots":{"index":"index","follow":"follow","max-snippet":"max-snippet:-1","max-image-preview":"max-image-preview:large","max-video-preview":"max-video-preview:-1"},"canonical":"https:\/\/le-grenier.org\/index.php\/produit\/fregate-en-bois\/","og_locale":"fr_FR","og_type":"article","og_title":"Fr\u00e9gate en bois - Le Grenier - brocante et am\u00e9nagement","og_description":"Rare Fr\u00e9gate ancienne, enti\u00e8rement en bois et tissu. 50cm de longueur 45cm de hauteur Sur socle en bois \u2014  ???? Exp\u00e9dition rapide et soign\u00e9e Colissimo ou Mondial Relay","og_url":"https:\/\/le-grenier.org\/index.php\/produit\/fregate-en-bois\/","og_site_name":"Le Grenier - brocante et am\u00e9nagement","article_modified_time":"2023-07-05T17:15:14+00:00","og_image":[{"width":1411,"height":1431,"url":"https:\/\/le-grenier.org\/wp-content\/uploads\/2021\/02\/5962D87F-AF71-47F8-8C96-50097D9394E3.jpeg","type":"image\/jpeg"}],"twitter_card":"summary_large_image","schema":{"@context":"https:\/\/schema.org","@graph":[{"@type":"WebSite","@id":"https:\/\/le-grenier.org\/#website","url":"https:\/\/le-grenier.org\/","name":"Le Grenier - brocante et am\u00e9nagement","description":"","potentialAction":[{"@type":"SearchAction","target":{"@type":"EntryPoint","urlTemplate":"https:\/\/le-grenier.org\/?s={search_term_string}"},"query-input":"required name=search_term_string"}],"inLanguage":"fr-FR"},{"@type":"ImageObject","@id":"https:\/\/le-grenier.org\/index.php\/produit\/fregate-en-bois\/#primaryimage","inLanguage":"fr-FR","url":"https:\/\/le-grenier.org\/wp-content\/uploads\/2021\/02\/5962D87F-AF71-47F8-8C96-50097D9394E3.jpeg","contentUrl":"https:\/\/le-grenier.org\/wp-content\/uploads\/2021\/02\/5962D87F-AF71-47F8-8C96-50097D9394E3.jpeg","width":1411,"height":1431},{"@type":"WebPage","@id":"https:\/\/le-grenier.org\/index.php\/produit\/fregate-en-bois\/#webpage","url":"https:\/\/le-grenier.org\/index.php\/produit\/fregate-en-bois\/","name":"Fr\u00e9gate en bois - Le Grenier - brocante et am\u00e9nagement","isPartOf":{"@id":"https:\/\/le-grenier.org\/#website"},"primaryImageOfPage":{"@id":"https:\/\/le-grenier.org\/index.php\/produit\/fregate-en-bois\/#primaryimage"},"datePublished":"2021-02-25T13:09:26+00:00","dateModified":"2023-07-05T17:15:14+00:00","breadcrumb":{"@id":"https:\/\/le-grenier.org\/index.php\/produit\/fregate-en-bois\/#breadcrumb"},"inLanguage":"fr-FR","potentialAction":[{"@type":"ReadAction","target":["https:\/\/le-grenier.org\/index.php\/produit\/fregate-en-bois\/"]}]},{"@type":"BreadcrumbList","@id":"https:\/\/le-grenier.org\/index.php\/produit\/fregate-en-bois\/#breadcrumb","itemListElement":[{"@type":"ListItem","position":1,"name":"Accueil","item":"https:\/\/le-grenier.org\/"},{"@type":"ListItem","position":2,"name":"Boutique en ligne","item":"https:\/\/le-grenier.org\/"},{"@type":"ListItem","position":3,"name":"Fr\u00e9gate en bois"}]}]}},"_links":{"self":[{"href":"https:\/\/le-grenier.org\/index.php\/wp-json\/wp\/v2\/product\/41888"}],"collection":[{"href":"https:\/\/le-grenier.org\/index.php\/wp-json\/wp\/v2\/product"}],"about":[{"href":"https:\/\/le-grenier.org\/index.php\/wp-json\/wp\/v2\/types\/product"}],"wp:featuredmedia":[{"embeddable":true,"href":"https:\/\/le-grenier.org\/index.php\/wp-json\/wp\/v2\/media\/41928"}],"wp:attachment":[{"href":"https:\/\/le-grenier.org\/index.php\/wp-json\/wp\/v2\/media?parent=41888"}],"wp:term":[{"taxonomy":"product_cat","embeddable":true,"href":"https:\/\/le-grenier.org\/index.php\/wp-json\/wp\/v2\/product_cat?post=41888"},{"taxonomy":"product_tag","embeddable":true,"href":"https:\/\/le-grenier.org\/index.php\/wp-json\/wp\/v2\/product_tag?post=41888"}],"curies":[{"name":"wp","href":"https:\/\/api.w.org\/{rel}","templated":true}]}}

Frégate en bois

<p>Rare Frégate ancienne, entièrement en bois et tissu.<br />
50cm de longueur<br />
45cm de hauteur<br />
Sur socle en bois<br />
—</p>
<p>???? Expédition rapide et soignée<br />
Colissimo ou Mondial Relay</p>

<!-- This site is optimized with the Yoast SEO plugin v17.9 - https://yoast.com/wordpress/plugins/seo/ -->
<title>Frégate en bois - Le Grenier - brocante et aménagement</title>
<meta name="robots" content="index, follow, max-snippet:-1, max-image-preview:large, max-video-preview:-1" />
<link rel="canonical" href="https://le-grenier.org/index.php/produit/fregate-en-bois/" />
<meta property="og:locale" content="fr_FR" />
<meta property="og:type" content="article" />
<meta property="og:title" content="Frégate en bois - Le Grenier - brocante et aménagement" />
<meta property="og:description" content="Rare Frégate ancienne, entièrement en bois et tissu. 50cm de longueur 45cm de hauteur Sur socle en bois —  ???? Expédition rapide et soignée Colissimo ou Mondial Relay" />
<meta property="og:url" content="https://le-grenier.org/index.php/produit/fregate-en-bois/" />
<meta property="og:site_name" content="Le Grenier - brocante et aménagement" />
<meta property="article:modified_time" content="2023-07-05T17:15:14+00:00" />
<meta property="og:image" content="https://le-grenier.org/wp-content/uploads/2021/02/5962D87F-AF71-47F8-8C96-50097D9394E3.jpeg" />
	<meta property="og:image:width" content="1411" />
	<meta property="og:image:height" content="1431" />
	<meta property="og:image:type" content="image/jpeg" />
<meta name="twitter:card" content="summary_large_image" />
<script type="application/ld+json" class="yoast-schema-graph">{"@context":"https://schema.org","@graph":[{"@type":"WebSite","@id":"https://le-grenier.org/#website","url":"https://le-grenier.org/","name":"Le Grenier - brocante et am\u00e9nagement","description":"","potentialAction":[{"@type":"SearchAction","target":{"@type":"EntryPoint","urlTemplate":"https://le-grenier.org/?s={search_term_string}"},"query-input":"required name=search_term_string"}],"inLanguage":"fr-FR"},{"@type":"ImageObject","@id":"https://le-grenier.org/index.php/produit/fregate-en-bois/#primaryimage","inLanguage":"fr-FR","url":"https://le-grenier.org/wp-content/uploads/2021/02/5962D87F-AF71-47F8-8C96-50097D9394E3.jpeg","contentUrl":"https://le-grenier.org/wp-content/uploads/2021/02/5962D87F-AF71-47F8-8C96-50097D9394E3.jpeg","width":1411,"height":1431},{"@type":"WebPage","@id":"https://le-grenier.org/index.php/produit/fregate-en-bois/#webpage","url":"https://le-grenier.org/index.php/produit/fregate-en-bois/","name":"Fr\u00e9gate en bois - Le Grenier - brocante et am\u00e9nagement","isPartOf":{"@id":"https://le-grenier.org/#website"},"primaryImageOfPage":{"@id":"https://le-grenier.org/index.php/produit/fregate-en-bois/#primaryimage"},"datePublished":"2021-02-25T13:09:26+00:00","dateModified":"2023-07-05T17:15:14+00:00","breadcrumb":{"@id":"https://le-grenier.org/index.php/produit/fregate-en-bois/#breadcrumb"},"inLanguage":"fr-FR","potentialAction":[{"@type":"ReadAction","target":["https://le-grenier.org/index.php/produit/fregate-en-bois/"]}]},{"@type":"BreadcrumbList","@id":"https://le-grenier.org/index.php/produit/fregate-en-bois/#breadcrumb","itemListElement":[{"@type":"ListItem","position":1,"name":"Accueil","item":"https://le-grenier.org/"},{"@type":"ListItem","position":2,"name":"Boutique en ligne","item":"https://le-grenier.org/"},{"@type":"ListItem","position":3,"name":"Fr\u00e9gate en bois"}]}]}</script>
<!-- / Yoast SEO plugin. -->

Frégate en bois - Le Grenier - brocante et aménagement

Rare Frégate ancienne, entièrement en bois et tissu. 50cm de longueur 45cm de hauteur Sur socle en bois —  ???? Expédition rapide et soignée Colissimo ou Mondial Relay

Le Grenier - brocante et aménagement
