{"id":50979,"date":"2022-04-02T08:44:31","date_gmt":"2022-04-02T06:44:31","guid":{"rendered":"https:\/\/le-grenier.org\/?post_type=product&#038;p=50979"},"modified":"2022-05-08T18:28:58","modified_gmt":"2022-05-08T16:28:58","slug":"boule-de-chalut-2","status":"publish","type":"product","link":"https:\/\/le-grenier.org\/index.php\/produit\/boule-de-chalut-2\/","title":{"rendered":"Boule de chalut"},"content":{"rendered":"","protected":false},"excerpt":{"rendered":"<p>Boule p\u00eacheur, aussi appel\u00e9e boule de chalut. En verre jaune\/vert<br \/>\nFilet rose orang\u00e9<\/p>\n<p>50cm de longueur<br \/>\n15cm de diam\u00e8tre<\/p>\n<p>La boule de chalut est un ancien flotteur, utilis\u00e9e jusque dans les ann\u00e9es 50, constitu\u00e9e d\u2019une boule en verre entour\u00e9e d\u2019un cordage tress\u00e9. Ces flotteurs \u00e9taient fix\u00e9s sur les filets de p\u00eache pour qu\u2019ils restent \u00e0 la surface, tout en d\u00e9rivant emport\u00e9s par le courant. Objet de marine souvenir pour donner un esprit d\u00e9co bord de mer<\/p>\n<p>\u2014-<br \/>\nexp\u00e9dition rapide et soign\u00e9e Mondial Relay ou Colissimo<br \/>\nRetrait gratuit en boutique (Amiens)<\/p>\n<p>&nbsp;<\/p>\n","protected":false},"featured_media":50981,"template":"","meta":{"ngg_post_thumbnail":0},"product_cat":[23],"product_tag":[],"yoast_head":"<!-- This site is optimized with the Yoast SEO plugin v17.9 - https:\/\/yoast.com\/wordpress\/plugins\/seo\/ -->\n<title>Boule de chalut - Le Grenier - brocante et am\u00e9nagement<\/title>\n<meta name=\"robots\" content=\"index, follow, max-snippet:-1, max-image-preview:large, max-video-preview:-1\" \/>\n<link rel=\"canonical\" href=\"https:\/\/le-grenier.org\/index.php\/produit\/boule-de-chalut-2\/\" \/>\n<meta property=\"og:locale\" content=\"fr_FR\" \/>\n<meta property=\"og:type\" content=\"article\" \/>\n<meta property=\"og:title\" content=\"Boule de chalut - Le Grenier - brocante et am\u00e9nagement\" \/>\n<meta property=\"og:description\" content=\"Boule p\u00eacheur, aussi appel\u00e9e boule de chalut. En verre jaune\/vert Filet rose orang\u00e9  50cm de longueur 15cm de diam\u00e8tre  La boule de chalut est un ancien flotteur, utilis\u00e9e jusque dans les ann\u00e9es 50, constitu\u00e9e d\u2019une boule en verre entour\u00e9e d\u2019un cordage tress\u00e9. Ces flotteurs \u00e9taient fix\u00e9s sur les filets de p\u00eache pour qu\u2019ils restent \u00e0 la surface, tout en d\u00e9rivant emport\u00e9s par le courant. Objet de marine souvenir pour donner un esprit d\u00e9co bord de mer  \u2014- exp\u00e9dition rapide et soign\u00e9e Mondial Relay ou Colissimo Retrait gratuit en boutique (Amiens)  &nbsp;\" \/>\n<meta property=\"og:url\" content=\"https:\/\/le-grenier.org\/index.php\/produit\/boule-de-chalut-2\/\" \/>\n<meta property=\"og:site_name\" content=\"Le Grenier - brocante et am\u00e9nagement\" \/>\n<meta property=\"article:modified_time\" content=\"2022-05-08T16:28:58+00:00\" \/>\n<meta property=\"og:image\" content=\"http:\/\/le-grenier.org\/wp-content\/uploads\/2022\/04\/A7013558-AC1F-4264-8AEC-B8D29DD6F0B3.jpeg\" \/>\n\t<meta property=\"og:image:width\" content=\"1440\" \/>\n\t<meta property=\"og:image:height\" content=\"1440\" \/>\n\t<meta property=\"og:image:type\" content=\"image\/jpeg\" \/>\n<meta name=\"twitter:card\" content=\"summary_large_image\" \/>\n<script type=\"application\/ld+json\" class=\"yoast-schema-graph\">{\"@context\":\"https:\/\/schema.org\",\"@graph\":[{\"@type\":\"WebSite\",\"@id\":\"https:\/\/le-grenier.org\/#website\",\"url\":\"https:\/\/le-grenier.org\/\",\"name\":\"Le Grenier - brocante et am\\u00e9nagement\",\"description\":\"\",\"potentialAction\":[{\"@type\":\"SearchAction\",\"target\":{\"@type\":\"EntryPoint\",\"urlTemplate\":\"https:\/\/le-grenier.org\/?s={search_term_string}\"},\"query-input\":\"required name=search_term_string\"}],\"inLanguage\":\"fr-FR\"},{\"@type\":\"ImageObject\",\"@id\":\"https:\/\/le-grenier.org\/index.php\/produit\/boule-de-chalut-2\/#primaryimage\",\"inLanguage\":\"fr-FR\",\"url\":\"https:\/\/le-grenier.org\/wp-content\/uploads\/2022\/04\/A7013558-AC1F-4264-8AEC-B8D29DD6F0B3.jpeg\",\"contentUrl\":\"https:\/\/le-grenier.org\/wp-content\/uploads\/2022\/04\/A7013558-AC1F-4264-8AEC-B8D29DD6F0B3.jpeg\",\"width\":1440,\"height\":1440},{\"@type\":\"WebPage\",\"@id\":\"https:\/\/le-grenier.org\/index.php\/produit\/boule-de-chalut-2\/#webpage\",\"url\":\"https:\/\/le-grenier.org\/index.php\/produit\/boule-de-chalut-2\/\",\"name\":\"Boule de chalut - Le Grenier - brocante et am\\u00e9nagement\",\"isPartOf\":{\"@id\":\"https:\/\/le-grenier.org\/#website\"},\"primaryImageOfPage\":{\"@id\":\"https:\/\/le-grenier.org\/index.php\/produit\/boule-de-chalut-2\/#primaryimage\"},\"datePublished\":\"2022-04-02T06:44:31+00:00\",\"dateModified\":\"2022-05-08T16:28:58+00:00\",\"breadcrumb\":{\"@id\":\"https:\/\/le-grenier.org\/index.php\/produit\/boule-de-chalut-2\/#breadcrumb\"},\"inLanguage\":\"fr-FR\",\"potentialAction\":[{\"@type\":\"ReadAction\",\"target\":[\"https:\/\/le-grenier.org\/index.php\/produit\/boule-de-chalut-2\/\"]}]},{\"@type\":\"BreadcrumbList\",\"@id\":\"https:\/\/le-grenier.org\/index.php\/produit\/boule-de-chalut-2\/#breadcrumb\",\"itemListElement\":[{\"@type\":\"ListItem\",\"position\":1,\"name\":\"Accueil\",\"item\":\"https:\/\/le-grenier.org\/\"},{\"@type\":\"ListItem\",\"position\":2,\"name\":\"Boutique en ligne\",\"item\":\"https:\/\/le-grenier.org\/\"},{\"@type\":\"ListItem\",\"position\":3,\"name\":\"Boule de chalut\"}]}]}<\/script>\n<!-- \/ Yoast SEO plugin. -->","yoast_head_json":{"title":"Boule de chalut - Le Grenier - brocante et am\u00e9nagement","robots":{"index":"index","follow":"follow","max-snippet":"max-snippet:-1","max-image-preview":"max-image-preview:large","max-video-preview":"max-video-preview:-1"},"canonical":"https:\/\/le-grenier.org\/index.php\/produit\/boule-de-chalut-2\/","og_locale":"fr_FR","og_type":"article","og_title":"Boule de chalut - Le Grenier - brocante et am\u00e9nagement","og_description":"Boule p\u00eacheur, aussi appel\u00e9e boule de chalut. En verre jaune\/vert Filet rose orang\u00e9  50cm de longueur 15cm de diam\u00e8tre  La boule de chalut est un ancien flotteur, utilis\u00e9e jusque dans les ann\u00e9es 50, constitu\u00e9e d\u2019une boule en verre entour\u00e9e d\u2019un cordage tress\u00e9. Ces flotteurs \u00e9taient fix\u00e9s sur les filets de p\u00eache pour qu\u2019ils restent \u00e0 la surface, tout en d\u00e9rivant emport\u00e9s par le courant. Objet de marine souvenir pour donner un esprit d\u00e9co bord de mer  \u2014- exp\u00e9dition rapide et soign\u00e9e Mondial Relay ou Colissimo Retrait gratuit en boutique (Amiens)  &nbsp;","og_url":"https:\/\/le-grenier.org\/index.php\/produit\/boule-de-chalut-2\/","og_site_name":"Le Grenier - brocante et am\u00e9nagement","article_modified_time":"2022-05-08T16:28:58+00:00","og_image":[{"width":1440,"height":1440,"url":"http:\/\/le-grenier.org\/wp-content\/uploads\/2022\/04\/A7013558-AC1F-4264-8AEC-B8D29DD6F0B3.jpeg","type":"image\/jpeg"}],"twitter_card":"summary_large_image","schema":{"@context":"https:\/\/schema.org","@graph":[{"@type":"WebSite","@id":"https:\/\/le-grenier.org\/#website","url":"https:\/\/le-grenier.org\/","name":"Le Grenier - brocante et am\u00e9nagement","description":"","potentialAction":[{"@type":"SearchAction","target":{"@type":"EntryPoint","urlTemplate":"https:\/\/le-grenier.org\/?s={search_term_string}"},"query-input":"required name=search_term_string"}],"inLanguage":"fr-FR"},{"@type":"ImageObject","@id":"https:\/\/le-grenier.org\/index.php\/produit\/boule-de-chalut-2\/#primaryimage","inLanguage":"fr-FR","url":"https:\/\/le-grenier.org\/wp-content\/uploads\/2022\/04\/A7013558-AC1F-4264-8AEC-B8D29DD6F0B3.jpeg","contentUrl":"https:\/\/le-grenier.org\/wp-content\/uploads\/2022\/04\/A7013558-AC1F-4264-8AEC-B8D29DD6F0B3.jpeg","width":1440,"height":1440},{"@type":"WebPage","@id":"https:\/\/le-grenier.org\/index.php\/produit\/boule-de-chalut-2\/#webpage","url":"https:\/\/le-grenier.org\/index.php\/produit\/boule-de-chalut-2\/","name":"Boule de chalut - Le Grenier - brocante et am\u00e9nagement","isPartOf":{"@id":"https:\/\/le-grenier.org\/#website"},"primaryImageOfPage":{"@id":"https:\/\/le-grenier.org\/index.php\/produit\/boule-de-chalut-2\/#primaryimage"},"datePublished":"2022-04-02T06:44:31+00:00","dateModified":"2022-05-08T16:28:58+00:00","breadcrumb":{"@id":"https:\/\/le-grenier.org\/index.php\/produit\/boule-de-chalut-2\/#breadcrumb"},"inLanguage":"fr-FR","potentialAction":[{"@type":"ReadAction","target":["https:\/\/le-grenier.org\/index.php\/produit\/boule-de-chalut-2\/"]}]},{"@type":"BreadcrumbList","@id":"https:\/\/le-grenier.org\/index.php\/produit\/boule-de-chalut-2\/#breadcrumb","itemListElement":[{"@type":"ListItem","position":1,"name":"Accueil","item":"https:\/\/le-grenier.org\/"},{"@type":"ListItem","position":2,"name":"Boutique en ligne","item":"https:\/\/le-grenier.org\/"},{"@type":"ListItem","position":3,"name":"Boule de chalut"}]}]}},"_links":{"self":[{"href":"https:\/\/le-grenier.org\/index.php\/wp-json\/wp\/v2\/product\/50979"}],"collection":[{"href":"https:\/\/le-grenier.org\/index.php\/wp-json\/wp\/v2\/product"}],"about":[{"href":"https:\/\/le-grenier.org\/index.php\/wp-json\/wp\/v2\/types\/product"}],"wp:featuredmedia":[{"embeddable":true,"href":"https:\/\/le-grenier.org\/index.php\/wp-json\/wp\/v2\/media\/50981"}],"wp:attachment":[{"href":"https:\/\/le-grenier.org\/index.php\/wp-json\/wp\/v2\/media?parent=50979"}],"wp:term":[{"taxonomy":"product_cat","embeddable":true,"href":"https:\/\/le-grenier.org\/index.php\/wp-json\/wp\/v2\/product_cat?post=50979"},{"taxonomy":"product_tag","embeddable":true,"href":"https:\/\/le-grenier.org\/index.php\/wp-json\/wp\/v2\/product_tag?post=50979"}],"curies":[{"name":"wp","href":"https:\/\/api.w.org\/{rel}","templated":true}]}}