{"id":51690,"date":"2022-05-08T14:08:26","date_gmt":"2022-05-08T12:08:26","guid":{"rendered":"https:\/\/le-grenier.org\/?post_type=product&#038;p=51690"},"modified":"2023-01-14T21:08:16","modified_gmt":"2023-01-14T20:08:16","slug":"lampe-datelier-4","status":"publish","type":"product","link":"https:\/\/le-grenier.org\/index.php\/produit\/lampe-datelier-4\/","title":{"rendered":"Lampe d\u2019atelier"},"content":{"rendered":"","protected":false},"excerpt":{"rendered":"<p>Superbe lampe industrielle Adher des ann\u00e9es 60.<\/p>\n<p>Couleur vert d\u2019eau<\/p>\n<p>Elle fonctionne, y compris l\u2019interrupteur d\u2019origine, et se trouve dans un bel \u00e9tat de conservation.<\/p>\n<p>La marque est grav\u00e9e sur le m\u00e9canisme \u00e0 visser<\/p>\n<p>Son bras flexible permet d\u2019\u00e9clairer ce que vous souhaitez. Sur un bureau, dans un atelier, ou en table de chevet, vous pourrez orienter sa lumi\u00e8re comme bon vous semble.<\/p>\n<p>Ampoule non fournie<\/p>\n","protected":false},"featured_media":51724,"template":"","meta":{"ngg_post_thumbnail":0},"product_cat":[39,25],"product_tag":[],"yoast_head":"<!-- This site is optimized with the Yoast SEO plugin v17.9 - https:\/\/yoast.com\/wordpress\/plugins\/seo\/ -->\n<title>Lampe d\u2019atelier - Le Grenier - brocante et am\u00e9nagement<\/title>\n<meta name=\"robots\" content=\"index, follow, max-snippet:-1, max-image-preview:large, max-video-preview:-1\" \/>\n<link rel=\"canonical\" href=\"https:\/\/le-grenier.org\/index.php\/produit\/lampe-datelier-4\/\" \/>\n<meta property=\"og:locale\" content=\"fr_FR\" \/>\n<meta property=\"og:type\" content=\"article\" \/>\n<meta property=\"og:title\" content=\"Lampe d\u2019atelier - Le Grenier - brocante et am\u00e9nagement\" \/>\n<meta property=\"og:description\" content=\"Superbe lampe industrielle Adher des ann\u00e9es 60.  Couleur vert d\u2019eau  Elle fonctionne, y compris l\u2019interrupteur d\u2019origine, et se trouve dans un bel \u00e9tat de conservation.  La marque est grav\u00e9e sur le m\u00e9canisme \u00e0 visser  Son bras flexible permet d\u2019\u00e9clairer ce que vous souhaitez. Sur un bureau, dans un atelier, ou en table de chevet, vous pourrez orienter sa lumi\u00e8re comme bon vous semble.  Ampoule non fournie\" \/>\n<meta property=\"og:url\" content=\"https:\/\/le-grenier.org\/index.php\/produit\/lampe-datelier-4\/\" \/>\n<meta property=\"og:site_name\" content=\"Le Grenier - brocante et am\u00e9nagement\" \/>\n<meta property=\"article:modified_time\" content=\"2023-01-14T20:08:16+00:00\" \/>\n<meta property=\"og:image\" content=\"http:\/\/le-grenier.org\/wp-content\/uploads\/2022\/05\/A67E27D8-AEF7-4E0E-89F6-90F9749CA191.jpeg\" \/>\n\t<meta property=\"og:image:width\" content=\"1420\" \/>\n\t<meta property=\"og:image:height\" content=\"1421\" \/>\n\t<meta property=\"og:image:type\" content=\"image\/jpeg\" \/>\n<meta name=\"twitter:card\" content=\"summary_large_image\" \/>\n<script type=\"application\/ld+json\" class=\"yoast-schema-graph\">{\"@context\":\"https:\/\/schema.org\",\"@graph\":[{\"@type\":\"WebSite\",\"@id\":\"https:\/\/le-grenier.org\/#website\",\"url\":\"https:\/\/le-grenier.org\/\",\"name\":\"Le Grenier - brocante et am\\u00e9nagement\",\"description\":\"\",\"potentialAction\":[{\"@type\":\"SearchAction\",\"target\":{\"@type\":\"EntryPoint\",\"urlTemplate\":\"https:\/\/le-grenier.org\/?s={search_term_string}\"},\"query-input\":\"required name=search_term_string\"}],\"inLanguage\":\"fr-FR\"},{\"@type\":\"ImageObject\",\"@id\":\"https:\/\/le-grenier.org\/index.php\/produit\/lampe-datelier-4\/#primaryimage\",\"inLanguage\":\"fr-FR\",\"url\":\"https:\/\/le-grenier.org\/wp-content\/uploads\/2022\/05\/A67E27D8-AEF7-4E0E-89F6-90F9749CA191.jpeg\",\"contentUrl\":\"https:\/\/le-grenier.org\/wp-content\/uploads\/2022\/05\/A67E27D8-AEF7-4E0E-89F6-90F9749CA191.jpeg\",\"width\":1420,\"height\":1421},{\"@type\":\"WebPage\",\"@id\":\"https:\/\/le-grenier.org\/index.php\/produit\/lampe-datelier-4\/#webpage\",\"url\":\"https:\/\/le-grenier.org\/index.php\/produit\/lampe-datelier-4\/\",\"name\":\"Lampe d\\u2019atelier - Le Grenier - brocante et am\\u00e9nagement\",\"isPartOf\":{\"@id\":\"https:\/\/le-grenier.org\/#website\"},\"primaryImageOfPage\":{\"@id\":\"https:\/\/le-grenier.org\/index.php\/produit\/lampe-datelier-4\/#primaryimage\"},\"datePublished\":\"2022-05-08T12:08:26+00:00\",\"dateModified\":\"2023-01-14T20:08:16+00:00\",\"breadcrumb\":{\"@id\":\"https:\/\/le-grenier.org\/index.php\/produit\/lampe-datelier-4\/#breadcrumb\"},\"inLanguage\":\"fr-FR\",\"potentialAction\":[{\"@type\":\"ReadAction\",\"target\":[\"https:\/\/le-grenier.org\/index.php\/produit\/lampe-datelier-4\/\"]}]},{\"@type\":\"BreadcrumbList\",\"@id\":\"https:\/\/le-grenier.org\/index.php\/produit\/lampe-datelier-4\/#breadcrumb\",\"itemListElement\":[{\"@type\":\"ListItem\",\"position\":1,\"name\":\"Accueil\",\"item\":\"https:\/\/le-grenier.org\/\"},{\"@type\":\"ListItem\",\"position\":2,\"name\":\"Boutique en ligne\",\"item\":\"https:\/\/le-grenier.org\/\"},{\"@type\":\"ListItem\",\"position\":3,\"name\":\"Lampe d\\u2019atelier\"}]}]}<\/script>\n<!-- \/ Yoast SEO plugin. -->","yoast_head_json":{"title":"Lampe d\u2019atelier - Le Grenier - brocante et am\u00e9nagement","robots":{"index":"index","follow":"follow","max-snippet":"max-snippet:-1","max-image-preview":"max-image-preview:large","max-video-preview":"max-video-preview:-1"},"canonical":"https:\/\/le-grenier.org\/index.php\/produit\/lampe-datelier-4\/","og_locale":"fr_FR","og_type":"article","og_title":"Lampe d\u2019atelier - Le Grenier - brocante et am\u00e9nagement","og_description":"Superbe lampe industrielle Adher des ann\u00e9es 60.  Couleur vert d\u2019eau  Elle fonctionne, y compris l\u2019interrupteur d\u2019origine, et se trouve dans un bel \u00e9tat de conservation.  La marque est grav\u00e9e sur le m\u00e9canisme \u00e0 visser  Son bras flexible permet d\u2019\u00e9clairer ce que vous souhaitez. Sur un bureau, dans un atelier, ou en table de chevet, vous pourrez orienter sa lumi\u00e8re comme bon vous semble.  Ampoule non fournie","og_url":"https:\/\/le-grenier.org\/index.php\/produit\/lampe-datelier-4\/","og_site_name":"Le Grenier - brocante et am\u00e9nagement","article_modified_time":"2023-01-14T20:08:16+00:00","og_image":[{"width":1420,"height":1421,"url":"http:\/\/le-grenier.org\/wp-content\/uploads\/2022\/05\/A67E27D8-AEF7-4E0E-89F6-90F9749CA191.jpeg","type":"image\/jpeg"}],"twitter_card":"summary_large_image","schema":{"@context":"https:\/\/schema.org","@graph":[{"@type":"WebSite","@id":"https:\/\/le-grenier.org\/#website","url":"https:\/\/le-grenier.org\/","name":"Le Grenier - brocante et am\u00e9nagement","description":"","potentialAction":[{"@type":"SearchAction","target":{"@type":"EntryPoint","urlTemplate":"https:\/\/le-grenier.org\/?s={search_term_string}"},"query-input":"required name=search_term_string"}],"inLanguage":"fr-FR"},{"@type":"ImageObject","@id":"https:\/\/le-grenier.org\/index.php\/produit\/lampe-datelier-4\/#primaryimage","inLanguage":"fr-FR","url":"https:\/\/le-grenier.org\/wp-content\/uploads\/2022\/05\/A67E27D8-AEF7-4E0E-89F6-90F9749CA191.jpeg","contentUrl":"https:\/\/le-grenier.org\/wp-content\/uploads\/2022\/05\/A67E27D8-AEF7-4E0E-89F6-90F9749CA191.jpeg","width":1420,"height":1421},{"@type":"WebPage","@id":"https:\/\/le-grenier.org\/index.php\/produit\/lampe-datelier-4\/#webpage","url":"https:\/\/le-grenier.org\/index.php\/produit\/lampe-datelier-4\/","name":"Lampe d\u2019atelier - Le Grenier - brocante et am\u00e9nagement","isPartOf":{"@id":"https:\/\/le-grenier.org\/#website"},"primaryImageOfPage":{"@id":"https:\/\/le-grenier.org\/index.php\/produit\/lampe-datelier-4\/#primaryimage"},"datePublished":"2022-05-08T12:08:26+00:00","dateModified":"2023-01-14T20:08:16+00:00","breadcrumb":{"@id":"https:\/\/le-grenier.org\/index.php\/produit\/lampe-datelier-4\/#breadcrumb"},"inLanguage":"fr-FR","potentialAction":[{"@type":"ReadAction","target":["https:\/\/le-grenier.org\/index.php\/produit\/lampe-datelier-4\/"]}]},{"@type":"BreadcrumbList","@id":"https:\/\/le-grenier.org\/index.php\/produit\/lampe-datelier-4\/#breadcrumb","itemListElement":[{"@type":"ListItem","position":1,"name":"Accueil","item":"https:\/\/le-grenier.org\/"},{"@type":"ListItem","position":2,"name":"Boutique en ligne","item":"https:\/\/le-grenier.org\/"},{"@type":"ListItem","position":3,"name":"Lampe d\u2019atelier"}]}]}},"_links":{"self":[{"href":"https:\/\/le-grenier.org\/index.php\/wp-json\/wp\/v2\/product\/51690"}],"collection":[{"href":"https:\/\/le-grenier.org\/index.php\/wp-json\/wp\/v2\/product"}],"about":[{"href":"https:\/\/le-grenier.org\/index.php\/wp-json\/wp\/v2\/types\/product"}],"wp:featuredmedia":[{"embeddable":true,"href":"https:\/\/le-grenier.org\/index.php\/wp-json\/wp\/v2\/media\/51724"}],"wp:attachment":[{"href":"https:\/\/le-grenier.org\/index.php\/wp-json\/wp\/v2\/media?parent=51690"}],"wp:term":[{"taxonomy":"product_cat","embeddable":true,"href":"https:\/\/le-grenier.org\/index.php\/wp-json\/wp\/v2\/product_cat?post=51690"},{"taxonomy":"product_tag","embeddable":true,"href":"https:\/\/le-grenier.org\/index.php\/wp-json\/wp\/v2\/product_tag?post=51690"}],"curies":[{"name":"wp","href":"https:\/\/api.w.org\/{rel}","templated":true}]}}

<p>Superbe lampe industrielle Adher des années 60.</p>
<p>Couleur vert d’eau</p>
<p>Elle fonctionne, y compris l’interrupteur d’origine, et se trouve dans un bel état de conservation.</p>
<p>La marque est gravée sur le mécanisme à visser</p>
<p>Son bras flexible permet d’éclairer ce que vous souhaitez. Sur un bureau, dans un atelier, ou en table de chevet, vous pourrez orienter sa lumière comme bon vous semble.</p>
<p>Ampoule non fournie</p>

<!-- This site is optimized with the Yoast SEO plugin v17.9 - https://yoast.com/wordpress/plugins/seo/ -->
<title>Lampe d’atelier - Le Grenier - brocante et aménagement</title>
<meta name="robots" content="index, follow, max-snippet:-1, max-image-preview:large, max-video-preview:-1" />
<link rel="canonical" href="https://le-grenier.org/index.php/produit/lampe-datelier-4/" />
<meta property="og:locale" content="fr_FR" />
<meta property="og:type" content="article" />
<meta property="og:title" content="Lampe d’atelier - Le Grenier - brocante et aménagement" />
<meta property="og:description" content="Superbe lampe industrielle Adher des années 60.  Couleur vert d’eau  Elle fonctionne, y compris l’interrupteur d’origine, et se trouve dans un bel état de conservation.  La marque est gravée sur le mécanisme à visser  Son bras flexible permet d’éclairer ce que vous souhaitez. Sur un bureau, dans un atelier, ou en table de chevet, vous pourrez orienter sa lumière comme bon vous semble.  Ampoule non fournie" />
<meta property="og:url" content="https://le-grenier.org/index.php/produit/lampe-datelier-4/" />
<meta property="og:site_name" content="Le Grenier - brocante et aménagement" />
<meta property="article:modified_time" content="2023-01-14T20:08:16+00:00" />
<meta property="og:image" content="http://le-grenier.org/wp-content/uploads/2022/05/A67E27D8-AEF7-4E0E-89F6-90F9749CA191.jpeg" />
	<meta property="og:image:width" content="1420" />
	<meta property="og:image:height" content="1421" />
	<meta property="og:image:type" content="image/jpeg" />
<meta name="twitter:card" content="summary_large_image" />
<script type="application/ld+json" class="yoast-schema-graph">{"@context":"https://schema.org","@graph":[{"@type":"WebSite","@id":"https://le-grenier.org/#website","url":"https://le-grenier.org/","name":"Le Grenier - brocante et am\u00e9nagement","description":"","potentialAction":[{"@type":"SearchAction","target":{"@type":"EntryPoint","urlTemplate":"https://le-grenier.org/?s={search_term_string}"},"query-input":"required name=search_term_string"}],"inLanguage":"fr-FR"},{"@type":"ImageObject","@id":"https://le-grenier.org/index.php/produit/lampe-datelier-4/#primaryimage","inLanguage":"fr-FR","url":"https://le-grenier.org/wp-content/uploads/2022/05/A67E27D8-AEF7-4E0E-89F6-90F9749CA191.jpeg","contentUrl":"https://le-grenier.org/wp-content/uploads/2022/05/A67E27D8-AEF7-4E0E-89F6-90F9749CA191.jpeg","width":1420,"height":1421},{"@type":"WebPage","@id":"https://le-grenier.org/index.php/produit/lampe-datelier-4/#webpage","url":"https://le-grenier.org/index.php/produit/lampe-datelier-4/","name":"Lampe d\u2019atelier - Le Grenier - brocante et am\u00e9nagement","isPartOf":{"@id":"https://le-grenier.org/#website"},"primaryImageOfPage":{"@id":"https://le-grenier.org/index.php/produit/lampe-datelier-4/#primaryimage"},"datePublished":"2022-05-08T12:08:26+00:00","dateModified":"2023-01-14T20:08:16+00:00","breadcrumb":{"@id":"https://le-grenier.org/index.php/produit/lampe-datelier-4/#breadcrumb"},"inLanguage":"fr-FR","potentialAction":[{"@type":"ReadAction","target":["https://le-grenier.org/index.php/produit/lampe-datelier-4/"]}]},{"@type":"BreadcrumbList","@id":"https://le-grenier.org/index.php/produit/lampe-datelier-4/#breadcrumb","itemListElement":[{"@type":"ListItem","position":1,"name":"Accueil","item":"https://le-grenier.org/"},{"@type":"ListItem","position":2,"name":"Boutique en ligne","item":"https://le-grenier.org/"},{"@type":"ListItem","position":3,"name":"Lampe d\u2019atelier"}]}]}</script>
<!-- / Yoast SEO plugin. -->

Lampe d’atelier - Le Grenier - brocante et aménagement

Superbe lampe industrielle Adher des années 60.  Couleur vert d’eau  Elle fonctionne, y compris l’interrupteur d’origine, et se trouve dans un bel état de conservation.  La marque est gravée sur le mécanisme à visser  Son bras flexible permet d’éclairer ce que vous souhaitez. Sur un bureau, dans un atelier, ou en table de chevet, vous pourrez orienter sa lumière comme bon vous semble.  Ampoule non fournie

Le Grenier - brocante et aménagement
