{"id":52519,"date":"2022-06-21T09:07:51","date_gmt":"2022-06-21T07:07:51","guid":{"rendered":"https:\/\/le-grenier.org\/?post_type=product&#038;p=52519"},"modified":"2026-01-13T11:37:21","modified_gmt":"2026-01-13T10:37:21","slug":"vase-bougeoir-2","status":"publish","type":"product","link":"https:\/\/le-grenier.org\/index.php\/produit\/vase-bougeoir-2\/","title":{"rendered":"Vase bougeoir"},"content":{"rendered":"","protected":false},"excerpt":{"rendered":"<p>Original vase-bougeoir en gr\u00e8s tourn\u00e9 sign\u00e9 La Hulotte.<br \/>\nFabriqu\u00e9 \u00e0 la main<\/p>\n<p>Avec anse<br \/>\nHauteur 22cm<br \/>\nDiam\u00e8tre du vase 7cm<br \/>\nExcellent \u00e9tat<\/p>\n<p>\u2014-<\/p>\n<p>Fabrication artisanale de p\u00e8re en fils depuis 1955.<br \/>\nGr\u00e8s tourn\u00e9<\/p>\n<p>\u00c0 la poterie \u00abLa Hulotte\u00bb, nous renouons avec une longue tradition de c\u00e9ramique populaire, belle et utile. Notre production est r\u00e9alis\u00e9e \u00e0 la main, par tournage et modelage, avec la terre de La Borne, une argile \u00e0 gr\u00e8s naturelle. Apr\u00e8s d\u00e9coration et s\u00e9chage, nos pi\u00e8ces sont \u00e9maill\u00e9es, \u00e0 la cendre de bois et cuites en mono-cuisson \u00e0 1300\u00b0celsius.<\/p>\n","protected":false},"featured_media":47947,"template":"","meta":{"ngg_post_thumbnail":0},"product_cat":[38,40,48,23,25],"product_tag":[],"yoast_head":"<!-- This site is optimized with the Yoast SEO plugin v17.9 - https:\/\/yoast.com\/wordpress\/plugins\/seo\/ -->\n<title>Vase bougeoir - Le Grenier - brocante et am\u00e9nagement<\/title>\n<meta name=\"robots\" content=\"index, follow, max-snippet:-1, max-image-preview:large, max-video-preview:-1\" \/>\n<link rel=\"canonical\" href=\"https:\/\/le-grenier.org\/index.php\/produit\/vase-bougeoir-2\/\" \/>\n<meta property=\"og:locale\" content=\"fr_FR\" \/>\n<meta property=\"og:type\" content=\"article\" \/>\n<meta property=\"og:title\" content=\"Vase bougeoir - Le Grenier - brocante et am\u00e9nagement\" \/>\n<meta property=\"og:description\" content=\"Original vase-bougeoir en gr\u00e8s tourn\u00e9 sign\u00e9 La Hulotte. Fabriqu\u00e9 \u00e0 la main  Avec anse Hauteur 22cm Diam\u00e8tre du vase 7cm Excellent \u00e9tat  \u2014-  Fabrication artisanale de p\u00e8re en fils depuis 1955. Gr\u00e8s tourn\u00e9  \u00c0 la poterie \u00abLa Hulotte\u00bb, nous renouons avec une longue tradition de c\u00e9ramique populaire, belle et utile. Notre production est r\u00e9alis\u00e9e \u00e0 la main, par tournage et modelage, avec la terre de La Borne, une argile \u00e0 gr\u00e8s naturelle. Apr\u00e8s d\u00e9coration et s\u00e9chage, nos pi\u00e8ces sont \u00e9maill\u00e9es, \u00e0 la cendre de bois et cuites en mono-cuisson \u00e0 1300\u00b0celsius.\" \/>\n<meta property=\"og:url\" content=\"https:\/\/le-grenier.org\/index.php\/produit\/vase-bougeoir-2\/\" \/>\n<meta property=\"og:site_name\" content=\"Le Grenier - brocante et am\u00e9nagement\" \/>\n<meta property=\"article:modified_time\" content=\"2026-01-13T10:37:21+00:00\" \/>\n<meta property=\"og:image\" content=\"http:\/\/le-grenier.org\/wp-content\/uploads\/2021\/11\/58FF8D92-80CC-4879-969E-48CCA769D105.jpeg\" \/>\n\t<meta property=\"og:image:width\" content=\"1426\" \/>\n\t<meta property=\"og:image:height\" content=\"1435\" \/>\n\t<meta property=\"og:image:type\" content=\"image\/jpeg\" \/>\n<meta name=\"twitter:card\" content=\"summary_large_image\" \/>\n<script type=\"application\/ld+json\" class=\"yoast-schema-graph\">{\"@context\":\"https:\/\/schema.org\",\"@graph\":[{\"@type\":\"WebSite\",\"@id\":\"https:\/\/le-grenier.org\/#website\",\"url\":\"https:\/\/le-grenier.org\/\",\"name\":\"Le Grenier - brocante et am\\u00e9nagement\",\"description\":\"\",\"potentialAction\":[{\"@type\":\"SearchAction\",\"target\":{\"@type\":\"EntryPoint\",\"urlTemplate\":\"https:\/\/le-grenier.org\/?s={search_term_string}\"},\"query-input\":\"required name=search_term_string\"}],\"inLanguage\":\"fr-FR\"},{\"@type\":\"ImageObject\",\"@id\":\"https:\/\/le-grenier.org\/index.php\/produit\/vase-bougeoir-2\/#primaryimage\",\"inLanguage\":\"fr-FR\",\"url\":\"https:\/\/le-grenier.org\/wp-content\/uploads\/2021\/11\/58FF8D92-80CC-4879-969E-48CCA769D105.jpeg\",\"contentUrl\":\"https:\/\/le-grenier.org\/wp-content\/uploads\/2021\/11\/58FF8D92-80CC-4879-969E-48CCA769D105.jpeg\",\"width\":1426,\"height\":1435},{\"@type\":\"WebPage\",\"@id\":\"https:\/\/le-grenier.org\/index.php\/produit\/vase-bougeoir-2\/#webpage\",\"url\":\"https:\/\/le-grenier.org\/index.php\/produit\/vase-bougeoir-2\/\",\"name\":\"Vase bougeoir - Le Grenier - brocante et am\\u00e9nagement\",\"isPartOf\":{\"@id\":\"https:\/\/le-grenier.org\/#website\"},\"primaryImageOfPage\":{\"@id\":\"https:\/\/le-grenier.org\/index.php\/produit\/vase-bougeoir-2\/#primaryimage\"},\"datePublished\":\"2022-06-21T07:07:51+00:00\",\"dateModified\":\"2026-01-13T10:37:21+00:00\",\"breadcrumb\":{\"@id\":\"https:\/\/le-grenier.org\/index.php\/produit\/vase-bougeoir-2\/#breadcrumb\"},\"inLanguage\":\"fr-FR\",\"potentialAction\":[{\"@type\":\"ReadAction\",\"target\":[\"https:\/\/le-grenier.org\/index.php\/produit\/vase-bougeoir-2\/\"]}]},{\"@type\":\"BreadcrumbList\",\"@id\":\"https:\/\/le-grenier.org\/index.php\/produit\/vase-bougeoir-2\/#breadcrumb\",\"itemListElement\":[{\"@type\":\"ListItem\",\"position\":1,\"name\":\"Accueil\",\"item\":\"https:\/\/le-grenier.org\/\"},{\"@type\":\"ListItem\",\"position\":2,\"name\":\"Boutique en ligne\",\"item\":\"https:\/\/le-grenier.org\/\"},{\"@type\":\"ListItem\",\"position\":3,\"name\":\"Vase bougeoir\"}]}]}<\/script>\n<!-- \/ Yoast SEO plugin. -->","yoast_head_json":{"title":"Vase bougeoir - Le Grenier - brocante et am\u00e9nagement","robots":{"index":"index","follow":"follow","max-snippet":"max-snippet:-1","max-image-preview":"max-image-preview:large","max-video-preview":"max-video-preview:-1"},"canonical":"https:\/\/le-grenier.org\/index.php\/produit\/vase-bougeoir-2\/","og_locale":"fr_FR","og_type":"article","og_title":"Vase bougeoir - Le Grenier - brocante et am\u00e9nagement","og_description":"Original vase-bougeoir en gr\u00e8s tourn\u00e9 sign\u00e9 La Hulotte. Fabriqu\u00e9 \u00e0 la main  Avec anse Hauteur 22cm Diam\u00e8tre du vase 7cm Excellent \u00e9tat  \u2014-  Fabrication artisanale de p\u00e8re en fils depuis 1955. Gr\u00e8s tourn\u00e9  \u00c0 la poterie \u00abLa Hulotte\u00bb, nous renouons avec une longue tradition de c\u00e9ramique populaire, belle et utile. Notre production est r\u00e9alis\u00e9e \u00e0 la main, par tournage et modelage, avec la terre de La Borne, une argile \u00e0 gr\u00e8s naturelle. Apr\u00e8s d\u00e9coration et s\u00e9chage, nos pi\u00e8ces sont \u00e9maill\u00e9es, \u00e0 la cendre de bois et cuites en mono-cuisson \u00e0 1300\u00b0celsius.","og_url":"https:\/\/le-grenier.org\/index.php\/produit\/vase-bougeoir-2\/","og_site_name":"Le Grenier - brocante et am\u00e9nagement","article_modified_time":"2026-01-13T10:37:21+00:00","og_image":[{"width":1426,"height":1435,"url":"http:\/\/le-grenier.org\/wp-content\/uploads\/2021\/11\/58FF8D92-80CC-4879-969E-48CCA769D105.jpeg","type":"image\/jpeg"}],"twitter_card":"summary_large_image","schema":{"@context":"https:\/\/schema.org","@graph":[{"@type":"WebSite","@id":"https:\/\/le-grenier.org\/#website","url":"https:\/\/le-grenier.org\/","name":"Le Grenier - brocante et am\u00e9nagement","description":"","potentialAction":[{"@type":"SearchAction","target":{"@type":"EntryPoint","urlTemplate":"https:\/\/le-grenier.org\/?s={search_term_string}"},"query-input":"required name=search_term_string"}],"inLanguage":"fr-FR"},{"@type":"ImageObject","@id":"https:\/\/le-grenier.org\/index.php\/produit\/vase-bougeoir-2\/#primaryimage","inLanguage":"fr-FR","url":"https:\/\/le-grenier.org\/wp-content\/uploads\/2021\/11\/58FF8D92-80CC-4879-969E-48CCA769D105.jpeg","contentUrl":"https:\/\/le-grenier.org\/wp-content\/uploads\/2021\/11\/58FF8D92-80CC-4879-969E-48CCA769D105.jpeg","width":1426,"height":1435},{"@type":"WebPage","@id":"https:\/\/le-grenier.org\/index.php\/produit\/vase-bougeoir-2\/#webpage","url":"https:\/\/le-grenier.org\/index.php\/produit\/vase-bougeoir-2\/","name":"Vase bougeoir - Le Grenier - brocante et am\u00e9nagement","isPartOf":{"@id":"https:\/\/le-grenier.org\/#website"},"primaryImageOfPage":{"@id":"https:\/\/le-grenier.org\/index.php\/produit\/vase-bougeoir-2\/#primaryimage"},"datePublished":"2022-06-21T07:07:51+00:00","dateModified":"2026-01-13T10:37:21+00:00","breadcrumb":{"@id":"https:\/\/le-grenier.org\/index.php\/produit\/vase-bougeoir-2\/#breadcrumb"},"inLanguage":"fr-FR","potentialAction":[{"@type":"ReadAction","target":["https:\/\/le-grenier.org\/index.php\/produit\/vase-bougeoir-2\/"]}]},{"@type":"BreadcrumbList","@id":"https:\/\/le-grenier.org\/index.php\/produit\/vase-bougeoir-2\/#breadcrumb","itemListElement":[{"@type":"ListItem","position":1,"name":"Accueil","item":"https:\/\/le-grenier.org\/"},{"@type":"ListItem","position":2,"name":"Boutique en ligne","item":"https:\/\/le-grenier.org\/"},{"@type":"ListItem","position":3,"name":"Vase bougeoir"}]}]}},"_links":{"self":[{"href":"https:\/\/le-grenier.org\/index.php\/wp-json\/wp\/v2\/product\/52519"}],"collection":[{"href":"https:\/\/le-grenier.org\/index.php\/wp-json\/wp\/v2\/product"}],"about":[{"href":"https:\/\/le-grenier.org\/index.php\/wp-json\/wp\/v2\/types\/product"}],"wp:featuredmedia":[{"embeddable":true,"href":"https:\/\/le-grenier.org\/index.php\/wp-json\/wp\/v2\/media\/47947"}],"wp:attachment":[{"href":"https:\/\/le-grenier.org\/index.php\/wp-json\/wp\/v2\/media?parent=52519"}],"wp:term":[{"taxonomy":"product_cat","embeddable":true,"href":"https:\/\/le-grenier.org\/index.php\/wp-json\/wp\/v2\/product_cat?post=52519"},{"taxonomy":"product_tag","embeddable":true,"href":"https:\/\/le-grenier.org\/index.php\/wp-json\/wp\/v2\/product_tag?post=52519"}],"curies":[{"name":"wp","href":"https:\/\/api.w.org\/{rel}","templated":true}]}}

<p>Original vase-bougeoir en grès tourné signé La Hulotte.<br />
Fabriqué à la main</p>
<p>Avec anse<br />
Hauteur 22cm<br />
Diamètre du vase 7cm<br />
Excellent état</p>
<p>—-</p>
<p>Fabrication artisanale de père en fils depuis 1955.<br />
Grès tourné</p>
<p>À la poterie «La Hulotte», nous renouons avec une longue tradition de céramique populaire, belle et utile. Notre production est réalisée à la main, par tournage et modelage, avec la terre de La Borne, une argile à grès naturelle. Après décoration et séchage, nos pièces sont émaillées, à la cendre de bois et cuites en mono-cuisson à 1300°celsius.</p>

<!-- This site is optimized with the Yoast SEO plugin v17.9 - https://yoast.com/wordpress/plugins/seo/ -->
<title>Vase bougeoir - Le Grenier - brocante et aménagement</title>
<meta name="robots" content="index, follow, max-snippet:-1, max-image-preview:large, max-video-preview:-1" />
<link rel="canonical" href="https://le-grenier.org/index.php/produit/vase-bougeoir-2/" />
<meta property="og:locale" content="fr_FR" />
<meta property="og:type" content="article" />
<meta property="og:title" content="Vase bougeoir - Le Grenier - brocante et aménagement" />
<meta property="og:description" content="Original vase-bougeoir en grès tourné signé La Hulotte. Fabriqué à la main  Avec anse Hauteur 22cm Diamètre du vase 7cm Excellent état  —-  Fabrication artisanale de père en fils depuis 1955. Grès tourné  À la poterie «La Hulotte», nous renouons avec une longue tradition de céramique populaire, belle et utile. Notre production est réalisée à la main, par tournage et modelage, avec la terre de La Borne, une argile à grès naturelle. Après décoration et séchage, nos pièces sont émaillées, à la cendre de bois et cuites en mono-cuisson à 1300°celsius." />
<meta property="og:url" content="https://le-grenier.org/index.php/produit/vase-bougeoir-2/" />
<meta property="og:site_name" content="Le Grenier - brocante et aménagement" />
<meta property="article:modified_time" content="2026-01-13T10:37:21+00:00" />
<meta property="og:image" content="http://le-grenier.org/wp-content/uploads/2021/11/58FF8D92-80CC-4879-969E-48CCA769D105.jpeg" />
	<meta property="og:image:width" content="1426" />
	<meta property="og:image:height" content="1435" />
	<meta property="og:image:type" content="image/jpeg" />
<meta name="twitter:card" content="summary_large_image" />
<script type="application/ld+json" class="yoast-schema-graph">{"@context":"https://schema.org","@graph":[{"@type":"WebSite","@id":"https://le-grenier.org/#website","url":"https://le-grenier.org/","name":"Le Grenier - brocante et am\u00e9nagement","description":"","potentialAction":[{"@type":"SearchAction","target":{"@type":"EntryPoint","urlTemplate":"https://le-grenier.org/?s={search_term_string}"},"query-input":"required name=search_term_string"}],"inLanguage":"fr-FR"},{"@type":"ImageObject","@id":"https://le-grenier.org/index.php/produit/vase-bougeoir-2/#primaryimage","inLanguage":"fr-FR","url":"https://le-grenier.org/wp-content/uploads/2021/11/58FF8D92-80CC-4879-969E-48CCA769D105.jpeg","contentUrl":"https://le-grenier.org/wp-content/uploads/2021/11/58FF8D92-80CC-4879-969E-48CCA769D105.jpeg","width":1426,"height":1435},{"@type":"WebPage","@id":"https://le-grenier.org/index.php/produit/vase-bougeoir-2/#webpage","url":"https://le-grenier.org/index.php/produit/vase-bougeoir-2/","name":"Vase bougeoir - Le Grenier - brocante et am\u00e9nagement","isPartOf":{"@id":"https://le-grenier.org/#website"},"primaryImageOfPage":{"@id":"https://le-grenier.org/index.php/produit/vase-bougeoir-2/#primaryimage"},"datePublished":"2022-06-21T07:07:51+00:00","dateModified":"2026-01-13T10:37:21+00:00","breadcrumb":{"@id":"https://le-grenier.org/index.php/produit/vase-bougeoir-2/#breadcrumb"},"inLanguage":"fr-FR","potentialAction":[{"@type":"ReadAction","target":["https://le-grenier.org/index.php/produit/vase-bougeoir-2/"]}]},{"@type":"BreadcrumbList","@id":"https://le-grenier.org/index.php/produit/vase-bougeoir-2/#breadcrumb","itemListElement":[{"@type":"ListItem","position":1,"name":"Accueil","item":"https://le-grenier.org/"},{"@type":"ListItem","position":2,"name":"Boutique en ligne","item":"https://le-grenier.org/"},{"@type":"ListItem","position":3,"name":"Vase bougeoir"}]}]}</script>
<!-- / Yoast SEO plugin. -->

Vase bougeoir - Le Grenier - brocante et aménagement

Original vase-bougeoir en grès tourné signé La Hulotte. Fabriqué à la main  Avec anse Hauteur 22cm Diamètre du vase 7cm Excellent état  —-  Fabrication artisanale de père en fils depuis 1955. Grès tourné  À la poterie «La Hulotte», nous renouons avec une longue tradition de céramique populaire, belle et utile. Notre production est réalisée à la main, par tournage et modelage, avec la terre de La Borne, une argile à grès naturelle. Après décoration et séchage, nos pièces sont émaillées, à la cendre de bois et cuites en mono-cuisson à 1300°celsius.

Le Grenier - brocante et aménagement
