{"id":52878,"date":"2022-07-10T08:33:16","date_gmt":"2022-07-10T06:33:16","guid":{"rendered":"https:\/\/le-grenier.org\/?post_type=product&#038;p=52878"},"modified":"2022-08-20T10:27:04","modified_gmt":"2022-08-20T08:27:04","slug":"main-art-nouveau","status":"publish","type":"product","link":"https:\/\/le-grenier.org\/index.php\/produit\/main-art-nouveau\/","title":{"rendered":"Main Art Nouveau"},"content":{"rendered":"","protected":false},"excerpt":{"rendered":"<p>Main baguier en barbotine, agr\u00e9ment\u00e9 d\u2019une femme au chapeau, dans le style Art Nouveau<\/p>\n<p>Belle pi\u00e8ce originale qui trouvera facilement sa place dans un int\u00e9rieur vintage ou m\u00eame moderne<\/p>\n<p>sign\u00e9e au revers&nbsp;<\/p>\n<p>Un coup peu visible au niveau du menton, voir photo<\/p>\n<p>hauteur totale : 18cm<\/p>\n<p>\u2014-<br \/>\nexp\u00e9dition rapide et soign\u00e9e Mondial Relay ou Colissimo<br \/>\nRetrait gratuit en boutique (Amiens)<\/p>\n","protected":false},"featured_media":52922,"template":"","meta":{"ngg_post_thumbnail":0},"product_cat":[58,56,23,27],"product_tag":[],"yoast_head":"<!-- This site is optimized with the Yoast SEO plugin v17.9 - https:\/\/yoast.com\/wordpress\/plugins\/seo\/ -->\n<title>Main Art Nouveau - Le Grenier - brocante et am\u00e9nagement<\/title>\n<meta name=\"robots\" content=\"index, follow, max-snippet:-1, max-image-preview:large, max-video-preview:-1\" \/>\n<link rel=\"canonical\" href=\"https:\/\/le-grenier.org\/index.php\/produit\/main-art-nouveau\/\" \/>\n<meta property=\"og:locale\" content=\"fr_FR\" \/>\n<meta property=\"og:type\" content=\"article\" \/>\n<meta property=\"og:title\" content=\"Main Art Nouveau - Le Grenier - brocante et am\u00e9nagement\" \/>\n<meta property=\"og:description\" content=\"Main baguier en barbotine, agr\u00e9ment\u00e9 d\u2019une femme au chapeau, dans le style Art Nouveau  Belle pi\u00e8ce originale qui trouvera facilement sa place dans un int\u00e9rieur vintage ou m\u00eame moderne  sign\u00e9e au revers&nbsp;  Un coup peu visible au niveau du menton, voir photo  hauteur totale : 18cm  \u2014- exp\u00e9dition rapide et soign\u00e9e Mondial Relay ou Colissimo Retrait gratuit en boutique (Amiens)\" \/>\n<meta property=\"og:url\" content=\"https:\/\/le-grenier.org\/index.php\/produit\/main-art-nouveau\/\" \/>\n<meta property=\"og:site_name\" content=\"Le Grenier - brocante et am\u00e9nagement\" \/>\n<meta property=\"article:modified_time\" content=\"2022-08-20T08:27:04+00:00\" \/>\n<meta property=\"og:image\" content=\"http:\/\/le-grenier.org\/wp-content\/uploads\/2022\/07\/AA4F485B-D9D3-487C-81E4-658397980B95.jpeg\" \/>\n\t<meta property=\"og:image:width\" content=\"1420\" \/>\n\t<meta property=\"og:image:height\" content=\"1436\" \/>\n\t<meta property=\"og:image:type\" content=\"image\/jpeg\" \/>\n<meta name=\"twitter:card\" content=\"summary_large_image\" \/>\n<script type=\"application\/ld+json\" class=\"yoast-schema-graph\">{\"@context\":\"https:\/\/schema.org\",\"@graph\":[{\"@type\":\"WebSite\",\"@id\":\"https:\/\/le-grenier.org\/#website\",\"url\":\"https:\/\/le-grenier.org\/\",\"name\":\"Le Grenier - brocante et am\\u00e9nagement\",\"description\":\"\",\"potentialAction\":[{\"@type\":\"SearchAction\",\"target\":{\"@type\":\"EntryPoint\",\"urlTemplate\":\"https:\/\/le-grenier.org\/?s={search_term_string}\"},\"query-input\":\"required name=search_term_string\"}],\"inLanguage\":\"fr-FR\"},{\"@type\":\"ImageObject\",\"@id\":\"https:\/\/le-grenier.org\/index.php\/produit\/main-art-nouveau\/#primaryimage\",\"inLanguage\":\"fr-FR\",\"url\":\"https:\/\/le-grenier.org\/wp-content\/uploads\/2022\/07\/AA4F485B-D9D3-487C-81E4-658397980B95.jpeg\",\"contentUrl\":\"https:\/\/le-grenier.org\/wp-content\/uploads\/2022\/07\/AA4F485B-D9D3-487C-81E4-658397980B95.jpeg\",\"width\":1420,\"height\":1436},{\"@type\":\"WebPage\",\"@id\":\"https:\/\/le-grenier.org\/index.php\/produit\/main-art-nouveau\/#webpage\",\"url\":\"https:\/\/le-grenier.org\/index.php\/produit\/main-art-nouveau\/\",\"name\":\"Main Art Nouveau - Le Grenier - brocante et am\\u00e9nagement\",\"isPartOf\":{\"@id\":\"https:\/\/le-grenier.org\/#website\"},\"primaryImageOfPage\":{\"@id\":\"https:\/\/le-grenier.org\/index.php\/produit\/main-art-nouveau\/#primaryimage\"},\"datePublished\":\"2022-07-10T06:33:16+00:00\",\"dateModified\":\"2022-08-20T08:27:04+00:00\",\"breadcrumb\":{\"@id\":\"https:\/\/le-grenier.org\/index.php\/produit\/main-art-nouveau\/#breadcrumb\"},\"inLanguage\":\"fr-FR\",\"potentialAction\":[{\"@type\":\"ReadAction\",\"target\":[\"https:\/\/le-grenier.org\/index.php\/produit\/main-art-nouveau\/\"]}]},{\"@type\":\"BreadcrumbList\",\"@id\":\"https:\/\/le-grenier.org\/index.php\/produit\/main-art-nouveau\/#breadcrumb\",\"itemListElement\":[{\"@type\":\"ListItem\",\"position\":1,\"name\":\"Accueil\",\"item\":\"https:\/\/le-grenier.org\/\"},{\"@type\":\"ListItem\",\"position\":2,\"name\":\"Boutique en ligne\",\"item\":\"https:\/\/le-grenier.org\/\"},{\"@type\":\"ListItem\",\"position\":3,\"name\":\"Main Art Nouveau\"}]}]}<\/script>\n<!-- \/ Yoast SEO plugin. -->","yoast_head_json":{"title":"Main Art Nouveau - Le Grenier - brocante et am\u00e9nagement","robots":{"index":"index","follow":"follow","max-snippet":"max-snippet:-1","max-image-preview":"max-image-preview:large","max-video-preview":"max-video-preview:-1"},"canonical":"https:\/\/le-grenier.org\/index.php\/produit\/main-art-nouveau\/","og_locale":"fr_FR","og_type":"article","og_title":"Main Art Nouveau - Le Grenier - brocante et am\u00e9nagement","og_description":"Main baguier en barbotine, agr\u00e9ment\u00e9 d\u2019une femme au chapeau, dans le style Art Nouveau  Belle pi\u00e8ce originale qui trouvera facilement sa place dans un int\u00e9rieur vintage ou m\u00eame moderne  sign\u00e9e au revers&nbsp;  Un coup peu visible au niveau du menton, voir photo  hauteur totale : 18cm  \u2014- exp\u00e9dition rapide et soign\u00e9e Mondial Relay ou Colissimo Retrait gratuit en boutique (Amiens)","og_url":"https:\/\/le-grenier.org\/index.php\/produit\/main-art-nouveau\/","og_site_name":"Le Grenier - brocante et am\u00e9nagement","article_modified_time":"2022-08-20T08:27:04+00:00","og_image":[{"width":1420,"height":1436,"url":"http:\/\/le-grenier.org\/wp-content\/uploads\/2022\/07\/AA4F485B-D9D3-487C-81E4-658397980B95.jpeg","type":"image\/jpeg"}],"twitter_card":"summary_large_image","schema":{"@context":"https:\/\/schema.org","@graph":[{"@type":"WebSite","@id":"https:\/\/le-grenier.org\/#website","url":"https:\/\/le-grenier.org\/","name":"Le Grenier - brocante et am\u00e9nagement","description":"","potentialAction":[{"@type":"SearchAction","target":{"@type":"EntryPoint","urlTemplate":"https:\/\/le-grenier.org\/?s={search_term_string}"},"query-input":"required name=search_term_string"}],"inLanguage":"fr-FR"},{"@type":"ImageObject","@id":"https:\/\/le-grenier.org\/index.php\/produit\/main-art-nouveau\/#primaryimage","inLanguage":"fr-FR","url":"https:\/\/le-grenier.org\/wp-content\/uploads\/2022\/07\/AA4F485B-D9D3-487C-81E4-658397980B95.jpeg","contentUrl":"https:\/\/le-grenier.org\/wp-content\/uploads\/2022\/07\/AA4F485B-D9D3-487C-81E4-658397980B95.jpeg","width":1420,"height":1436},{"@type":"WebPage","@id":"https:\/\/le-grenier.org\/index.php\/produit\/main-art-nouveau\/#webpage","url":"https:\/\/le-grenier.org\/index.php\/produit\/main-art-nouveau\/","name":"Main Art Nouveau - Le Grenier - brocante et am\u00e9nagement","isPartOf":{"@id":"https:\/\/le-grenier.org\/#website"},"primaryImageOfPage":{"@id":"https:\/\/le-grenier.org\/index.php\/produit\/main-art-nouveau\/#primaryimage"},"datePublished":"2022-07-10T06:33:16+00:00","dateModified":"2022-08-20T08:27:04+00:00","breadcrumb":{"@id":"https:\/\/le-grenier.org\/index.php\/produit\/main-art-nouveau\/#breadcrumb"},"inLanguage":"fr-FR","potentialAction":[{"@type":"ReadAction","target":["https:\/\/le-grenier.org\/index.php\/produit\/main-art-nouveau\/"]}]},{"@type":"BreadcrumbList","@id":"https:\/\/le-grenier.org\/index.php\/produit\/main-art-nouveau\/#breadcrumb","itemListElement":[{"@type":"ListItem","position":1,"name":"Accueil","item":"https:\/\/le-grenier.org\/"},{"@type":"ListItem","position":2,"name":"Boutique en ligne","item":"https:\/\/le-grenier.org\/"},{"@type":"ListItem","position":3,"name":"Main Art Nouveau"}]}]}},"_links":{"self":[{"href":"https:\/\/le-grenier.org\/index.php\/wp-json\/wp\/v2\/product\/52878"}],"collection":[{"href":"https:\/\/le-grenier.org\/index.php\/wp-json\/wp\/v2\/product"}],"about":[{"href":"https:\/\/le-grenier.org\/index.php\/wp-json\/wp\/v2\/types\/product"}],"wp:featuredmedia":[{"embeddable":true,"href":"https:\/\/le-grenier.org\/index.php\/wp-json\/wp\/v2\/media\/52922"}],"wp:attachment":[{"href":"https:\/\/le-grenier.org\/index.php\/wp-json\/wp\/v2\/media?parent=52878"}],"wp:term":[{"taxonomy":"product_cat","embeddable":true,"href":"https:\/\/le-grenier.org\/index.php\/wp-json\/wp\/v2\/product_cat?post=52878"},{"taxonomy":"product_tag","embeddable":true,"href":"https:\/\/le-grenier.org\/index.php\/wp-json\/wp\/v2\/product_tag?post=52878"}],"curies":[{"name":"wp","href":"https:\/\/api.w.org\/{rel}","templated":true}]}}

<p>Main baguier en barbotine, agrémenté d’une femme au chapeau, dans le style Art Nouveau</p>
<p>Belle pièce originale qui trouvera facilement sa place dans un intérieur vintage ou même moderne</p>
<p>signée au revers&nbsp;</p>
<p>Un coup peu visible au niveau du menton, voir photo</p>
<p>hauteur totale : 18cm</p>
<p>—-<br />
expédition rapide et soignée Mondial Relay ou Colissimo<br />
Retrait gratuit en boutique (Amiens)</p>

<!-- This site is optimized with the Yoast SEO plugin v17.9 - https://yoast.com/wordpress/plugins/seo/ -->
<title>Main Art Nouveau - Le Grenier - brocante et aménagement</title>
<meta name="robots" content="index, follow, max-snippet:-1, max-image-preview:large, max-video-preview:-1" />
<link rel="canonical" href="https://le-grenier.org/index.php/produit/main-art-nouveau/" />
<meta property="og:locale" content="fr_FR" />
<meta property="og:type" content="article" />
<meta property="og:title" content="Main Art Nouveau - Le Grenier - brocante et aménagement" />
<meta property="og:description" content="Main baguier en barbotine, agrémenté d’une femme au chapeau, dans le style Art Nouveau  Belle pièce originale qui trouvera facilement sa place dans un intérieur vintage ou même moderne  signée au revers&nbsp;  Un coup peu visible au niveau du menton, voir photo  hauteur totale : 18cm  —- expédition rapide et soignée Mondial Relay ou Colissimo Retrait gratuit en boutique (Amiens)" />
<meta property="og:url" content="https://le-grenier.org/index.php/produit/main-art-nouveau/" />
<meta property="og:site_name" content="Le Grenier - brocante et aménagement" />
<meta property="article:modified_time" content="2022-08-20T08:27:04+00:00" />
<meta property="og:image" content="http://le-grenier.org/wp-content/uploads/2022/07/AA4F485B-D9D3-487C-81E4-658397980B95.jpeg" />
	<meta property="og:image:width" content="1420" />
	<meta property="og:image:height" content="1436" />
	<meta property="og:image:type" content="image/jpeg" />
<meta name="twitter:card" content="summary_large_image" />
<script type="application/ld+json" class="yoast-schema-graph">{"@context":"https://schema.org","@graph":[{"@type":"WebSite","@id":"https://le-grenier.org/#website","url":"https://le-grenier.org/","name":"Le Grenier - brocante et am\u00e9nagement","description":"","potentialAction":[{"@type":"SearchAction","target":{"@type":"EntryPoint","urlTemplate":"https://le-grenier.org/?s={search_term_string}"},"query-input":"required name=search_term_string"}],"inLanguage":"fr-FR"},{"@type":"ImageObject","@id":"https://le-grenier.org/index.php/produit/main-art-nouveau/#primaryimage","inLanguage":"fr-FR","url":"https://le-grenier.org/wp-content/uploads/2022/07/AA4F485B-D9D3-487C-81E4-658397980B95.jpeg","contentUrl":"https://le-grenier.org/wp-content/uploads/2022/07/AA4F485B-D9D3-487C-81E4-658397980B95.jpeg","width":1420,"height":1436},{"@type":"WebPage","@id":"https://le-grenier.org/index.php/produit/main-art-nouveau/#webpage","url":"https://le-grenier.org/index.php/produit/main-art-nouveau/","name":"Main Art Nouveau - Le Grenier - brocante et am\u00e9nagement","isPartOf":{"@id":"https://le-grenier.org/#website"},"primaryImageOfPage":{"@id":"https://le-grenier.org/index.php/produit/main-art-nouveau/#primaryimage"},"datePublished":"2022-07-10T06:33:16+00:00","dateModified":"2022-08-20T08:27:04+00:00","breadcrumb":{"@id":"https://le-grenier.org/index.php/produit/main-art-nouveau/#breadcrumb"},"inLanguage":"fr-FR","potentialAction":[{"@type":"ReadAction","target":["https://le-grenier.org/index.php/produit/main-art-nouveau/"]}]},{"@type":"BreadcrumbList","@id":"https://le-grenier.org/index.php/produit/main-art-nouveau/#breadcrumb","itemListElement":[{"@type":"ListItem","position":1,"name":"Accueil","item":"https://le-grenier.org/"},{"@type":"ListItem","position":2,"name":"Boutique en ligne","item":"https://le-grenier.org/"},{"@type":"ListItem","position":3,"name":"Main Art Nouveau"}]}]}</script>
<!-- / Yoast SEO plugin. -->

Main Art Nouveau - Le Grenier - brocante et aménagement

Main baguier en barbotine, agrémenté d’une femme au chapeau, dans le style Art Nouveau  Belle pièce originale qui trouvera facilement sa place dans un intérieur vintage ou même moderne  signée au revers&nbsp;  Un coup peu visible au niveau du menton, voir photo  hauteur totale : 18cm  —- expédition rapide et soignée Mondial Relay ou Colissimo Retrait gratuit en boutique (Amiens)

Le Grenier - brocante et aménagement
