{"id":54194,"date":"2023-01-12T21:53:45","date_gmt":"2023-01-12T20:53:45","guid":{"rendered":"https:\/\/le-grenier.org\/?post_type=product&#038;p=54194"},"modified":"2026-01-13T11:36:41","modified_gmt":"2026-01-13T10:36:41","slug":"statue-terre-cuite","status":"publish","type":"product","link":"https:\/\/le-grenier.org\/index.php\/produit\/statue-terre-cuite\/","title":{"rendered":"Statue terre cuite"},"content":{"rendered":"","protected":false},"excerpt":{"rendered":"<p>Grande Statue en terre cuite repr\u00e9sentant un animal \u00e0 cornes<br \/>\nProvenance : Mexique \/ P\u00e9rou<\/p>\n<p>70cm de longueur<br \/>\n25cm de largeur<br \/>\n35cm de hauteur<\/p>\n","protected":false},"featured_media":54197,"template":"","meta":{"ngg_post_thumbnail":0},"product_cat":[38,61,58,23,30],"product_tag":[],"yoast_head":"<!-- This site is optimized with the Yoast SEO plugin v17.9 - https:\/\/yoast.com\/wordpress\/plugins\/seo\/ -->\n<title>Statue terre cuite - Le Grenier - brocante et am\u00e9nagement<\/title>\n<meta name=\"robots\" content=\"index, follow, max-snippet:-1, max-image-preview:large, max-video-preview:-1\" \/>\n<link rel=\"canonical\" href=\"https:\/\/le-grenier.org\/index.php\/produit\/statue-terre-cuite\/\" \/>\n<meta property=\"og:locale\" content=\"fr_FR\" \/>\n<meta property=\"og:type\" content=\"article\" \/>\n<meta property=\"og:title\" content=\"Statue terre cuite - Le Grenier - brocante et am\u00e9nagement\" \/>\n<meta property=\"og:description\" content=\"Grande Statue en terre cuite repr\u00e9sentant un animal \u00e0 cornes Provenance : Mexique \/ P\u00e9rou  70cm de longueur 25cm de largeur 35cm de hauteur\" \/>\n<meta property=\"og:url\" content=\"https:\/\/le-grenier.org\/index.php\/produit\/statue-terre-cuite\/\" \/>\n<meta property=\"og:site_name\" content=\"Le Grenier - brocante et am\u00e9nagement\" \/>\n<meta property=\"article:modified_time\" content=\"2026-01-13T10:36:41+00:00\" \/>\n<meta property=\"og:image\" content=\"http:\/\/le-grenier.org\/wp-content\/uploads\/2023\/01\/AED3145D-4A97-44D3-AD9F-7471FB9AA3E4.jpeg\" \/>\n\t<meta property=\"og:image:width\" content=\"1440\" \/>\n\t<meta property=\"og:image:height\" content=\"1440\" \/>\n\t<meta property=\"og:image:type\" content=\"image\/jpeg\" \/>\n<meta name=\"twitter:card\" content=\"summary_large_image\" \/>\n<script type=\"application\/ld+json\" class=\"yoast-schema-graph\">{\"@context\":\"https:\/\/schema.org\",\"@graph\":[{\"@type\":\"WebSite\",\"@id\":\"https:\/\/le-grenier.org\/#website\",\"url\":\"https:\/\/le-grenier.org\/\",\"name\":\"Le Grenier - brocante et am\\u00e9nagement\",\"description\":\"\",\"potentialAction\":[{\"@type\":\"SearchAction\",\"target\":{\"@type\":\"EntryPoint\",\"urlTemplate\":\"https:\/\/le-grenier.org\/?s={search_term_string}\"},\"query-input\":\"required name=search_term_string\"}],\"inLanguage\":\"fr-FR\"},{\"@type\":\"ImageObject\",\"@id\":\"https:\/\/le-grenier.org\/index.php\/produit\/statue-terre-cuite\/#primaryimage\",\"inLanguage\":\"fr-FR\",\"url\":\"https:\/\/le-grenier.org\/wp-content\/uploads\/2023\/01\/AED3145D-4A97-44D3-AD9F-7471FB9AA3E4.jpeg\",\"contentUrl\":\"https:\/\/le-grenier.org\/wp-content\/uploads\/2023\/01\/AED3145D-4A97-44D3-AD9F-7471FB9AA3E4.jpeg\",\"width\":1440,\"height\":1440},{\"@type\":\"WebPage\",\"@id\":\"https:\/\/le-grenier.org\/index.php\/produit\/statue-terre-cuite\/#webpage\",\"url\":\"https:\/\/le-grenier.org\/index.php\/produit\/statue-terre-cuite\/\",\"name\":\"Statue terre cuite - Le Grenier - brocante et am\\u00e9nagement\",\"isPartOf\":{\"@id\":\"https:\/\/le-grenier.org\/#website\"},\"primaryImageOfPage\":{\"@id\":\"https:\/\/le-grenier.org\/index.php\/produit\/statue-terre-cuite\/#primaryimage\"},\"datePublished\":\"2023-01-12T20:53:45+00:00\",\"dateModified\":\"2026-01-13T10:36:41+00:00\",\"breadcrumb\":{\"@id\":\"https:\/\/le-grenier.org\/index.php\/produit\/statue-terre-cuite\/#breadcrumb\"},\"inLanguage\":\"fr-FR\",\"potentialAction\":[{\"@type\":\"ReadAction\",\"target\":[\"https:\/\/le-grenier.org\/index.php\/produit\/statue-terre-cuite\/\"]}]},{\"@type\":\"BreadcrumbList\",\"@id\":\"https:\/\/le-grenier.org\/index.php\/produit\/statue-terre-cuite\/#breadcrumb\",\"itemListElement\":[{\"@type\":\"ListItem\",\"position\":1,\"name\":\"Accueil\",\"item\":\"https:\/\/le-grenier.org\/\"},{\"@type\":\"ListItem\",\"position\":2,\"name\":\"Boutique en ligne\",\"item\":\"https:\/\/le-grenier.org\/\"},{\"@type\":\"ListItem\",\"position\":3,\"name\":\"Statue terre cuite\"}]}]}<\/script>\n<!-- \/ Yoast SEO plugin. -->","yoast_head_json":{"title":"Statue terre cuite - Le Grenier - brocante et am\u00e9nagement","robots":{"index":"index","follow":"follow","max-snippet":"max-snippet:-1","max-image-preview":"max-image-preview:large","max-video-preview":"max-video-preview:-1"},"canonical":"https:\/\/le-grenier.org\/index.php\/produit\/statue-terre-cuite\/","og_locale":"fr_FR","og_type":"article","og_title":"Statue terre cuite - Le Grenier - brocante et am\u00e9nagement","og_description":"Grande Statue en terre cuite repr\u00e9sentant un animal \u00e0 cornes Provenance : Mexique \/ P\u00e9rou  70cm de longueur 25cm de largeur 35cm de hauteur","og_url":"https:\/\/le-grenier.org\/index.php\/produit\/statue-terre-cuite\/","og_site_name":"Le Grenier - brocante et am\u00e9nagement","article_modified_time":"2026-01-13T10:36:41+00:00","og_image":[{"width":1440,"height":1440,"url":"http:\/\/le-grenier.org\/wp-content\/uploads\/2023\/01\/AED3145D-4A97-44D3-AD9F-7471FB9AA3E4.jpeg","type":"image\/jpeg"}],"twitter_card":"summary_large_image","schema":{"@context":"https:\/\/schema.org","@graph":[{"@type":"WebSite","@id":"https:\/\/le-grenier.org\/#website","url":"https:\/\/le-grenier.org\/","name":"Le Grenier - brocante et am\u00e9nagement","description":"","potentialAction":[{"@type":"SearchAction","target":{"@type":"EntryPoint","urlTemplate":"https:\/\/le-grenier.org\/?s={search_term_string}"},"query-input":"required name=search_term_string"}],"inLanguage":"fr-FR"},{"@type":"ImageObject","@id":"https:\/\/le-grenier.org\/index.php\/produit\/statue-terre-cuite\/#primaryimage","inLanguage":"fr-FR","url":"https:\/\/le-grenier.org\/wp-content\/uploads\/2023\/01\/AED3145D-4A97-44D3-AD9F-7471FB9AA3E4.jpeg","contentUrl":"https:\/\/le-grenier.org\/wp-content\/uploads\/2023\/01\/AED3145D-4A97-44D3-AD9F-7471FB9AA3E4.jpeg","width":1440,"height":1440},{"@type":"WebPage","@id":"https:\/\/le-grenier.org\/index.php\/produit\/statue-terre-cuite\/#webpage","url":"https:\/\/le-grenier.org\/index.php\/produit\/statue-terre-cuite\/","name":"Statue terre cuite - Le Grenier - brocante et am\u00e9nagement","isPartOf":{"@id":"https:\/\/le-grenier.org\/#website"},"primaryImageOfPage":{"@id":"https:\/\/le-grenier.org\/index.php\/produit\/statue-terre-cuite\/#primaryimage"},"datePublished":"2023-01-12T20:53:45+00:00","dateModified":"2026-01-13T10:36:41+00:00","breadcrumb":{"@id":"https:\/\/le-grenier.org\/index.php\/produit\/statue-terre-cuite\/#breadcrumb"},"inLanguage":"fr-FR","potentialAction":[{"@type":"ReadAction","target":["https:\/\/le-grenier.org\/index.php\/produit\/statue-terre-cuite\/"]}]},{"@type":"BreadcrumbList","@id":"https:\/\/le-grenier.org\/index.php\/produit\/statue-terre-cuite\/#breadcrumb","itemListElement":[{"@type":"ListItem","position":1,"name":"Accueil","item":"https:\/\/le-grenier.org\/"},{"@type":"ListItem","position":2,"name":"Boutique en ligne","item":"https:\/\/le-grenier.org\/"},{"@type":"ListItem","position":3,"name":"Statue terre cuite"}]}]}},"_links":{"self":[{"href":"https:\/\/le-grenier.org\/index.php\/wp-json\/wp\/v2\/product\/54194"}],"collection":[{"href":"https:\/\/le-grenier.org\/index.php\/wp-json\/wp\/v2\/product"}],"about":[{"href":"https:\/\/le-grenier.org\/index.php\/wp-json\/wp\/v2\/types\/product"}],"wp:featuredmedia":[{"embeddable":true,"href":"https:\/\/le-grenier.org\/index.php\/wp-json\/wp\/v2\/media\/54197"}],"wp:attachment":[{"href":"https:\/\/le-grenier.org\/index.php\/wp-json\/wp\/v2\/media?parent=54194"}],"wp:term":[{"taxonomy":"product_cat","embeddable":true,"href":"https:\/\/le-grenier.org\/index.php\/wp-json\/wp\/v2\/product_cat?post=54194"},{"taxonomy":"product_tag","embeddable":true,"href":"https:\/\/le-grenier.org\/index.php\/wp-json\/wp\/v2\/product_tag?post=54194"}],"curies":[{"name":"wp","href":"https:\/\/api.w.org\/{rel}","templated":true}]}}

<p>Grande Statue en terre cuite représentant un animal à cornes<br />
Provenance : Mexique / Pérou</p>
<p>70cm de longueur<br />
25cm de largeur<br />
35cm de hauteur</p>

<!-- This site is optimized with the Yoast SEO plugin v17.9 - https://yoast.com/wordpress/plugins/seo/ -->
<title>Statue terre cuite - Le Grenier - brocante et aménagement</title>
<meta name="robots" content="index, follow, max-snippet:-1, max-image-preview:large, max-video-preview:-1" />
<link rel="canonical" href="https://le-grenier.org/index.php/produit/statue-terre-cuite/" />
<meta property="og:locale" content="fr_FR" />
<meta property="og:type" content="article" />
<meta property="og:title" content="Statue terre cuite - Le Grenier - brocante et aménagement" />
<meta property="og:description" content="Grande Statue en terre cuite représentant un animal à cornes Provenance : Mexique / Pérou  70cm de longueur 25cm de largeur 35cm de hauteur" />
<meta property="og:url" content="https://le-grenier.org/index.php/produit/statue-terre-cuite/" />
<meta property="og:site_name" content="Le Grenier - brocante et aménagement" />
<meta property="article:modified_time" content="2026-01-13T10:36:41+00:00" />
<meta property="og:image" content="http://le-grenier.org/wp-content/uploads/2023/01/AED3145D-4A97-44D3-AD9F-7471FB9AA3E4.jpeg" />
	<meta property="og:image:width" content="1440" />
	<meta property="og:image:height" content="1440" />
	<meta property="og:image:type" content="image/jpeg" />
<meta name="twitter:card" content="summary_large_image" />
<script type="application/ld+json" class="yoast-schema-graph">{"@context":"https://schema.org","@graph":[{"@type":"WebSite","@id":"https://le-grenier.org/#website","url":"https://le-grenier.org/","name":"Le Grenier - brocante et am\u00e9nagement","description":"","potentialAction":[{"@type":"SearchAction","target":{"@type":"EntryPoint","urlTemplate":"https://le-grenier.org/?s={search_term_string}"},"query-input":"required name=search_term_string"}],"inLanguage":"fr-FR"},{"@type":"ImageObject","@id":"https://le-grenier.org/index.php/produit/statue-terre-cuite/#primaryimage","inLanguage":"fr-FR","url":"https://le-grenier.org/wp-content/uploads/2023/01/AED3145D-4A97-44D3-AD9F-7471FB9AA3E4.jpeg","contentUrl":"https://le-grenier.org/wp-content/uploads/2023/01/AED3145D-4A97-44D3-AD9F-7471FB9AA3E4.jpeg","width":1440,"height":1440},{"@type":"WebPage","@id":"https://le-grenier.org/index.php/produit/statue-terre-cuite/#webpage","url":"https://le-grenier.org/index.php/produit/statue-terre-cuite/","name":"Statue terre cuite - Le Grenier - brocante et am\u00e9nagement","isPartOf":{"@id":"https://le-grenier.org/#website"},"primaryImageOfPage":{"@id":"https://le-grenier.org/index.php/produit/statue-terre-cuite/#primaryimage"},"datePublished":"2023-01-12T20:53:45+00:00","dateModified":"2026-01-13T10:36:41+00:00","breadcrumb":{"@id":"https://le-grenier.org/index.php/produit/statue-terre-cuite/#breadcrumb"},"inLanguage":"fr-FR","potentialAction":[{"@type":"ReadAction","target":["https://le-grenier.org/index.php/produit/statue-terre-cuite/"]}]},{"@type":"BreadcrumbList","@id":"https://le-grenier.org/index.php/produit/statue-terre-cuite/#breadcrumb","itemListElement":[{"@type":"ListItem","position":1,"name":"Accueil","item":"https://le-grenier.org/"},{"@type":"ListItem","position":2,"name":"Boutique en ligne","item":"https://le-grenier.org/"},{"@type":"ListItem","position":3,"name":"Statue terre cuite"}]}]}</script>
<!-- / Yoast SEO plugin. -->

Statue terre cuite - Le Grenier - brocante et aménagement

Grande Statue en terre cuite représentant un animal à cornes Provenance : Mexique / Pérou  70cm de longueur 25cm de largeur 35cm de hauteur

Le Grenier - brocante et aménagement
