{"id":55016,"date":"2023-06-12T12:37:57","date_gmt":"2023-06-12T10:37:57","guid":{"rendered":"https:\/\/le-grenier.org\/index.php\/produit\/tabouret-militaire\/"},"modified":"2023-07-16T11:26:58","modified_gmt":"2023-07-16T09:26:58","slug":"tabouret-militaire","status":"publish","type":"product","link":"https:\/\/le-grenier.org\/index.php\/produit\/tabouret-militaire\/","title":{"rendered":"Tabouret militaire"},"content":{"rendered":"<p>Initialement utilis\u00e9s \u00e0 l\u2019arm\u00e9e et \u00e0 la p\u00eache, ils s\u2019emmenent partout ! Ing\u00e9nieux, solides, et surtout tr\u00e8s tr\u00e8s beaux, ils se glissent \u00e0 merveille dans un coin pour supporter votre popotin ou une jolie plante \ud83c\udf31<\/p>\n<p>En derni\u00e8re photo, le tabouret militaire qui d\u00e9core ma chambre d\u2019amis.<\/p>\n<p>Ici \u00e0 la vente, un tabouret en bois et cuir<\/p>\n<p>Tr\u00e9pied pliable pour un gain de place maximum<\/p>\n<p>Vers 1950<\/p>\n<p>Coutures l\u00e9g\u00e8rement ab\u00eem\u00e9es par endroits<\/p>\n<p>Hauteur 46cm<\/p>\n<p>Diam\u00e8tre 30cm<\/p>\n","protected":false},"excerpt":{"rendered":"<p>Initialement utilis\u00e9s \u00e0 l\u2019arm\u00e9e et \u00e0 la p\u00eache, ils s\u2019emmenent partout ! Ing\u00e9nieux, solides, et surtout tr\u00e8s tr\u00e8s beaux, ils&hellip;<\/p>\n","protected":false},"featured_media":55018,"template":"","meta":{"ngg_post_thumbnail":0},"product_cat":[39,23,24],"product_tag":[],"yoast_head":"<!-- This site is optimized with the Yoast SEO plugin v17.9 - https:\/\/yoast.com\/wordpress\/plugins\/seo\/ -->\n<title>Tabouret militaire - Le Grenier - brocante et am\u00e9nagement<\/title>\n<meta name=\"robots\" content=\"index, follow, max-snippet:-1, max-image-preview:large, max-video-preview:-1\" \/>\n<link rel=\"canonical\" href=\"https:\/\/le-grenier.org\/index.php\/produit\/tabouret-militaire\/\" \/>\n<meta property=\"og:locale\" content=\"fr_FR\" \/>\n<meta property=\"og:type\" content=\"article\" \/>\n<meta property=\"og:title\" content=\"Tabouret militaire - Le Grenier - brocante et am\u00e9nagement\" \/>\n<meta property=\"og:description\" content=\"Initialement utilis\u00e9s \u00e0 l\u2019arm\u00e9e et \u00e0 la p\u00eache, ils s\u2019emmenent partout ! Ing\u00e9nieux, solides, et surtout tr\u00e8s tr\u00e8s beaux, ils&hellip;\" \/>\n<meta property=\"og:url\" content=\"https:\/\/le-grenier.org\/index.php\/produit\/tabouret-militaire\/\" \/>\n<meta property=\"og:site_name\" content=\"Le Grenier - brocante et am\u00e9nagement\" \/>\n<meta property=\"article:modified_time\" content=\"2023-07-16T09:26:58+00:00\" \/>\n<meta name=\"twitter:card\" content=\"summary_large_image\" \/>\n<script type=\"application\/ld+json\" class=\"yoast-schema-graph\">{\"@context\":\"https:\/\/schema.org\",\"@graph\":[{\"@type\":\"WebSite\",\"@id\":\"https:\/\/le-grenier.org\/#website\",\"url\":\"https:\/\/le-grenier.org\/\",\"name\":\"Le Grenier - brocante et am\\u00e9nagement\",\"description\":\"\",\"potentialAction\":[{\"@type\":\"SearchAction\",\"target\":{\"@type\":\"EntryPoint\",\"urlTemplate\":\"https:\/\/le-grenier.org\/?s={search_term_string}\"},\"query-input\":\"required name=search_term_string\"}],\"inLanguage\":\"fr-FR\"},{\"@type\":\"ImageObject\",\"@id\":\"https:\/\/le-grenier.org\/index.php\/produit\/tabouret-militaire\/#primaryimage\",\"inLanguage\":\"fr-FR\",\"url\":\"https:\/\/le-grenier.org\/wp-content\/uploads\/2023\/06\/img_0584.jpeg\",\"contentUrl\":\"https:\/\/le-grenier.org\/wp-content\/uploads\/2023\/06\/img_0584.jpeg\",\"width\":828,\"height\":1117},{\"@type\":\"WebPage\",\"@id\":\"https:\/\/le-grenier.org\/index.php\/produit\/tabouret-militaire\/#webpage\",\"url\":\"https:\/\/le-grenier.org\/index.php\/produit\/tabouret-militaire\/\",\"name\":\"Tabouret militaire - Le Grenier - brocante et am\\u00e9nagement\",\"isPartOf\":{\"@id\":\"https:\/\/le-grenier.org\/#website\"},\"primaryImageOfPage\":{\"@id\":\"https:\/\/le-grenier.org\/index.php\/produit\/tabouret-militaire\/#primaryimage\"},\"datePublished\":\"2023-06-12T10:37:57+00:00\",\"dateModified\":\"2023-07-16T09:26:58+00:00\",\"breadcrumb\":{\"@id\":\"https:\/\/le-grenier.org\/index.php\/produit\/tabouret-militaire\/#breadcrumb\"},\"inLanguage\":\"fr-FR\",\"potentialAction\":[{\"@type\":\"ReadAction\",\"target\":[\"https:\/\/le-grenier.org\/index.php\/produit\/tabouret-militaire\/\"]}]},{\"@type\":\"BreadcrumbList\",\"@id\":\"https:\/\/le-grenier.org\/index.php\/produit\/tabouret-militaire\/#breadcrumb\",\"itemListElement\":[{\"@type\":\"ListItem\",\"position\":1,\"name\":\"Accueil\",\"item\":\"https:\/\/le-grenier.org\/\"},{\"@type\":\"ListItem\",\"position\":2,\"name\":\"Boutique en ligne\",\"item\":\"https:\/\/le-grenier.org\/\"},{\"@type\":\"ListItem\",\"position\":3,\"name\":\"Tabouret militaire\"}]}]}<\/script>\n<!-- \/ Yoast SEO plugin. -->","yoast_head_json":{"title":"Tabouret militaire - Le Grenier - brocante et am\u00e9nagement","robots":{"index":"index","follow":"follow","max-snippet":"max-snippet:-1","max-image-preview":"max-image-preview:large","max-video-preview":"max-video-preview:-1"},"canonical":"https:\/\/le-grenier.org\/index.php\/produit\/tabouret-militaire\/","og_locale":"fr_FR","og_type":"article","og_title":"Tabouret militaire - Le Grenier - brocante et am\u00e9nagement","og_description":"Initialement utilis\u00e9s \u00e0 l\u2019arm\u00e9e et \u00e0 la p\u00eache, ils s\u2019emmenent partout ! Ing\u00e9nieux, solides, et surtout tr\u00e8s tr\u00e8s beaux, ils&hellip;","og_url":"https:\/\/le-grenier.org\/index.php\/produit\/tabouret-militaire\/","og_site_name":"Le Grenier - brocante et am\u00e9nagement","article_modified_time":"2023-07-16T09:26:58+00:00","twitter_card":"summary_large_image","schema":{"@context":"https:\/\/schema.org","@graph":[{"@type":"WebSite","@id":"https:\/\/le-grenier.org\/#website","url":"https:\/\/le-grenier.org\/","name":"Le Grenier - brocante et am\u00e9nagement","description":"","potentialAction":[{"@type":"SearchAction","target":{"@type":"EntryPoint","urlTemplate":"https:\/\/le-grenier.org\/?s={search_term_string}"},"query-input":"required name=search_term_string"}],"inLanguage":"fr-FR"},{"@type":"ImageObject","@id":"https:\/\/le-grenier.org\/index.php\/produit\/tabouret-militaire\/#primaryimage","inLanguage":"fr-FR","url":"https:\/\/le-grenier.org\/wp-content\/uploads\/2023\/06\/img_0584.jpeg","contentUrl":"https:\/\/le-grenier.org\/wp-content\/uploads\/2023\/06\/img_0584.jpeg","width":828,"height":1117},{"@type":"WebPage","@id":"https:\/\/le-grenier.org\/index.php\/produit\/tabouret-militaire\/#webpage","url":"https:\/\/le-grenier.org\/index.php\/produit\/tabouret-militaire\/","name":"Tabouret militaire - Le Grenier - brocante et am\u00e9nagement","isPartOf":{"@id":"https:\/\/le-grenier.org\/#website"},"primaryImageOfPage":{"@id":"https:\/\/le-grenier.org\/index.php\/produit\/tabouret-militaire\/#primaryimage"},"datePublished":"2023-06-12T10:37:57+00:00","dateModified":"2023-07-16T09:26:58+00:00","breadcrumb":{"@id":"https:\/\/le-grenier.org\/index.php\/produit\/tabouret-militaire\/#breadcrumb"},"inLanguage":"fr-FR","potentialAction":[{"@type":"ReadAction","target":["https:\/\/le-grenier.org\/index.php\/produit\/tabouret-militaire\/"]}]},{"@type":"BreadcrumbList","@id":"https:\/\/le-grenier.org\/index.php\/produit\/tabouret-militaire\/#breadcrumb","itemListElement":[{"@type":"ListItem","position":1,"name":"Accueil","item":"https:\/\/le-grenier.org\/"},{"@type":"ListItem","position":2,"name":"Boutique en ligne","item":"https:\/\/le-grenier.org\/"},{"@type":"ListItem","position":3,"name":"Tabouret militaire"}]}]}},"_links":{"self":[{"href":"https:\/\/le-grenier.org\/index.php\/wp-json\/wp\/v2\/product\/55016"}],"collection":[{"href":"https:\/\/le-grenier.org\/index.php\/wp-json\/wp\/v2\/product"}],"about":[{"href":"https:\/\/le-grenier.org\/index.php\/wp-json\/wp\/v2\/types\/product"}],"wp:featuredmedia":[{"embeddable":true,"href":"https:\/\/le-grenier.org\/index.php\/wp-json\/wp\/v2\/media\/55018"}],"wp:attachment":[{"href":"https:\/\/le-grenier.org\/index.php\/wp-json\/wp\/v2\/media?parent=55016"}],"wp:term":[{"taxonomy":"product_cat","embeddable":true,"href":"https:\/\/le-grenier.org\/index.php\/wp-json\/wp\/v2\/product_cat?post=55016"},{"taxonomy":"product_tag","embeddable":true,"href":"https:\/\/le-grenier.org\/index.php\/wp-json\/wp\/v2\/product_tag?post=55016"}],"curies":[{"name":"wp","href":"https:\/\/api.w.org\/{rel}","templated":true}]}}

<p>Initialement utilisés à l’armée et à la pêche, ils s’emmenent partout ! Ingénieux, solides, et surtout très très beaux, ils se glissent à merveille dans un coin pour supporter votre popotin ou une jolie plante 🌱</p>
<p>En dernière photo, le tabouret militaire qui décore ma chambre d’amis.</p>
<p>Ici à la vente, un tabouret en bois et cuir</p>
<p>Trépied pliable pour un gain de place maximum</p>
<p>Vers 1950</p>
<p>Coutures légèrement abîmées par endroits</p>
<p>Hauteur 46cm</p>
<p>Diamètre 30cm</p>

<p>Initialement utilisés à l’armée et à la pêche, ils s’emmenent partout ! Ingénieux, solides, et surtout très très beaux, ils&hellip;</p>

<!-- This site is optimized with the Yoast SEO plugin v17.9 - https://yoast.com/wordpress/plugins/seo/ -->
<title>Tabouret militaire - Le Grenier - brocante et aménagement</title>
<meta name="robots" content="index, follow, max-snippet:-1, max-image-preview:large, max-video-preview:-1" />
<link rel="canonical" href="https://le-grenier.org/index.php/produit/tabouret-militaire/" />
<meta property="og:locale" content="fr_FR" />
<meta property="og:type" content="article" />
<meta property="og:title" content="Tabouret militaire - Le Grenier - brocante et aménagement" />
<meta property="og:description" content="Initialement utilisés à l’armée et à la pêche, ils s’emmenent partout ! Ingénieux, solides, et surtout très très beaux, ils&hellip;" />
<meta property="og:url" content="https://le-grenier.org/index.php/produit/tabouret-militaire/" />
<meta property="og:site_name" content="Le Grenier - brocante et aménagement" />
<meta property="article:modified_time" content="2023-07-16T09:26:58+00:00" />
<meta name="twitter:card" content="summary_large_image" />
<script type="application/ld+json" class="yoast-schema-graph">{"@context":"https://schema.org","@graph":[{"@type":"WebSite","@id":"https://le-grenier.org/#website","url":"https://le-grenier.org/","name":"Le Grenier - brocante et am\u00e9nagement","description":"","potentialAction":[{"@type":"SearchAction","target":{"@type":"EntryPoint","urlTemplate":"https://le-grenier.org/?s={search_term_string}"},"query-input":"required name=search_term_string"}],"inLanguage":"fr-FR"},{"@type":"ImageObject","@id":"https://le-grenier.org/index.php/produit/tabouret-militaire/#primaryimage","inLanguage":"fr-FR","url":"https://le-grenier.org/wp-content/uploads/2023/06/img_0584.jpeg","contentUrl":"https://le-grenier.org/wp-content/uploads/2023/06/img_0584.jpeg","width":828,"height":1117},{"@type":"WebPage","@id":"https://le-grenier.org/index.php/produit/tabouret-militaire/#webpage","url":"https://le-grenier.org/index.php/produit/tabouret-militaire/","name":"Tabouret militaire - Le Grenier - brocante et am\u00e9nagement","isPartOf":{"@id":"https://le-grenier.org/#website"},"primaryImageOfPage":{"@id":"https://le-grenier.org/index.php/produit/tabouret-militaire/#primaryimage"},"datePublished":"2023-06-12T10:37:57+00:00","dateModified":"2023-07-16T09:26:58+00:00","breadcrumb":{"@id":"https://le-grenier.org/index.php/produit/tabouret-militaire/#breadcrumb"},"inLanguage":"fr-FR","potentialAction":[{"@type":"ReadAction","target":["https://le-grenier.org/index.php/produit/tabouret-militaire/"]}]},{"@type":"BreadcrumbList","@id":"https://le-grenier.org/index.php/produit/tabouret-militaire/#breadcrumb","itemListElement":[{"@type":"ListItem","position":1,"name":"Accueil","item":"https://le-grenier.org/"},{"@type":"ListItem","position":2,"name":"Boutique en ligne","item":"https://le-grenier.org/"},{"@type":"ListItem","position":3,"name":"Tabouret militaire"}]}]}</script>
<!-- / Yoast SEO plugin. -->

Tabouret militaire - Le Grenier - brocante et aménagement

Initialement utilisés à l’armée et à la pêche, ils s’emmenent partout ! Ingénieux, solides, et surtout très très beaux, ils&hellip;

Le Grenier - brocante et aménagement
