{"id":55782,"date":"2023-10-23T09:50:13","date_gmt":"2023-10-23T07:50:13","guid":{"rendered":"https:\/\/le-grenier.org\/index.php\/produit\/banc-de-ferme-13\/"},"modified":"2023-10-23T09:50:33","modified_gmt":"2023-10-23T07:50:33","slug":"banc-de-ferme-13","status":"publish","type":"product","link":"https:\/\/le-grenier.org\/index.php\/produit\/banc-de-ferme-13\/","title":{"rendered":"Banc de ferme"},"content":{"rendered":"<p>Ancien Banc de ferme en pin massif<\/p>\n<p>210m de longueur<\/p>\n<p>28cm de profondeur<\/p>\n<p>47 cm de hauteur<\/p>\n<p>Travail artisanal, assemblage par embo\u00eetage, renforts m\u00e9tal aux pieds<\/p>\n<p>Il a \u00e9t\u00e9 enti\u00e8rement r\u00e9nov\u00e9 par mes soins :<\/p>\n<p>-pon\u00e7age<\/p>\n<p>&#8211; traitement contre les insectes xylophages (il reste de nombreuses veinures dans le bois, qui en font son authenticit\u00e9 et son charme)<\/p>\n<p>&#8211; blanchissement au badigeon couleur ficelle pour lui donner une belle patine (voir photo 5)<\/p>\n<p>&#8211; finition cire couleur ch\u00eane dor\u00e9<\/p>\n<p>A utiliser en d\u00e9co ou renforcer les pieds avec des \u00e9querres pour l\u2019utiliser comme assise<\/p>\n<p>En derni\u00e8re photo : avant d\u2019\u00eatre restaur\u00e9<\/p>\n","protected":false},"excerpt":{"rendered":"<p>Ancien Banc de ferme en pin massif 210m de longueur 28cm de profondeur 47 cm de hauteur Travail artisanal, assemblage&hellip;<\/p>\n","protected":false},"featured_media":55783,"template":"","meta":{"ngg_post_thumbnail":0},"product_cat":[40,23],"product_tag":[],"yoast_head":"<!-- This site is optimized with the Yoast SEO plugin v17.9 - https:\/\/yoast.com\/wordpress\/plugins\/seo\/ -->\n<title>Banc de ferme - Le Grenier - brocante et am\u00e9nagement<\/title>\n<meta name=\"robots\" content=\"index, follow, max-snippet:-1, max-image-preview:large, max-video-preview:-1\" \/>\n<link rel=\"canonical\" href=\"https:\/\/le-grenier.org\/index.php\/produit\/banc-de-ferme-13\/\" \/>\n<meta property=\"og:locale\" content=\"fr_FR\" \/>\n<meta property=\"og:type\" content=\"article\" \/>\n<meta property=\"og:title\" content=\"Banc de ferme - Le Grenier - brocante et am\u00e9nagement\" \/>\n<meta property=\"og:description\" content=\"Ancien Banc de ferme en pin massif 210m de longueur 28cm de profondeur 47 cm de hauteur Travail artisanal, assemblage&hellip;\" \/>\n<meta property=\"og:url\" content=\"https:\/\/le-grenier.org\/index.php\/produit\/banc-de-ferme-13\/\" \/>\n<meta property=\"og:site_name\" content=\"Le Grenier - brocante et am\u00e9nagement\" \/>\n<meta property=\"article:modified_time\" content=\"2023-10-23T07:50:33+00:00\" \/>\n<meta name=\"twitter:card\" content=\"summary_large_image\" \/>\n<meta name=\"twitter:label1\" content=\"Dur\u00e9e de lecture estim\u00e9e\" \/>\n\t<meta name=\"twitter:data1\" content=\"1 minute\" \/>\n<script type=\"application\/ld+json\" class=\"yoast-schema-graph\">{\"@context\":\"https:\/\/schema.org\",\"@graph\":[{\"@type\":\"WebSite\",\"@id\":\"https:\/\/le-grenier.org\/#website\",\"url\":\"https:\/\/le-grenier.org\/\",\"name\":\"Le Grenier - brocante et am\\u00e9nagement\",\"description\":\"\",\"potentialAction\":[{\"@type\":\"SearchAction\",\"target\":{\"@type\":\"EntryPoint\",\"urlTemplate\":\"https:\/\/le-grenier.org\/?s={search_term_string}\"},\"query-input\":\"required name=search_term_string\"}],\"inLanguage\":\"fr-FR\"},{\"@type\":\"ImageObject\",\"@id\":\"https:\/\/le-grenier.org\/index.php\/produit\/banc-de-ferme-13\/#primaryimage\",\"inLanguage\":\"fr-FR\",\"url\":\"https:\/\/le-grenier.org\/wp-content\/uploads\/2023\/10\/img_2819.jpeg\",\"contentUrl\":\"https:\/\/le-grenier.org\/wp-content\/uploads\/2023\/10\/img_2819.jpeg\",\"width\":828,\"height\":909},{\"@type\":\"WebPage\",\"@id\":\"https:\/\/le-grenier.org\/index.php\/produit\/banc-de-ferme-13\/#webpage\",\"url\":\"https:\/\/le-grenier.org\/index.php\/produit\/banc-de-ferme-13\/\",\"name\":\"Banc de ferme - Le Grenier - brocante et am\\u00e9nagement\",\"isPartOf\":{\"@id\":\"https:\/\/le-grenier.org\/#website\"},\"primaryImageOfPage\":{\"@id\":\"https:\/\/le-grenier.org\/index.php\/produit\/banc-de-ferme-13\/#primaryimage\"},\"datePublished\":\"2023-10-23T07:50:13+00:00\",\"dateModified\":\"2023-10-23T07:50:33+00:00\",\"breadcrumb\":{\"@id\":\"https:\/\/le-grenier.org\/index.php\/produit\/banc-de-ferme-13\/#breadcrumb\"},\"inLanguage\":\"fr-FR\",\"potentialAction\":[{\"@type\":\"ReadAction\",\"target\":[\"https:\/\/le-grenier.org\/index.php\/produit\/banc-de-ferme-13\/\"]}]},{\"@type\":\"BreadcrumbList\",\"@id\":\"https:\/\/le-grenier.org\/index.php\/produit\/banc-de-ferme-13\/#breadcrumb\",\"itemListElement\":[{\"@type\":\"ListItem\",\"position\":1,\"name\":\"Accueil\",\"item\":\"https:\/\/le-grenier.org\/\"},{\"@type\":\"ListItem\",\"position\":2,\"name\":\"Boutique en ligne\",\"item\":\"https:\/\/le-grenier.org\/\"},{\"@type\":\"ListItem\",\"position\":3,\"name\":\"Banc de ferme\"}]}]}<\/script>\n<!-- \/ Yoast SEO plugin. -->","yoast_head_json":{"title":"Banc de ferme - Le Grenier - brocante et am\u00e9nagement","robots":{"index":"index","follow":"follow","max-snippet":"max-snippet:-1","max-image-preview":"max-image-preview:large","max-video-preview":"max-video-preview:-1"},"canonical":"https:\/\/le-grenier.org\/index.php\/produit\/banc-de-ferme-13\/","og_locale":"fr_FR","og_type":"article","og_title":"Banc de ferme - Le Grenier - brocante et am\u00e9nagement","og_description":"Ancien Banc de ferme en pin massif 210m de longueur 28cm de profondeur 47 cm de hauteur Travail artisanal, assemblage&hellip;","og_url":"https:\/\/le-grenier.org\/index.php\/produit\/banc-de-ferme-13\/","og_site_name":"Le Grenier - brocante et am\u00e9nagement","article_modified_time":"2023-10-23T07:50:33+00:00","twitter_card":"summary_large_image","twitter_misc":{"Dur\u00e9e de lecture estim\u00e9e":"1 minute"},"schema":{"@context":"https:\/\/schema.org","@graph":[{"@type":"WebSite","@id":"https:\/\/le-grenier.org\/#website","url":"https:\/\/le-grenier.org\/","name":"Le Grenier - brocante et am\u00e9nagement","description":"","potentialAction":[{"@type":"SearchAction","target":{"@type":"EntryPoint","urlTemplate":"https:\/\/le-grenier.org\/?s={search_term_string}"},"query-input":"required name=search_term_string"}],"inLanguage":"fr-FR"},{"@type":"ImageObject","@id":"https:\/\/le-grenier.org\/index.php\/produit\/banc-de-ferme-13\/#primaryimage","inLanguage":"fr-FR","url":"https:\/\/le-grenier.org\/wp-content\/uploads\/2023\/10\/img_2819.jpeg","contentUrl":"https:\/\/le-grenier.org\/wp-content\/uploads\/2023\/10\/img_2819.jpeg","width":828,"height":909},{"@type":"WebPage","@id":"https:\/\/le-grenier.org\/index.php\/produit\/banc-de-ferme-13\/#webpage","url":"https:\/\/le-grenier.org\/index.php\/produit\/banc-de-ferme-13\/","name":"Banc de ferme - Le Grenier - brocante et am\u00e9nagement","isPartOf":{"@id":"https:\/\/le-grenier.org\/#website"},"primaryImageOfPage":{"@id":"https:\/\/le-grenier.org\/index.php\/produit\/banc-de-ferme-13\/#primaryimage"},"datePublished":"2023-10-23T07:50:13+00:00","dateModified":"2023-10-23T07:50:33+00:00","breadcrumb":{"@id":"https:\/\/le-grenier.org\/index.php\/produit\/banc-de-ferme-13\/#breadcrumb"},"inLanguage":"fr-FR","potentialAction":[{"@type":"ReadAction","target":["https:\/\/le-grenier.org\/index.php\/produit\/banc-de-ferme-13\/"]}]},{"@type":"BreadcrumbList","@id":"https:\/\/le-grenier.org\/index.php\/produit\/banc-de-ferme-13\/#breadcrumb","itemListElement":[{"@type":"ListItem","position":1,"name":"Accueil","item":"https:\/\/le-grenier.org\/"},{"@type":"ListItem","position":2,"name":"Boutique en ligne","item":"https:\/\/le-grenier.org\/"},{"@type":"ListItem","position":3,"name":"Banc de ferme"}]}]}},"_links":{"self":[{"href":"https:\/\/le-grenier.org\/index.php\/wp-json\/wp\/v2\/product\/55782"}],"collection":[{"href":"https:\/\/le-grenier.org\/index.php\/wp-json\/wp\/v2\/product"}],"about":[{"href":"https:\/\/le-grenier.org\/index.php\/wp-json\/wp\/v2\/types\/product"}],"wp:featuredmedia":[{"embeddable":true,"href":"https:\/\/le-grenier.org\/index.php\/wp-json\/wp\/v2\/media\/55783"}],"wp:attachment":[{"href":"https:\/\/le-grenier.org\/index.php\/wp-json\/wp\/v2\/media?parent=55782"}],"wp:term":[{"taxonomy":"product_cat","embeddable":true,"href":"https:\/\/le-grenier.org\/index.php\/wp-json\/wp\/v2\/product_cat?post=55782"},{"taxonomy":"product_tag","embeddable":true,"href":"https:\/\/le-grenier.org\/index.php\/wp-json\/wp\/v2\/product_tag?post=55782"}],"curies":[{"name":"wp","href":"https:\/\/api.w.org\/{rel}","templated":true}]}}

<p>Ancien Banc de ferme en pin massif</p>
<p>210m de longueur</p>
<p>28cm de profondeur</p>
<p>47 cm de hauteur</p>
<p>Travail artisanal, assemblage par emboîtage, renforts métal aux pieds</p>
<p>Il a été entièrement rénové par mes soins :</p>
<p>-ponçage</p>
<p>&#8211; traitement contre les insectes xylophages (il reste de nombreuses veinures dans le bois, qui en font son authenticité et son charme)</p>
<p>&#8211; blanchissement au badigeon couleur ficelle pour lui donner une belle patine (voir photo 5)</p>
<p>&#8211; finition cire couleur chêne doré</p>
<p>A utiliser en déco ou renforcer les pieds avec des équerres pour l’utiliser comme assise</p>
<p>En dernière photo : avant d’être restauré</p>

<!-- This site is optimized with the Yoast SEO plugin v17.9 - https://yoast.com/wordpress/plugins/seo/ -->
<title>Banc de ferme - Le Grenier - brocante et aménagement</title>
<meta name="robots" content="index, follow, max-snippet:-1, max-image-preview:large, max-video-preview:-1" />
<link rel="canonical" href="https://le-grenier.org/index.php/produit/banc-de-ferme-13/" />
<meta property="og:locale" content="fr_FR" />
<meta property="og:type" content="article" />
<meta property="og:title" content="Banc de ferme - Le Grenier - brocante et aménagement" />
<meta property="og:description" content="Ancien Banc de ferme en pin massif 210m de longueur 28cm de profondeur 47 cm de hauteur Travail artisanal, assemblage&hellip;" />
<meta property="og:url" content="https://le-grenier.org/index.php/produit/banc-de-ferme-13/" />
<meta property="og:site_name" content="Le Grenier - brocante et aménagement" />
<meta property="article:modified_time" content="2023-10-23T07:50:33+00:00" />
<meta name="twitter:card" content="summary_large_image" />
<meta name="twitter:label1" content="Durée de lecture estimée" />
	<meta name="twitter:data1" content="1 minute" />
<script type="application/ld+json" class="yoast-schema-graph">{"@context":"https://schema.org","@graph":[{"@type":"WebSite","@id":"https://le-grenier.org/#website","url":"https://le-grenier.org/","name":"Le Grenier - brocante et am\u00e9nagement","description":"","potentialAction":[{"@type":"SearchAction","target":{"@type":"EntryPoint","urlTemplate":"https://le-grenier.org/?s={search_term_string}"},"query-input":"required name=search_term_string"}],"inLanguage":"fr-FR"},{"@type":"ImageObject","@id":"https://le-grenier.org/index.php/produit/banc-de-ferme-13/#primaryimage","inLanguage":"fr-FR","url":"https://le-grenier.org/wp-content/uploads/2023/10/img_2819.jpeg","contentUrl":"https://le-grenier.org/wp-content/uploads/2023/10/img_2819.jpeg","width":828,"height":909},{"@type":"WebPage","@id":"https://le-grenier.org/index.php/produit/banc-de-ferme-13/#webpage","url":"https://le-grenier.org/index.php/produit/banc-de-ferme-13/","name":"Banc de ferme - Le Grenier - brocante et am\u00e9nagement","isPartOf":{"@id":"https://le-grenier.org/#website"},"primaryImageOfPage":{"@id":"https://le-grenier.org/index.php/produit/banc-de-ferme-13/#primaryimage"},"datePublished":"2023-10-23T07:50:13+00:00","dateModified":"2023-10-23T07:50:33+00:00","breadcrumb":{"@id":"https://le-grenier.org/index.php/produit/banc-de-ferme-13/#breadcrumb"},"inLanguage":"fr-FR","potentialAction":[{"@type":"ReadAction","target":["https://le-grenier.org/index.php/produit/banc-de-ferme-13/"]}]},{"@type":"BreadcrumbList","@id":"https://le-grenier.org/index.php/produit/banc-de-ferme-13/#breadcrumb","itemListElement":[{"@type":"ListItem","position":1,"name":"Accueil","item":"https://le-grenier.org/"},{"@type":"ListItem","position":2,"name":"Boutique en ligne","item":"https://le-grenier.org/"},{"@type":"ListItem","position":3,"name":"Banc de ferme"}]}]}</script>
<!-- / Yoast SEO plugin. -->

Banc de ferme - Le Grenier - brocante et aménagement

Le Grenier - brocante et aménagement
