{"id":55873,"date":"2023-11-06T09:32:49","date_gmt":"2023-11-06T08:32:49","guid":{"rendered":"https:\/\/le-grenier.org\/index.php\/produit\/coupelle-banane\/"},"modified":"2023-11-27T14:20:40","modified_gmt":"2023-11-27T13:20:40","slug":"coupelle-banane","status":"publish","type":"product","link":"https:\/\/le-grenier.org\/index.php\/produit\/coupelle-banane\/","title":{"rendered":"Coupelle banane"},"content":{"rendered":"<p>Vide poche ou coupelle banane en c\u00e9ramique \u00e9maill\u00e9e jaune et noire<\/p>\n<p>Sigl\u00e9 West Germany et num\u00e9rot\u00e9 au revers<\/p>\n<p>Vers 1960<\/p>\n<p>Design intemporel tr\u00e8s en vogue<\/p>\n<p>Excellent \u00e9tat<\/p>\n<p>26 cm de longueur<\/p>\n<p>10cm de largeur<\/p>\n<p>3,5cm de hauteur<\/p>\n<p>2 exemplaires disponibles \/ prix \u00e0 l&rsquo;unit\u00e9<\/p>\n","protected":false},"excerpt":{"rendered":"<p>Vide poche ou coupelle banane en c\u00e9ramique \u00e9maill\u00e9e jaune et noire Sigl\u00e9 West Germany et num\u00e9rot\u00e9 au revers Vers 1960&hellip;<\/p>\n","protected":false},"featured_media":55874,"template":"","meta":{"ngg_post_thumbnail":0},"product_cat":[60,58,53,46],"product_tag":[],"yoast_head":"<!-- This site is optimized with the Yoast SEO plugin v17.9 - https:\/\/yoast.com\/wordpress\/plugins\/seo\/ -->\n<title>Coupelle banane - Le Grenier - brocante et am\u00e9nagement<\/title>\n<meta name=\"robots\" content=\"index, follow, max-snippet:-1, max-image-preview:large, max-video-preview:-1\" \/>\n<link rel=\"canonical\" href=\"https:\/\/le-grenier.org\/index.php\/produit\/coupelle-banane\/\" \/>\n<meta property=\"og:locale\" content=\"fr_FR\" \/>\n<meta property=\"og:type\" content=\"article\" \/>\n<meta property=\"og:title\" content=\"Coupelle banane - Le Grenier - brocante et am\u00e9nagement\" \/>\n<meta property=\"og:description\" content=\"Vide poche ou coupelle banane en c\u00e9ramique \u00e9maill\u00e9e jaune et noire Sigl\u00e9 West Germany et num\u00e9rot\u00e9 au revers Vers 1960&hellip;\" \/>\n<meta property=\"og:url\" content=\"https:\/\/le-grenier.org\/index.php\/produit\/coupelle-banane\/\" \/>\n<meta property=\"og:site_name\" content=\"Le Grenier - brocante et am\u00e9nagement\" \/>\n<meta property=\"article:modified_time\" content=\"2023-11-27T13:20:40+00:00\" \/>\n<meta property=\"og:image\" content=\"https:\/\/le-grenier.org\/wp-content\/uploads\/2023\/11\/img_3034.jpeg\" \/>\n\t<meta property=\"og:image:width\" content=\"828\" \/>\n\t<meta property=\"og:image:height\" content=\"766\" \/>\n\t<meta property=\"og:image:type\" content=\"image\/jpeg\" \/>\n<meta name=\"twitter:card\" content=\"summary_large_image\" \/>\n<script type=\"application\/ld+json\" class=\"yoast-schema-graph\">{\"@context\":\"https:\/\/schema.org\",\"@graph\":[{\"@type\":\"WebSite\",\"@id\":\"https:\/\/le-grenier.org\/#website\",\"url\":\"https:\/\/le-grenier.org\/\",\"name\":\"Le Grenier - brocante et am\\u00e9nagement\",\"description\":\"\",\"potentialAction\":[{\"@type\":\"SearchAction\",\"target\":{\"@type\":\"EntryPoint\",\"urlTemplate\":\"https:\/\/le-grenier.org\/?s={search_term_string}\"},\"query-input\":\"required name=search_term_string\"}],\"inLanguage\":\"fr-FR\"},{\"@type\":\"ImageObject\",\"@id\":\"https:\/\/le-grenier.org\/index.php\/produit\/coupelle-banane\/#primaryimage\",\"inLanguage\":\"fr-FR\",\"url\":\"https:\/\/le-grenier.org\/wp-content\/uploads\/2023\/11\/img_3034.jpeg\",\"contentUrl\":\"https:\/\/le-grenier.org\/wp-content\/uploads\/2023\/11\/img_3034.jpeg\",\"width\":828,\"height\":766},{\"@type\":\"WebPage\",\"@id\":\"https:\/\/le-grenier.org\/index.php\/produit\/coupelle-banane\/#webpage\",\"url\":\"https:\/\/le-grenier.org\/index.php\/produit\/coupelle-banane\/\",\"name\":\"Coupelle banane - Le Grenier - brocante et am\\u00e9nagement\",\"isPartOf\":{\"@id\":\"https:\/\/le-grenier.org\/#website\"},\"primaryImageOfPage\":{\"@id\":\"https:\/\/le-grenier.org\/index.php\/produit\/coupelle-banane\/#primaryimage\"},\"datePublished\":\"2023-11-06T08:32:49+00:00\",\"dateModified\":\"2023-11-27T13:20:40+00:00\",\"breadcrumb\":{\"@id\":\"https:\/\/le-grenier.org\/index.php\/produit\/coupelle-banane\/#breadcrumb\"},\"inLanguage\":\"fr-FR\",\"potentialAction\":[{\"@type\":\"ReadAction\",\"target\":[\"https:\/\/le-grenier.org\/index.php\/produit\/coupelle-banane\/\"]}]},{\"@type\":\"BreadcrumbList\",\"@id\":\"https:\/\/le-grenier.org\/index.php\/produit\/coupelle-banane\/#breadcrumb\",\"itemListElement\":[{\"@type\":\"ListItem\",\"position\":1,\"name\":\"Accueil\",\"item\":\"https:\/\/le-grenier.org\/\"},{\"@type\":\"ListItem\",\"position\":2,\"name\":\"Boutique en ligne\",\"item\":\"https:\/\/le-grenier.org\/\"},{\"@type\":\"ListItem\",\"position\":3,\"name\":\"Coupelle banane\"}]}]}<\/script>\n<!-- \/ Yoast SEO plugin. -->","yoast_head_json":{"title":"Coupelle banane - Le Grenier - brocante et am\u00e9nagement","robots":{"index":"index","follow":"follow","max-snippet":"max-snippet:-1","max-image-preview":"max-image-preview:large","max-video-preview":"max-video-preview:-1"},"canonical":"https:\/\/le-grenier.org\/index.php\/produit\/coupelle-banane\/","og_locale":"fr_FR","og_type":"article","og_title":"Coupelle banane - Le Grenier - brocante et am\u00e9nagement","og_description":"Vide poche ou coupelle banane en c\u00e9ramique \u00e9maill\u00e9e jaune et noire Sigl\u00e9 West Germany et num\u00e9rot\u00e9 au revers Vers 1960&hellip;","og_url":"https:\/\/le-grenier.org\/index.php\/produit\/coupelle-banane\/","og_site_name":"Le Grenier - brocante et am\u00e9nagement","article_modified_time":"2023-11-27T13:20:40+00:00","og_image":[{"width":828,"height":766,"url":"https:\/\/le-grenier.org\/wp-content\/uploads\/2023\/11\/img_3034.jpeg","type":"image\/jpeg"}],"twitter_card":"summary_large_image","schema":{"@context":"https:\/\/schema.org","@graph":[{"@type":"WebSite","@id":"https:\/\/le-grenier.org\/#website","url":"https:\/\/le-grenier.org\/","name":"Le Grenier - brocante et am\u00e9nagement","description":"","potentialAction":[{"@type":"SearchAction","target":{"@type":"EntryPoint","urlTemplate":"https:\/\/le-grenier.org\/?s={search_term_string}"},"query-input":"required name=search_term_string"}],"inLanguage":"fr-FR"},{"@type":"ImageObject","@id":"https:\/\/le-grenier.org\/index.php\/produit\/coupelle-banane\/#primaryimage","inLanguage":"fr-FR","url":"https:\/\/le-grenier.org\/wp-content\/uploads\/2023\/11\/img_3034.jpeg","contentUrl":"https:\/\/le-grenier.org\/wp-content\/uploads\/2023\/11\/img_3034.jpeg","width":828,"height":766},{"@type":"WebPage","@id":"https:\/\/le-grenier.org\/index.php\/produit\/coupelle-banane\/#webpage","url":"https:\/\/le-grenier.org\/index.php\/produit\/coupelle-banane\/","name":"Coupelle banane - Le Grenier - brocante et am\u00e9nagement","isPartOf":{"@id":"https:\/\/le-grenier.org\/#website"},"primaryImageOfPage":{"@id":"https:\/\/le-grenier.org\/index.php\/produit\/coupelle-banane\/#primaryimage"},"datePublished":"2023-11-06T08:32:49+00:00","dateModified":"2023-11-27T13:20:40+00:00","breadcrumb":{"@id":"https:\/\/le-grenier.org\/index.php\/produit\/coupelle-banane\/#breadcrumb"},"inLanguage":"fr-FR","potentialAction":[{"@type":"ReadAction","target":["https:\/\/le-grenier.org\/index.php\/produit\/coupelle-banane\/"]}]},{"@type":"BreadcrumbList","@id":"https:\/\/le-grenier.org\/index.php\/produit\/coupelle-banane\/#breadcrumb","itemListElement":[{"@type":"ListItem","position":1,"name":"Accueil","item":"https:\/\/le-grenier.org\/"},{"@type":"ListItem","position":2,"name":"Boutique en ligne","item":"https:\/\/le-grenier.org\/"},{"@type":"ListItem","position":3,"name":"Coupelle banane"}]}]}},"_links":{"self":[{"href":"https:\/\/le-grenier.org\/index.php\/wp-json\/wp\/v2\/product\/55873"}],"collection":[{"href":"https:\/\/le-grenier.org\/index.php\/wp-json\/wp\/v2\/product"}],"about":[{"href":"https:\/\/le-grenier.org\/index.php\/wp-json\/wp\/v2\/types\/product"}],"wp:featuredmedia":[{"embeddable":true,"href":"https:\/\/le-grenier.org\/index.php\/wp-json\/wp\/v2\/media\/55874"}],"wp:attachment":[{"href":"https:\/\/le-grenier.org\/index.php\/wp-json\/wp\/v2\/media?parent=55873"}],"wp:term":[{"taxonomy":"product_cat","embeddable":true,"href":"https:\/\/le-grenier.org\/index.php\/wp-json\/wp\/v2\/product_cat?post=55873"},{"taxonomy":"product_tag","embeddable":true,"href":"https:\/\/le-grenier.org\/index.php\/wp-json\/wp\/v2\/product_tag?post=55873"}],"curies":[{"name":"wp","href":"https:\/\/api.w.org\/{rel}","templated":true}]}}

<p>Vide poche ou coupelle banane en céramique émaillée jaune et noire</p>
<p>Siglé West Germany et numéroté au revers</p>
<p>Vers 1960</p>
<p>Design intemporel très en vogue</p>
<p>Excellent état</p>
<p>26 cm de longueur</p>
<p>10cm de largeur</p>
<p>3,5cm de hauteur</p>
<p>2 exemplaires disponibles / prix à l&rsquo;unité</p>

<p>Vide poche ou coupelle banane en céramique émaillée jaune et noire Siglé West Germany et numéroté au revers Vers 1960&hellip;</p>

<!-- This site is optimized with the Yoast SEO plugin v17.9 - https://yoast.com/wordpress/plugins/seo/ -->
<title>Coupelle banane - Le Grenier - brocante et aménagement</title>
<meta name="robots" content="index, follow, max-snippet:-1, max-image-preview:large, max-video-preview:-1" />
<link rel="canonical" href="https://le-grenier.org/index.php/produit/coupelle-banane/" />
<meta property="og:locale" content="fr_FR" />
<meta property="og:type" content="article" />
<meta property="og:title" content="Coupelle banane - Le Grenier - brocante et aménagement" />
<meta property="og:description" content="Vide poche ou coupelle banane en céramique émaillée jaune et noire Siglé West Germany et numéroté au revers Vers 1960&hellip;" />
<meta property="og:url" content="https://le-grenier.org/index.php/produit/coupelle-banane/" />
<meta property="og:site_name" content="Le Grenier - brocante et aménagement" />
<meta property="article:modified_time" content="2023-11-27T13:20:40+00:00" />
<meta property="og:image" content="https://le-grenier.org/wp-content/uploads/2023/11/img_3034.jpeg" />
	<meta property="og:image:width" content="828" />
	<meta property="og:image:height" content="766" />
	<meta property="og:image:type" content="image/jpeg" />
<meta name="twitter:card" content="summary_large_image" />
<script type="application/ld+json" class="yoast-schema-graph">{"@context":"https://schema.org","@graph":[{"@type":"WebSite","@id":"https://le-grenier.org/#website","url":"https://le-grenier.org/","name":"Le Grenier - brocante et am\u00e9nagement","description":"","potentialAction":[{"@type":"SearchAction","target":{"@type":"EntryPoint","urlTemplate":"https://le-grenier.org/?s={search_term_string}"},"query-input":"required name=search_term_string"}],"inLanguage":"fr-FR"},{"@type":"ImageObject","@id":"https://le-grenier.org/index.php/produit/coupelle-banane/#primaryimage","inLanguage":"fr-FR","url":"https://le-grenier.org/wp-content/uploads/2023/11/img_3034.jpeg","contentUrl":"https://le-grenier.org/wp-content/uploads/2023/11/img_3034.jpeg","width":828,"height":766},{"@type":"WebPage","@id":"https://le-grenier.org/index.php/produit/coupelle-banane/#webpage","url":"https://le-grenier.org/index.php/produit/coupelle-banane/","name":"Coupelle banane - Le Grenier - brocante et am\u00e9nagement","isPartOf":{"@id":"https://le-grenier.org/#website"},"primaryImageOfPage":{"@id":"https://le-grenier.org/index.php/produit/coupelle-banane/#primaryimage"},"datePublished":"2023-11-06T08:32:49+00:00","dateModified":"2023-11-27T13:20:40+00:00","breadcrumb":{"@id":"https://le-grenier.org/index.php/produit/coupelle-banane/#breadcrumb"},"inLanguage":"fr-FR","potentialAction":[{"@type":"ReadAction","target":["https://le-grenier.org/index.php/produit/coupelle-banane/"]}]},{"@type":"BreadcrumbList","@id":"https://le-grenier.org/index.php/produit/coupelle-banane/#breadcrumb","itemListElement":[{"@type":"ListItem","position":1,"name":"Accueil","item":"https://le-grenier.org/"},{"@type":"ListItem","position":2,"name":"Boutique en ligne","item":"https://le-grenier.org/"},{"@type":"ListItem","position":3,"name":"Coupelle banane"}]}]}</script>
<!-- / Yoast SEO plugin. -->

Coupelle banane - Le Grenier - brocante et aménagement

Vide poche ou coupelle banane en céramique émaillée jaune et noire Siglé West Germany et numéroté au revers Vers 1960&hellip;

Le Grenier - brocante et aménagement
