{"id":56311,"date":"2024-03-14T16:10:02","date_gmt":"2024-03-14T15:10:02","guid":{"rendered":"https:\/\/le-grenier.org\/index.php\/produit\/tasse-a-cafe\/"},"modified":"2024-03-21T16:17:57","modified_gmt":"2024-03-21T15:17:57","slug":"tasse-a-cafe","status":"publish","type":"product","link":"https:\/\/le-grenier.org\/index.php\/produit\/tasse-a-cafe\/","title":{"rendered":"Tasse \u00e0 caf\u00e9"},"content":{"rendered":"<p>Tasse artisanale en terre cuite \u00e9maill\u00e9e<\/p>\n<p>Dans les tons bleus et bruns<\/p>\n<p>Fabriqu\u00e9e en France \u00e0 la Poterie de la Colombe<\/p>\n<p>Excellent \u00e9tat<\/p>\n<p>Hauteur 11cm<\/p>\n<p>Diam\u00e8tre 11cm<\/p>\n<p>La Poterie de la Colombe, est un atelier de c\u00e9ramique cr\u00e9\u00e9e et produite dans les ann\u00e9es 50\/60 par Madeleine Brault \u00e0 Orriule dans les Pyr\u00e9n\u00e9es-Atlantiques. Nous aimons tout particuli\u00e8rement l\u2019\u00e9l\u00e9gance que lui conf\u00e8re son c\u00f4t\u00e9 brut et \u00e9pur\u00e9 \u00e0 la fois. Production aujourd\u2019hui arr\u00eat\u00e9e.<\/p>\n<p>La poterie de la Colombe se distingue  par son gr\u00e8s \u00e9maill\u00e9 et les motifs abstraits tachistes qui la caract\u00e9risent. Il existe \u00e9galement une ligne aux motifs plus na\u00effs repr\u00e9sentant une femme dans un jardin, style tr\u00e8s caract\u00e9ristique de la fin des ann\u00e9es 70. La grande partie de la production se d\u00e9cline dans des teintes ocres, gr\u00e8ge mastic et les fameuses t\u00e2ches color\u00e9es d\u2019un beau kaki ou marron fonc\u00e9. On retrouve \u00e9galement des \u00ab&nbsp;bleus&nbsp;\u00bb dont son fameux bleu de chine inspir\u00e9 de la c\u00e9ramique orientale.<\/p>\n<p>Sign\u00e9e en creux du nom de l\u2019atelier ou par une colombe au tampon, la majeure partie de la fabrication \u00e9tait culinaire: services \u00e0 caf\u00e9, gobelets, assiettes, caquelons, vide-poches ou vases que l\u2019on peut trouver aujourd\u2019hui chez les brocanteurs et sites sp\u00e9cialis\u00e9s. La Colombe a longtemps \u00e9t\u00e9 associ\u00e9e \u00e0 Vallauris car la majeure partie de sa production \u00e9tait vendue sur ce c\u00e9l\u00e8bre site, mais les c\u00e9ramiques ont bien \u00e9t\u00e9 produites dans les Pyr\u00e9n\u00e9es-Atlantiques dans le village d\u2019Orriule. Aujourd\u2019hui, la production est arr\u00eat\u00e9e et le fils de Madeleine Brault a cr\u00e9e un atelier, Formes et d\u00e9cors c\u00e9ramiques, sp\u00e9cialis\u00e9 dans les \u00ab&nbsp;chromos&nbsp;\u00bb pour c\u00e9ramique.<\/p>\n","protected":false},"excerpt":{"rendered":"<p>Tasse artisanale en terre cuite \u00e9maill\u00e9e Dans les tons bleus et bruns Fabriqu\u00e9e en France \u00e0 la Poterie de la&hellip;<\/p>\n","protected":false},"featured_media":56319,"template":"","meta":{"ngg_post_thumbnail":0},"product_cat":[38,60,46,27],"product_tag":[],"yoast_head":"<!-- This site is optimized with the Yoast SEO plugin v17.9 - https:\/\/yoast.com\/wordpress\/plugins\/seo\/ -->\n<title>Tasse \u00e0 caf\u00e9 - Le Grenier - brocante et am\u00e9nagement<\/title>\n<meta name=\"robots\" content=\"index, follow, max-snippet:-1, max-image-preview:large, max-video-preview:-1\" \/>\n<link rel=\"canonical\" href=\"https:\/\/le-grenier.org\/index.php\/produit\/tasse-a-cafe\/\" \/>\n<meta property=\"og:locale\" content=\"fr_FR\" \/>\n<meta property=\"og:type\" content=\"article\" \/>\n<meta property=\"og:title\" content=\"Tasse \u00e0 caf\u00e9 - Le Grenier - brocante et am\u00e9nagement\" \/>\n<meta property=\"og:description\" content=\"Tasse artisanale en terre cuite \u00e9maill\u00e9e Dans les tons bleus et bruns Fabriqu\u00e9e en France \u00e0 la Poterie de la&hellip;\" \/>\n<meta property=\"og:url\" content=\"https:\/\/le-grenier.org\/index.php\/produit\/tasse-a-cafe\/\" \/>\n<meta property=\"og:site_name\" content=\"Le Grenier - brocante et am\u00e9nagement\" \/>\n<meta property=\"article:modified_time\" content=\"2024-03-21T15:17:57+00:00\" \/>\n<meta name=\"twitter:card\" content=\"summary_large_image\" \/>\n<meta name=\"twitter:label1\" content=\"Dur\u00e9e de lecture estim\u00e9e\" \/>\n\t<meta name=\"twitter:data1\" content=\"2 minutes\" \/>\n<script type=\"application\/ld+json\" class=\"yoast-schema-graph\">{\"@context\":\"https:\/\/schema.org\",\"@graph\":[{\"@type\":\"WebSite\",\"@id\":\"https:\/\/le-grenier.org\/#website\",\"url\":\"https:\/\/le-grenier.org\/\",\"name\":\"Le Grenier - brocante et am\\u00e9nagement\",\"description\":\"\",\"potentialAction\":[{\"@type\":\"SearchAction\",\"target\":{\"@type\":\"EntryPoint\",\"urlTemplate\":\"https:\/\/le-grenier.org\/?s={search_term_string}\"},\"query-input\":\"required name=search_term_string\"}],\"inLanguage\":\"fr-FR\"},{\"@type\":\"ImageObject\",\"@id\":\"https:\/\/le-grenier.org\/index.php\/produit\/tasse-a-cafe\/#primaryimage\",\"inLanguage\":\"fr-FR\",\"url\":\"https:\/\/le-grenier.org\/wp-content\/uploads\/2024\/03\/img_5082.jpeg\",\"contentUrl\":\"https:\/\/le-grenier.org\/wp-content\/uploads\/2024\/03\/img_5082.jpeg\",\"width\":828,\"height\":943},{\"@type\":\"WebPage\",\"@id\":\"https:\/\/le-grenier.org\/index.php\/produit\/tasse-a-cafe\/#webpage\",\"url\":\"https:\/\/le-grenier.org\/index.php\/produit\/tasse-a-cafe\/\",\"name\":\"Tasse \\u00e0 caf\\u00e9 - Le Grenier - brocante et am\\u00e9nagement\",\"isPartOf\":{\"@id\":\"https:\/\/le-grenier.org\/#website\"},\"primaryImageOfPage\":{\"@id\":\"https:\/\/le-grenier.org\/index.php\/produit\/tasse-a-cafe\/#primaryimage\"},\"datePublished\":\"2024-03-14T15:10:02+00:00\",\"dateModified\":\"2024-03-21T15:17:57+00:00\",\"breadcrumb\":{\"@id\":\"https:\/\/le-grenier.org\/index.php\/produit\/tasse-a-cafe\/#breadcrumb\"},\"inLanguage\":\"fr-FR\",\"potentialAction\":[{\"@type\":\"ReadAction\",\"target\":[\"https:\/\/le-grenier.org\/index.php\/produit\/tasse-a-cafe\/\"]}]},{\"@type\":\"BreadcrumbList\",\"@id\":\"https:\/\/le-grenier.org\/index.php\/produit\/tasse-a-cafe\/#breadcrumb\",\"itemListElement\":[{\"@type\":\"ListItem\",\"position\":1,\"name\":\"Accueil\",\"item\":\"https:\/\/le-grenier.org\/\"},{\"@type\":\"ListItem\",\"position\":2,\"name\":\"Boutique en ligne\",\"item\":\"https:\/\/le-grenier.org\/\"},{\"@type\":\"ListItem\",\"position\":3,\"name\":\"Tasse \\u00e0 caf\\u00e9\"}]}]}<\/script>\n<!-- \/ Yoast SEO plugin. -->","yoast_head_json":{"title":"Tasse \u00e0 caf\u00e9 - Le Grenier - brocante et am\u00e9nagement","robots":{"index":"index","follow":"follow","max-snippet":"max-snippet:-1","max-image-preview":"max-image-preview:large","max-video-preview":"max-video-preview:-1"},"canonical":"https:\/\/le-grenier.org\/index.php\/produit\/tasse-a-cafe\/","og_locale":"fr_FR","og_type":"article","og_title":"Tasse \u00e0 caf\u00e9 - Le Grenier - brocante et am\u00e9nagement","og_description":"Tasse artisanale en terre cuite \u00e9maill\u00e9e Dans les tons bleus et bruns Fabriqu\u00e9e en France \u00e0 la Poterie de la&hellip;","og_url":"https:\/\/le-grenier.org\/index.php\/produit\/tasse-a-cafe\/","og_site_name":"Le Grenier - brocante et am\u00e9nagement","article_modified_time":"2024-03-21T15:17:57+00:00","twitter_card":"summary_large_image","twitter_misc":{"Dur\u00e9e de lecture estim\u00e9e":"2 minutes"},"schema":{"@context":"https:\/\/schema.org","@graph":[{"@type":"WebSite","@id":"https:\/\/le-grenier.org\/#website","url":"https:\/\/le-grenier.org\/","name":"Le Grenier - brocante et am\u00e9nagement","description":"","potentialAction":[{"@type":"SearchAction","target":{"@type":"EntryPoint","urlTemplate":"https:\/\/le-grenier.org\/?s={search_term_string}"},"query-input":"required name=search_term_string"}],"inLanguage":"fr-FR"},{"@type":"ImageObject","@id":"https:\/\/le-grenier.org\/index.php\/produit\/tasse-a-cafe\/#primaryimage","inLanguage":"fr-FR","url":"https:\/\/le-grenier.org\/wp-content\/uploads\/2024\/03\/img_5082.jpeg","contentUrl":"https:\/\/le-grenier.org\/wp-content\/uploads\/2024\/03\/img_5082.jpeg","width":828,"height":943},{"@type":"WebPage","@id":"https:\/\/le-grenier.org\/index.php\/produit\/tasse-a-cafe\/#webpage","url":"https:\/\/le-grenier.org\/index.php\/produit\/tasse-a-cafe\/","name":"Tasse \u00e0 caf\u00e9 - Le Grenier - brocante et am\u00e9nagement","isPartOf":{"@id":"https:\/\/le-grenier.org\/#website"},"primaryImageOfPage":{"@id":"https:\/\/le-grenier.org\/index.php\/produit\/tasse-a-cafe\/#primaryimage"},"datePublished":"2024-03-14T15:10:02+00:00","dateModified":"2024-03-21T15:17:57+00:00","breadcrumb":{"@id":"https:\/\/le-grenier.org\/index.php\/produit\/tasse-a-cafe\/#breadcrumb"},"inLanguage":"fr-FR","potentialAction":[{"@type":"ReadAction","target":["https:\/\/le-grenier.org\/index.php\/produit\/tasse-a-cafe\/"]}]},{"@type":"BreadcrumbList","@id":"https:\/\/le-grenier.org\/index.php\/produit\/tasse-a-cafe\/#breadcrumb","itemListElement":[{"@type":"ListItem","position":1,"name":"Accueil","item":"https:\/\/le-grenier.org\/"},{"@type":"ListItem","position":2,"name":"Boutique en ligne","item":"https:\/\/le-grenier.org\/"},{"@type":"ListItem","position":3,"name":"Tasse \u00e0 caf\u00e9"}]}]}},"_links":{"self":[{"href":"https:\/\/le-grenier.org\/index.php\/wp-json\/wp\/v2\/product\/56311"}],"collection":[{"href":"https:\/\/le-grenier.org\/index.php\/wp-json\/wp\/v2\/product"}],"about":[{"href":"https:\/\/le-grenier.org\/index.php\/wp-json\/wp\/v2\/types\/product"}],"wp:featuredmedia":[{"embeddable":true,"href":"https:\/\/le-grenier.org\/index.php\/wp-json\/wp\/v2\/media\/56319"}],"wp:attachment":[{"href":"https:\/\/le-grenier.org\/index.php\/wp-json\/wp\/v2\/media?parent=56311"}],"wp:term":[{"taxonomy":"product_cat","embeddable":true,"href":"https:\/\/le-grenier.org\/index.php\/wp-json\/wp\/v2\/product_cat?post=56311"},{"taxonomy":"product_tag","embeddable":true,"href":"https:\/\/le-grenier.org\/index.php\/wp-json\/wp\/v2\/product_tag?post=56311"}],"curies":[{"name":"wp","href":"https:\/\/api.w.org\/{rel}","templated":true}]}}