{"id":56589,"date":"2024-05-14T15:25:27","date_gmt":"2024-05-14T13:25:27","guid":{"rendered":"https:\/\/le-grenier.org\/index.php\/produit\/theiere-fruits\/"},"modified":"2024-05-16T09:26:40","modified_gmt":"2024-05-16T07:26:40","slug":"theiere-fruits","status":"publish","type":"product","link":"https:\/\/le-grenier.org\/index.php\/produit\/theiere-fruits\/","title":{"rendered":"Th\u00e9i\u00e8re fruits"},"content":{"rendered":"<p>Th\u00e9i\u00e8re fruits vintage<\/p>\n<p>Pour 2 personnes environ<\/p>\n<p>Hauteur 15cm<\/p>\n<p>Longueur 23cm<\/p>\n<p>Excellent \u00e9tat<\/p>\n","protected":false},"excerpt":{"rendered":"<p>Th\u00e9i\u00e8re fruits vintage Pour 2 personnes environ Hauteur 15cm Longueur 23cm Excellent \u00e9tat<\/p>\n","protected":false},"featured_media":56599,"template":"","meta":{"ngg_post_thumbnail":0},"product_cat":[23],"product_tag":[],"yoast_head":"<!-- This site is optimized with the Yoast SEO plugin v17.9 - https:\/\/yoast.com\/wordpress\/plugins\/seo\/ -->\n<title>Th\u00e9i\u00e8re fruits - Le Grenier - brocante et am\u00e9nagement<\/title>\n<meta name=\"robots\" content=\"index, follow, max-snippet:-1, max-image-preview:large, max-video-preview:-1\" \/>\n<link rel=\"canonical\" href=\"https:\/\/le-grenier.org\/index.php\/produit\/theiere-fruits\/\" \/>\n<meta property=\"og:locale\" content=\"fr_FR\" \/>\n<meta property=\"og:type\" content=\"article\" \/>\n<meta property=\"og:title\" content=\"Th\u00e9i\u00e8re fruits - Le Grenier - brocante et am\u00e9nagement\" \/>\n<meta property=\"og:description\" content=\"Th\u00e9i\u00e8re fruits vintage Pour 2 personnes environ Hauteur 15cm Longueur 23cm Excellent \u00e9tat\" \/>\n<meta property=\"og:url\" content=\"https:\/\/le-grenier.org\/index.php\/produit\/theiere-fruits\/\" \/>\n<meta property=\"og:site_name\" content=\"Le Grenier - brocante et am\u00e9nagement\" \/>\n<meta property=\"article:modified_time\" content=\"2024-05-16T07:26:40+00:00\" \/>\n<meta name=\"twitter:card\" content=\"summary_large_image\" \/>\n<script type=\"application\/ld+json\" class=\"yoast-schema-graph\">{\"@context\":\"https:\/\/schema.org\",\"@graph\":[{\"@type\":\"WebSite\",\"@id\":\"https:\/\/le-grenier.org\/#website\",\"url\":\"https:\/\/le-grenier.org\/\",\"name\":\"Le Grenier - brocante et am\\u00e9nagement\",\"description\":\"\",\"potentialAction\":[{\"@type\":\"SearchAction\",\"target\":{\"@type\":\"EntryPoint\",\"urlTemplate\":\"https:\/\/le-grenier.org\/?s={search_term_string}\"},\"query-input\":\"required name=search_term_string\"}],\"inLanguage\":\"fr-FR\"},{\"@type\":\"ImageObject\",\"@id\":\"https:\/\/le-grenier.org\/index.php\/produit\/theiere-fruits\/#primaryimage\",\"inLanguage\":\"fr-FR\",\"url\":\"https:\/\/le-grenier.org\/wp-content\/uploads\/2024\/05\/img_6051.jpeg\",\"contentUrl\":\"https:\/\/le-grenier.org\/wp-content\/uploads\/2024\/05\/img_6051.jpeg\",\"width\":828,\"height\":882},{\"@type\":\"WebPage\",\"@id\":\"https:\/\/le-grenier.org\/index.php\/produit\/theiere-fruits\/#webpage\",\"url\":\"https:\/\/le-grenier.org\/index.php\/produit\/theiere-fruits\/\",\"name\":\"Th\\u00e9i\\u00e8re fruits - Le Grenier - brocante et am\\u00e9nagement\",\"isPartOf\":{\"@id\":\"https:\/\/le-grenier.org\/#website\"},\"primaryImageOfPage\":{\"@id\":\"https:\/\/le-grenier.org\/index.php\/produit\/theiere-fruits\/#primaryimage\"},\"datePublished\":\"2024-05-14T13:25:27+00:00\",\"dateModified\":\"2024-05-16T07:26:40+00:00\",\"breadcrumb\":{\"@id\":\"https:\/\/le-grenier.org\/index.php\/produit\/theiere-fruits\/#breadcrumb\"},\"inLanguage\":\"fr-FR\",\"potentialAction\":[{\"@type\":\"ReadAction\",\"target\":[\"https:\/\/le-grenier.org\/index.php\/produit\/theiere-fruits\/\"]}]},{\"@type\":\"BreadcrumbList\",\"@id\":\"https:\/\/le-grenier.org\/index.php\/produit\/theiere-fruits\/#breadcrumb\",\"itemListElement\":[{\"@type\":\"ListItem\",\"position\":1,\"name\":\"Accueil\",\"item\":\"https:\/\/le-grenier.org\/\"},{\"@type\":\"ListItem\",\"position\":2,\"name\":\"Boutique en ligne\",\"item\":\"https:\/\/le-grenier.org\/\"},{\"@type\":\"ListItem\",\"position\":3,\"name\":\"Th\\u00e9i\\u00e8re fruits\"}]}]}<\/script>\n<!-- \/ Yoast SEO plugin. -->","yoast_head_json":{"title":"Th\u00e9i\u00e8re fruits - Le Grenier - brocante et am\u00e9nagement","robots":{"index":"index","follow":"follow","max-snippet":"max-snippet:-1","max-image-preview":"max-image-preview:large","max-video-preview":"max-video-preview:-1"},"canonical":"https:\/\/le-grenier.org\/index.php\/produit\/theiere-fruits\/","og_locale":"fr_FR","og_type":"article","og_title":"Th\u00e9i\u00e8re fruits - Le Grenier - brocante et am\u00e9nagement","og_description":"Th\u00e9i\u00e8re fruits vintage Pour 2 personnes environ Hauteur 15cm Longueur 23cm Excellent \u00e9tat","og_url":"https:\/\/le-grenier.org\/index.php\/produit\/theiere-fruits\/","og_site_name":"Le Grenier - brocante et am\u00e9nagement","article_modified_time":"2024-05-16T07:26:40+00:00","twitter_card":"summary_large_image","schema":{"@context":"https:\/\/schema.org","@graph":[{"@type":"WebSite","@id":"https:\/\/le-grenier.org\/#website","url":"https:\/\/le-grenier.org\/","name":"Le Grenier - brocante et am\u00e9nagement","description":"","potentialAction":[{"@type":"SearchAction","target":{"@type":"EntryPoint","urlTemplate":"https:\/\/le-grenier.org\/?s={search_term_string}"},"query-input":"required name=search_term_string"}],"inLanguage":"fr-FR"},{"@type":"ImageObject","@id":"https:\/\/le-grenier.org\/index.php\/produit\/theiere-fruits\/#primaryimage","inLanguage":"fr-FR","url":"https:\/\/le-grenier.org\/wp-content\/uploads\/2024\/05\/img_6051.jpeg","contentUrl":"https:\/\/le-grenier.org\/wp-content\/uploads\/2024\/05\/img_6051.jpeg","width":828,"height":882},{"@type":"WebPage","@id":"https:\/\/le-grenier.org\/index.php\/produit\/theiere-fruits\/#webpage","url":"https:\/\/le-grenier.org\/index.php\/produit\/theiere-fruits\/","name":"Th\u00e9i\u00e8re fruits - Le Grenier - brocante et am\u00e9nagement","isPartOf":{"@id":"https:\/\/le-grenier.org\/#website"},"primaryImageOfPage":{"@id":"https:\/\/le-grenier.org\/index.php\/produit\/theiere-fruits\/#primaryimage"},"datePublished":"2024-05-14T13:25:27+00:00","dateModified":"2024-05-16T07:26:40+00:00","breadcrumb":{"@id":"https:\/\/le-grenier.org\/index.php\/produit\/theiere-fruits\/#breadcrumb"},"inLanguage":"fr-FR","potentialAction":[{"@type":"ReadAction","target":["https:\/\/le-grenier.org\/index.php\/produit\/theiere-fruits\/"]}]},{"@type":"BreadcrumbList","@id":"https:\/\/le-grenier.org\/index.php\/produit\/theiere-fruits\/#breadcrumb","itemListElement":[{"@type":"ListItem","position":1,"name":"Accueil","item":"https:\/\/le-grenier.org\/"},{"@type":"ListItem","position":2,"name":"Boutique en ligne","item":"https:\/\/le-grenier.org\/"},{"@type":"ListItem","position":3,"name":"Th\u00e9i\u00e8re fruits"}]}]}},"_links":{"self":[{"href":"https:\/\/le-grenier.org\/index.php\/wp-json\/wp\/v2\/product\/56589"}],"collection":[{"href":"https:\/\/le-grenier.org\/index.php\/wp-json\/wp\/v2\/product"}],"about":[{"href":"https:\/\/le-grenier.org\/index.php\/wp-json\/wp\/v2\/types\/product"}],"wp:featuredmedia":[{"embeddable":true,"href":"https:\/\/le-grenier.org\/index.php\/wp-json\/wp\/v2\/media\/56599"}],"wp:attachment":[{"href":"https:\/\/le-grenier.org\/index.php\/wp-json\/wp\/v2\/media?parent=56589"}],"wp:term":[{"taxonomy":"product_cat","embeddable":true,"href":"https:\/\/le-grenier.org\/index.php\/wp-json\/wp\/v2\/product_cat?post=56589"},{"taxonomy":"product_tag","embeddable":true,"href":"https:\/\/le-grenier.org\/index.php\/wp-json\/wp\/v2\/product_tag?post=56589"}],"curies":[{"name":"wp","href":"https:\/\/api.w.org\/{rel}","templated":true}]}}

Théière fruits

<p>Théière fruits vintage</p>
<p>Pour 2 personnes environ</p>
<p>Hauteur 15cm</p>
<p>Longueur 23cm</p>
<p>Excellent état</p>

<p>Théière fruits vintage Pour 2 personnes environ Hauteur 15cm Longueur 23cm Excellent état</p>

<!-- This site is optimized with the Yoast SEO plugin v17.9 - https://yoast.com/wordpress/plugins/seo/ -->
<title>Théière fruits - Le Grenier - brocante et aménagement</title>
<meta name="robots" content="index, follow, max-snippet:-1, max-image-preview:large, max-video-preview:-1" />
<link rel="canonical" href="https://le-grenier.org/index.php/produit/theiere-fruits/" />
<meta property="og:locale" content="fr_FR" />
<meta property="og:type" content="article" />
<meta property="og:title" content="Théière fruits - Le Grenier - brocante et aménagement" />
<meta property="og:description" content="Théière fruits vintage Pour 2 personnes environ Hauteur 15cm Longueur 23cm Excellent état" />
<meta property="og:url" content="https://le-grenier.org/index.php/produit/theiere-fruits/" />
<meta property="og:site_name" content="Le Grenier - brocante et aménagement" />
<meta property="article:modified_time" content="2024-05-16T07:26:40+00:00" />
<meta name="twitter:card" content="summary_large_image" />
<script type="application/ld+json" class="yoast-schema-graph">{"@context":"https://schema.org","@graph":[{"@type":"WebSite","@id":"https://le-grenier.org/#website","url":"https://le-grenier.org/","name":"Le Grenier - brocante et am\u00e9nagement","description":"","potentialAction":[{"@type":"SearchAction","target":{"@type":"EntryPoint","urlTemplate":"https://le-grenier.org/?s={search_term_string}"},"query-input":"required name=search_term_string"}],"inLanguage":"fr-FR"},{"@type":"ImageObject","@id":"https://le-grenier.org/index.php/produit/theiere-fruits/#primaryimage","inLanguage":"fr-FR","url":"https://le-grenier.org/wp-content/uploads/2024/05/img_6051.jpeg","contentUrl":"https://le-grenier.org/wp-content/uploads/2024/05/img_6051.jpeg","width":828,"height":882},{"@type":"WebPage","@id":"https://le-grenier.org/index.php/produit/theiere-fruits/#webpage","url":"https://le-grenier.org/index.php/produit/theiere-fruits/","name":"Th\u00e9i\u00e8re fruits - Le Grenier - brocante et am\u00e9nagement","isPartOf":{"@id":"https://le-grenier.org/#website"},"primaryImageOfPage":{"@id":"https://le-grenier.org/index.php/produit/theiere-fruits/#primaryimage"},"datePublished":"2024-05-14T13:25:27+00:00","dateModified":"2024-05-16T07:26:40+00:00","breadcrumb":{"@id":"https://le-grenier.org/index.php/produit/theiere-fruits/#breadcrumb"},"inLanguage":"fr-FR","potentialAction":[{"@type":"ReadAction","target":["https://le-grenier.org/index.php/produit/theiere-fruits/"]}]},{"@type":"BreadcrumbList","@id":"https://le-grenier.org/index.php/produit/theiere-fruits/#breadcrumb","itemListElement":[{"@type":"ListItem","position":1,"name":"Accueil","item":"https://le-grenier.org/"},{"@type":"ListItem","position":2,"name":"Boutique en ligne","item":"https://le-grenier.org/"},{"@type":"ListItem","position":3,"name":"Th\u00e9i\u00e8re fruits"}]}]}</script>
<!-- / Yoast SEO plugin. -->

Théière fruits - Le Grenier - brocante et aménagement

Théière fruits vintage Pour 2 personnes environ Hauteur 15cm Longueur 23cm Excellent état

Le Grenier - brocante et aménagement
