{"id":56623,"date":"2024-05-22T15:07:33","date_gmt":"2024-05-22T13:07:33","guid":{"rendered":"https:\/\/le-grenier.org\/index.php\/produit\/suspension-art-deco\/"},"modified":"2024-05-22T15:07:50","modified_gmt":"2024-05-22T13:07:50","slug":"suspension-art-deco","status":"publish","type":"product","link":"https:\/\/le-grenier.org\/index.php\/produit\/suspension-art-deco\/","title":{"rendered":"Suspension Art D\u00e9co"},"content":{"rendered":"<p>Suspension Art D\u00e9co \u00e9lectrifi\u00e9e \u00e0 neuf<\/p>\n<p>Globe en verre ambr\u00e9 orang\u00e9, vers 1920<\/p>\n<p>Quelques jolies bulles t\u00e9moignent de son authenticit\u00e9<\/p>\n<p>Douille gros culot \u00e0 visser couleur bronze vieilli<\/p>\n<p>Fil \u00e9lectrique en corde tress\u00e9e<\/p>\n<p>Diam\u00e8tre globe 23cm<\/p>\n<p>Hauteur globe 12cm<\/p>\n<p>Longueur fil 80cm<\/p>\n<p>Envoi rapide et tr\u00e8s soign\u00e9<\/p>\n","protected":false},"excerpt":{"rendered":"<p>Suspension Art D\u00e9co \u00e9lectrifi\u00e9e \u00e0 neuf Globe en verre ambr\u00e9 orang\u00e9, vers 1920 Quelques jolies bulles t\u00e9moignent de son authenticit\u00e9&hellip;<\/p>\n","protected":false},"featured_media":56624,"template":"","meta":{"ngg_post_thumbnail":0},"product_cat":[56,25],"product_tag":[],"yoast_head":"<!-- This site is optimized with the Yoast SEO plugin v17.9 - https:\/\/yoast.com\/wordpress\/plugins\/seo\/ -->\n<title>Suspension Art D\u00e9co - Le Grenier - brocante et am\u00e9nagement<\/title>\n<meta name=\"robots\" content=\"index, follow, max-snippet:-1, max-image-preview:large, max-video-preview:-1\" \/>\n<link rel=\"canonical\" href=\"https:\/\/le-grenier.org\/index.php\/produit\/suspension-art-deco\/\" \/>\n<meta property=\"og:locale\" content=\"fr_FR\" \/>\n<meta property=\"og:type\" content=\"article\" \/>\n<meta property=\"og:title\" content=\"Suspension Art D\u00e9co - Le Grenier - brocante et am\u00e9nagement\" \/>\n<meta property=\"og:description\" content=\"Suspension Art D\u00e9co \u00e9lectrifi\u00e9e \u00e0 neuf Globe en verre ambr\u00e9 orang\u00e9, vers 1920 Quelques jolies bulles t\u00e9moignent de son authenticit\u00e9&hellip;\" \/>\n<meta property=\"og:url\" content=\"https:\/\/le-grenier.org\/index.php\/produit\/suspension-art-deco\/\" \/>\n<meta property=\"og:site_name\" content=\"Le Grenier - brocante et am\u00e9nagement\" \/>\n<meta property=\"article:modified_time\" content=\"2024-05-22T13:07:50+00:00\" \/>\n<meta name=\"twitter:card\" content=\"summary_large_image\" \/>\n<script type=\"application\/ld+json\" class=\"yoast-schema-graph\">{\"@context\":\"https:\/\/schema.org\",\"@graph\":[{\"@type\":\"WebSite\",\"@id\":\"https:\/\/le-grenier.org\/#website\",\"url\":\"https:\/\/le-grenier.org\/\",\"name\":\"Le Grenier - brocante et am\\u00e9nagement\",\"description\":\"\",\"potentialAction\":[{\"@type\":\"SearchAction\",\"target\":{\"@type\":\"EntryPoint\",\"urlTemplate\":\"https:\/\/le-grenier.org\/?s={search_term_string}\"},\"query-input\":\"required name=search_term_string\"}],\"inLanguage\":\"fr-FR\"},{\"@type\":\"ImageObject\",\"@id\":\"https:\/\/le-grenier.org\/index.php\/produit\/suspension-art-deco\/#primaryimage\",\"inLanguage\":\"fr-FR\",\"url\":\"https:\/\/le-grenier.org\/wp-content\/uploads\/2024\/05\/img_6138-1.jpeg\",\"contentUrl\":\"https:\/\/le-grenier.org\/wp-content\/uploads\/2024\/05\/img_6138-1.jpeg\",\"width\":828,\"height\":731},{\"@type\":\"WebPage\",\"@id\":\"https:\/\/le-grenier.org\/index.php\/produit\/suspension-art-deco\/#webpage\",\"url\":\"https:\/\/le-grenier.org\/index.php\/produit\/suspension-art-deco\/\",\"name\":\"Suspension Art D\\u00e9co - Le Grenier - brocante et am\\u00e9nagement\",\"isPartOf\":{\"@id\":\"https:\/\/le-grenier.org\/#website\"},\"primaryImageOfPage\":{\"@id\":\"https:\/\/le-grenier.org\/index.php\/produit\/suspension-art-deco\/#primaryimage\"},\"datePublished\":\"2024-05-22T13:07:33+00:00\",\"dateModified\":\"2024-05-22T13:07:50+00:00\",\"breadcrumb\":{\"@id\":\"https:\/\/le-grenier.org\/index.php\/produit\/suspension-art-deco\/#breadcrumb\"},\"inLanguage\":\"fr-FR\",\"potentialAction\":[{\"@type\":\"ReadAction\",\"target\":[\"https:\/\/le-grenier.org\/index.php\/produit\/suspension-art-deco\/\"]}]},{\"@type\":\"BreadcrumbList\",\"@id\":\"https:\/\/le-grenier.org\/index.php\/produit\/suspension-art-deco\/#breadcrumb\",\"itemListElement\":[{\"@type\":\"ListItem\",\"position\":1,\"name\":\"Accueil\",\"item\":\"https:\/\/le-grenier.org\/\"},{\"@type\":\"ListItem\",\"position\":2,\"name\":\"Boutique en ligne\",\"item\":\"https:\/\/le-grenier.org\/\"},{\"@type\":\"ListItem\",\"position\":3,\"name\":\"Suspension Art D\\u00e9co\"}]}]}<\/script>\n<!-- \/ Yoast SEO plugin. -->","yoast_head_json":{"title":"Suspension Art D\u00e9co - Le Grenier - brocante et am\u00e9nagement","robots":{"index":"index","follow":"follow","max-snippet":"max-snippet:-1","max-image-preview":"max-image-preview:large","max-video-preview":"max-video-preview:-1"},"canonical":"https:\/\/le-grenier.org\/index.php\/produit\/suspension-art-deco\/","og_locale":"fr_FR","og_type":"article","og_title":"Suspension Art D\u00e9co - Le Grenier - brocante et am\u00e9nagement","og_description":"Suspension Art D\u00e9co \u00e9lectrifi\u00e9e \u00e0 neuf Globe en verre ambr\u00e9 orang\u00e9, vers 1920 Quelques jolies bulles t\u00e9moignent de son authenticit\u00e9&hellip;","og_url":"https:\/\/le-grenier.org\/index.php\/produit\/suspension-art-deco\/","og_site_name":"Le Grenier - brocante et am\u00e9nagement","article_modified_time":"2024-05-22T13:07:50+00:00","twitter_card":"summary_large_image","schema":{"@context":"https:\/\/schema.org","@graph":[{"@type":"WebSite","@id":"https:\/\/le-grenier.org\/#website","url":"https:\/\/le-grenier.org\/","name":"Le Grenier - brocante et am\u00e9nagement","description":"","potentialAction":[{"@type":"SearchAction","target":{"@type":"EntryPoint","urlTemplate":"https:\/\/le-grenier.org\/?s={search_term_string}"},"query-input":"required name=search_term_string"}],"inLanguage":"fr-FR"},{"@type":"ImageObject","@id":"https:\/\/le-grenier.org\/index.php\/produit\/suspension-art-deco\/#primaryimage","inLanguage":"fr-FR","url":"https:\/\/le-grenier.org\/wp-content\/uploads\/2024\/05\/img_6138-1.jpeg","contentUrl":"https:\/\/le-grenier.org\/wp-content\/uploads\/2024\/05\/img_6138-1.jpeg","width":828,"height":731},{"@type":"WebPage","@id":"https:\/\/le-grenier.org\/index.php\/produit\/suspension-art-deco\/#webpage","url":"https:\/\/le-grenier.org\/index.php\/produit\/suspension-art-deco\/","name":"Suspension Art D\u00e9co - Le Grenier - brocante et am\u00e9nagement","isPartOf":{"@id":"https:\/\/le-grenier.org\/#website"},"primaryImageOfPage":{"@id":"https:\/\/le-grenier.org\/index.php\/produit\/suspension-art-deco\/#primaryimage"},"datePublished":"2024-05-22T13:07:33+00:00","dateModified":"2024-05-22T13:07:50+00:00","breadcrumb":{"@id":"https:\/\/le-grenier.org\/index.php\/produit\/suspension-art-deco\/#breadcrumb"},"inLanguage":"fr-FR","potentialAction":[{"@type":"ReadAction","target":["https:\/\/le-grenier.org\/index.php\/produit\/suspension-art-deco\/"]}]},{"@type":"BreadcrumbList","@id":"https:\/\/le-grenier.org\/index.php\/produit\/suspension-art-deco\/#breadcrumb","itemListElement":[{"@type":"ListItem","position":1,"name":"Accueil","item":"https:\/\/le-grenier.org\/"},{"@type":"ListItem","position":2,"name":"Boutique en ligne","item":"https:\/\/le-grenier.org\/"},{"@type":"ListItem","position":3,"name":"Suspension Art D\u00e9co"}]}]}},"_links":{"self":[{"href":"https:\/\/le-grenier.org\/index.php\/wp-json\/wp\/v2\/product\/56623"}],"collection":[{"href":"https:\/\/le-grenier.org\/index.php\/wp-json\/wp\/v2\/product"}],"about":[{"href":"https:\/\/le-grenier.org\/index.php\/wp-json\/wp\/v2\/types\/product"}],"wp:featuredmedia":[{"embeddable":true,"href":"https:\/\/le-grenier.org\/index.php\/wp-json\/wp\/v2\/media\/56624"}],"wp:attachment":[{"href":"https:\/\/le-grenier.org\/index.php\/wp-json\/wp\/v2\/media?parent=56623"}],"wp:term":[{"taxonomy":"product_cat","embeddable":true,"href":"https:\/\/le-grenier.org\/index.php\/wp-json\/wp\/v2\/product_cat?post=56623"},{"taxonomy":"product_tag","embeddable":true,"href":"https:\/\/le-grenier.org\/index.php\/wp-json\/wp\/v2\/product_tag?post=56623"}],"curies":[{"name":"wp","href":"https:\/\/api.w.org\/{rel}","templated":true}]}}