{"id":56664,"date":"2024-06-03T23:13:20","date_gmt":"2024-06-03T21:13:20","guid":{"rendered":"https:\/\/le-grenier.org\/index.php\/produit\/paire-de-bougeoirs-7\/"},"modified":"2024-06-03T23:16:00","modified_gmt":"2024-06-03T21:16:00","slug":"paire-de-bougeoirs-7","status":"publish","type":"product","link":"https:\/\/le-grenier.org\/index.php\/produit\/paire-de-bougeoirs-7\/","title":{"rendered":"Paire de bougeoirs"},"content":{"rendered":"<p>Coup de c\u0153ur pour cette paire de bougeoirs coniques et iconiques \u00e0 la ligne moderniste. Sobres et minimalistes, ils ont \u00e9t\u00e9 con\u00e7us par la designer su\u00e9doise \u00c9rika Pekkari pour Ikea dans les ann\u00e9es 90. Il existe 3 tailles diff\u00e9rentes, il s\u2019agit ici du mod\u00e8le interm\u00e9diaire<\/p>\n<p>(h23 X d3 cm).<\/p>\n<p>Lourds, ils sont en fonte d\u2019aluminium l\u00e9g\u00e8rement patin\u00e9e par le temps.<\/p>\n","protected":false},"excerpt":{"rendered":"<p>Coup de c\u0153ur pour cette paire de bougeoirs coniques et iconiques \u00e0 la ligne moderniste. Sobres et minimalistes, ils ont&hellip;<\/p>\n","protected":false},"featured_media":56665,"template":"","meta":{"ngg_post_thumbnail":0},"product_cat":[60,46,25],"product_tag":[],"yoast_head":"<!-- This site is optimized with the Yoast SEO plugin v17.9 - https:\/\/yoast.com\/wordpress\/plugins\/seo\/ -->\n<title>Paire de bougeoirs - Le Grenier - brocante et am\u00e9nagement<\/title>\n<meta name=\"robots\" content=\"index, follow, max-snippet:-1, max-image-preview:large, max-video-preview:-1\" \/>\n<link rel=\"canonical\" href=\"https:\/\/le-grenier.org\/index.php\/produit\/paire-de-bougeoirs-7\/\" \/>\n<meta property=\"og:locale\" content=\"fr_FR\" \/>\n<meta property=\"og:type\" content=\"article\" \/>\n<meta property=\"og:title\" content=\"Paire de bougeoirs - Le Grenier - brocante et am\u00e9nagement\" \/>\n<meta property=\"og:description\" content=\"Coup de c\u0153ur pour cette paire de bougeoirs coniques et iconiques \u00e0 la ligne moderniste. Sobres et minimalistes, ils ont&hellip;\" \/>\n<meta property=\"og:url\" content=\"https:\/\/le-grenier.org\/index.php\/produit\/paire-de-bougeoirs-7\/\" \/>\n<meta property=\"og:site_name\" content=\"Le Grenier - brocante et am\u00e9nagement\" \/>\n<meta property=\"article:modified_time\" content=\"2024-06-03T21:16:00+00:00\" \/>\n<meta name=\"twitter:card\" content=\"summary_large_image\" \/>\n<script type=\"application\/ld+json\" class=\"yoast-schema-graph\">{\"@context\":\"https:\/\/schema.org\",\"@graph\":[{\"@type\":\"WebSite\",\"@id\":\"https:\/\/le-grenier.org\/#website\",\"url\":\"https:\/\/le-grenier.org\/\",\"name\":\"Le Grenier - brocante et am\\u00e9nagement\",\"description\":\"\",\"potentialAction\":[{\"@type\":\"SearchAction\",\"target\":{\"@type\":\"EntryPoint\",\"urlTemplate\":\"https:\/\/le-grenier.org\/?s={search_term_string}\"},\"query-input\":\"required name=search_term_string\"}],\"inLanguage\":\"fr-FR\"},{\"@type\":\"ImageObject\",\"@id\":\"https:\/\/le-grenier.org\/index.php\/produit\/paire-de-bougeoirs-7\/#primaryimage\",\"inLanguage\":\"fr-FR\",\"url\":\"https:\/\/le-grenier.org\/wp-content\/uploads\/2024\/06\/img_6267.jpeg\",\"contentUrl\":\"https:\/\/le-grenier.org\/wp-content\/uploads\/2024\/06\/img_6267.jpeg\",\"width\":828,\"height\":845},{\"@type\":\"WebPage\",\"@id\":\"https:\/\/le-grenier.org\/index.php\/produit\/paire-de-bougeoirs-7\/#webpage\",\"url\":\"https:\/\/le-grenier.org\/index.php\/produit\/paire-de-bougeoirs-7\/\",\"name\":\"Paire de bougeoirs - Le Grenier - brocante et am\\u00e9nagement\",\"isPartOf\":{\"@id\":\"https:\/\/le-grenier.org\/#website\"},\"primaryImageOfPage\":{\"@id\":\"https:\/\/le-grenier.org\/index.php\/produit\/paire-de-bougeoirs-7\/#primaryimage\"},\"datePublished\":\"2024-06-03T21:13:20+00:00\",\"dateModified\":\"2024-06-03T21:16:00+00:00\",\"breadcrumb\":{\"@id\":\"https:\/\/le-grenier.org\/index.php\/produit\/paire-de-bougeoirs-7\/#breadcrumb\"},\"inLanguage\":\"fr-FR\",\"potentialAction\":[{\"@type\":\"ReadAction\",\"target\":[\"https:\/\/le-grenier.org\/index.php\/produit\/paire-de-bougeoirs-7\/\"]}]},{\"@type\":\"BreadcrumbList\",\"@id\":\"https:\/\/le-grenier.org\/index.php\/produit\/paire-de-bougeoirs-7\/#breadcrumb\",\"itemListElement\":[{\"@type\":\"ListItem\",\"position\":1,\"name\":\"Accueil\",\"item\":\"https:\/\/le-grenier.org\/\"},{\"@type\":\"ListItem\",\"position\":2,\"name\":\"Boutique en ligne\",\"item\":\"https:\/\/le-grenier.org\/\"},{\"@type\":\"ListItem\",\"position\":3,\"name\":\"Paire de bougeoirs\"}]}]}<\/script>\n<!-- \/ Yoast SEO plugin. -->","yoast_head_json":{"title":"Paire de bougeoirs - Le Grenier - brocante et am\u00e9nagement","robots":{"index":"index","follow":"follow","max-snippet":"max-snippet:-1","max-image-preview":"max-image-preview:large","max-video-preview":"max-video-preview:-1"},"canonical":"https:\/\/le-grenier.org\/index.php\/produit\/paire-de-bougeoirs-7\/","og_locale":"fr_FR","og_type":"article","og_title":"Paire de bougeoirs - Le Grenier - brocante et am\u00e9nagement","og_description":"Coup de c\u0153ur pour cette paire de bougeoirs coniques et iconiques \u00e0 la ligne moderniste. Sobres et minimalistes, ils ont&hellip;","og_url":"https:\/\/le-grenier.org\/index.php\/produit\/paire-de-bougeoirs-7\/","og_site_name":"Le Grenier - brocante et am\u00e9nagement","article_modified_time":"2024-06-03T21:16:00+00:00","twitter_card":"summary_large_image","schema":{"@context":"https:\/\/schema.org","@graph":[{"@type":"WebSite","@id":"https:\/\/le-grenier.org\/#website","url":"https:\/\/le-grenier.org\/","name":"Le Grenier - brocante et am\u00e9nagement","description":"","potentialAction":[{"@type":"SearchAction","target":{"@type":"EntryPoint","urlTemplate":"https:\/\/le-grenier.org\/?s={search_term_string}"},"query-input":"required name=search_term_string"}],"inLanguage":"fr-FR"},{"@type":"ImageObject","@id":"https:\/\/le-grenier.org\/index.php\/produit\/paire-de-bougeoirs-7\/#primaryimage","inLanguage":"fr-FR","url":"https:\/\/le-grenier.org\/wp-content\/uploads\/2024\/06\/img_6267.jpeg","contentUrl":"https:\/\/le-grenier.org\/wp-content\/uploads\/2024\/06\/img_6267.jpeg","width":828,"height":845},{"@type":"WebPage","@id":"https:\/\/le-grenier.org\/index.php\/produit\/paire-de-bougeoirs-7\/#webpage","url":"https:\/\/le-grenier.org\/index.php\/produit\/paire-de-bougeoirs-7\/","name":"Paire de bougeoirs - Le Grenier - brocante et am\u00e9nagement","isPartOf":{"@id":"https:\/\/le-grenier.org\/#website"},"primaryImageOfPage":{"@id":"https:\/\/le-grenier.org\/index.php\/produit\/paire-de-bougeoirs-7\/#primaryimage"},"datePublished":"2024-06-03T21:13:20+00:00","dateModified":"2024-06-03T21:16:00+00:00","breadcrumb":{"@id":"https:\/\/le-grenier.org\/index.php\/produit\/paire-de-bougeoirs-7\/#breadcrumb"},"inLanguage":"fr-FR","potentialAction":[{"@type":"ReadAction","target":["https:\/\/le-grenier.org\/index.php\/produit\/paire-de-bougeoirs-7\/"]}]},{"@type":"BreadcrumbList","@id":"https:\/\/le-grenier.org\/index.php\/produit\/paire-de-bougeoirs-7\/#breadcrumb","itemListElement":[{"@type":"ListItem","position":1,"name":"Accueil","item":"https:\/\/le-grenier.org\/"},{"@type":"ListItem","position":2,"name":"Boutique en ligne","item":"https:\/\/le-grenier.org\/"},{"@type":"ListItem","position":3,"name":"Paire de bougeoirs"}]}]}},"_links":{"self":[{"href":"https:\/\/le-grenier.org\/index.php\/wp-json\/wp\/v2\/product\/56664"}],"collection":[{"href":"https:\/\/le-grenier.org\/index.php\/wp-json\/wp\/v2\/product"}],"about":[{"href":"https:\/\/le-grenier.org\/index.php\/wp-json\/wp\/v2\/types\/product"}],"wp:featuredmedia":[{"embeddable":true,"href":"https:\/\/le-grenier.org\/index.php\/wp-json\/wp\/v2\/media\/56665"}],"wp:attachment":[{"href":"https:\/\/le-grenier.org\/index.php\/wp-json\/wp\/v2\/media?parent=56664"}],"wp:term":[{"taxonomy":"product_cat","embeddable":true,"href":"https:\/\/le-grenier.org\/index.php\/wp-json\/wp\/v2\/product_cat?post=56664"},{"taxonomy":"product_tag","embeddable":true,"href":"https:\/\/le-grenier.org\/index.php\/wp-json\/wp\/v2\/product_tag?post=56664"}],"curies":[{"name":"wp","href":"https:\/\/api.w.org\/{rel}","templated":true}]}}

<p>Coup de cœur pour cette paire de bougeoirs coniques et iconiques à la ligne moderniste. Sobres et minimalistes, ils ont été conçus par la designer suédoise Érika Pekkari pour Ikea dans les années 90. Il existe 3 tailles différentes, il s’agit ici du modèle intermédiaire</p>
<p>(h23 X d3 cm).</p>
<p>Lourds, ils sont en fonte d’aluminium légèrement patinée par le temps.</p>

<p>Coup de cœur pour cette paire de bougeoirs coniques et iconiques à la ligne moderniste. Sobres et minimalistes, ils ont&hellip;</p>

<!-- This site is optimized with the Yoast SEO plugin v17.9 - https://yoast.com/wordpress/plugins/seo/ -->
<title>Paire de bougeoirs - Le Grenier - brocante et aménagement</title>
<meta name="robots" content="index, follow, max-snippet:-1, max-image-preview:large, max-video-preview:-1" />
<link rel="canonical" href="https://le-grenier.org/index.php/produit/paire-de-bougeoirs-7/" />
<meta property="og:locale" content="fr_FR" />
<meta property="og:type" content="article" />
<meta property="og:title" content="Paire de bougeoirs - Le Grenier - brocante et aménagement" />
<meta property="og:description" content="Coup de cœur pour cette paire de bougeoirs coniques et iconiques à la ligne moderniste. Sobres et minimalistes, ils ont&hellip;" />
<meta property="og:url" content="https://le-grenier.org/index.php/produit/paire-de-bougeoirs-7/" />
<meta property="og:site_name" content="Le Grenier - brocante et aménagement" />
<meta property="article:modified_time" content="2024-06-03T21:16:00+00:00" />
<meta name="twitter:card" content="summary_large_image" />
<script type="application/ld+json" class="yoast-schema-graph">{"@context":"https://schema.org","@graph":[{"@type":"WebSite","@id":"https://le-grenier.org/#website","url":"https://le-grenier.org/","name":"Le Grenier - brocante et am\u00e9nagement","description":"","potentialAction":[{"@type":"SearchAction","target":{"@type":"EntryPoint","urlTemplate":"https://le-grenier.org/?s={search_term_string}"},"query-input":"required name=search_term_string"}],"inLanguage":"fr-FR"},{"@type":"ImageObject","@id":"https://le-grenier.org/index.php/produit/paire-de-bougeoirs-7/#primaryimage","inLanguage":"fr-FR","url":"https://le-grenier.org/wp-content/uploads/2024/06/img_6267.jpeg","contentUrl":"https://le-grenier.org/wp-content/uploads/2024/06/img_6267.jpeg","width":828,"height":845},{"@type":"WebPage","@id":"https://le-grenier.org/index.php/produit/paire-de-bougeoirs-7/#webpage","url":"https://le-grenier.org/index.php/produit/paire-de-bougeoirs-7/","name":"Paire de bougeoirs - Le Grenier - brocante et am\u00e9nagement","isPartOf":{"@id":"https://le-grenier.org/#website"},"primaryImageOfPage":{"@id":"https://le-grenier.org/index.php/produit/paire-de-bougeoirs-7/#primaryimage"},"datePublished":"2024-06-03T21:13:20+00:00","dateModified":"2024-06-03T21:16:00+00:00","breadcrumb":{"@id":"https://le-grenier.org/index.php/produit/paire-de-bougeoirs-7/#breadcrumb"},"inLanguage":"fr-FR","potentialAction":[{"@type":"ReadAction","target":["https://le-grenier.org/index.php/produit/paire-de-bougeoirs-7/"]}]},{"@type":"BreadcrumbList","@id":"https://le-grenier.org/index.php/produit/paire-de-bougeoirs-7/#breadcrumb","itemListElement":[{"@type":"ListItem","position":1,"name":"Accueil","item":"https://le-grenier.org/"},{"@type":"ListItem","position":2,"name":"Boutique en ligne","item":"https://le-grenier.org/"},{"@type":"ListItem","position":3,"name":"Paire de bougeoirs"}]}]}</script>
<!-- / Yoast SEO plugin. -->

Paire de bougeoirs - Le Grenier - brocante et aménagement

Coup de cœur pour cette paire de bougeoirs coniques et iconiques à la ligne moderniste. Sobres et minimalistes, ils ont&hellip;

Le Grenier - brocante et aménagement
