{"id":56721,"date":"2024-06-22T16:41:57","date_gmt":"2024-06-22T14:41:57","guid":{"rendered":"https:\/\/le-grenier.org\/index.php\/produit\/chaise-bienaise\/"},"modified":"2026-01-13T11:28:09","modified_gmt":"2026-01-13T10:28:09","slug":"chaise-bienaise","status":"publish","type":"product","link":"https:\/\/le-grenier.org\/index.php\/produit\/chaise-bienaise\/","title":{"rendered":"Chaise Bienaise"},"content":{"rendered":"<p>Chaise d\u2019atelier de la c\u00e9l\u00e8bre marque iconique des ann\u00e9es 50 Bienaise.<\/p>\n<p>Pied tr\u00e8s stable en fer plat viss\u00e9 sur un moyeu en fonte, signe de reconnaissance des chaises et tabourets d\u2019atelier de la marque.<\/p>\n<p>Assise et dossier en bois, r\u00e9glables en hauteur. Confortable et tr\u00e8s solide, elle trouvera facilement sa place autour d\u2019une table ou derri\u00e8re un bureau.<\/p>\n<p>Finition: pi\u00e9tement cir\u00e9 teinte graphite<\/p>\n<p>Parties bois couleur ch\u00eane moyen<\/p>\n<p>Hauteur r\u00e9glable de 42 \u00e0 55 cm<\/p>\n<p>Hauteur totale 83cm<\/p>\n<p>Dimensions assise : L.39 x P.29 cm<\/p>\n<p>Dimensions dossier : L.37 x H.13 cm<\/p>\n<p>Encombrement au sol : 40 x 40 cm<\/p>\n<p>Trous dans le pi\u00e9tement permettant une fixation au sol<\/p>\n","protected":false},"excerpt":{"rendered":"<p>Chaise d\u2019atelier de la c\u00e9l\u00e8bre marque iconique des ann\u00e9es 50 Bienaise. Pied tr\u00e8s stable en fer plat viss\u00e9 sur un&hellip;<\/p>\n","protected":false},"featured_media":56722,"template":"","meta":{"ngg_post_thumbnail":0},"product_cat":[23],"product_tag":[],"yoast_head":"<!-- This site is optimized with the Yoast SEO plugin v17.9 - https:\/\/yoast.com\/wordpress\/plugins\/seo\/ -->\n<title>Chaise Bienaise - Le Grenier - brocante et am\u00e9nagement<\/title>\n<meta name=\"robots\" content=\"index, follow, max-snippet:-1, max-image-preview:large, max-video-preview:-1\" \/>\n<link rel=\"canonical\" href=\"https:\/\/le-grenier.org\/index.php\/produit\/chaise-bienaise\/\" \/>\n<meta property=\"og:locale\" content=\"fr_FR\" \/>\n<meta property=\"og:type\" content=\"article\" \/>\n<meta property=\"og:title\" content=\"Chaise Bienaise - Le Grenier - brocante et am\u00e9nagement\" \/>\n<meta property=\"og:description\" content=\"Chaise d\u2019atelier de la c\u00e9l\u00e8bre marque iconique des ann\u00e9es 50 Bienaise. Pied tr\u00e8s stable en fer plat viss\u00e9 sur un&hellip;\" \/>\n<meta property=\"og:url\" content=\"https:\/\/le-grenier.org\/index.php\/produit\/chaise-bienaise\/\" \/>\n<meta property=\"og:site_name\" content=\"Le Grenier - brocante et am\u00e9nagement\" \/>\n<meta property=\"article:modified_time\" content=\"2026-01-13T10:28:09+00:00\" \/>\n<meta property=\"og:image\" content=\"http:\/\/le-grenier.org\/wp-content\/uploads\/2024\/06\/img_6459.jpeg\" \/>\n\t<meta property=\"og:image:width\" content=\"633\" \/>\n\t<meta property=\"og:image:height\" content=\"881\" \/>\n\t<meta property=\"og:image:type\" content=\"image\/jpeg\" \/>\n<meta name=\"twitter:card\" content=\"summary_large_image\" \/>\n<meta name=\"twitter:label1\" content=\"Dur\u00e9e de lecture estim\u00e9e\" \/>\n\t<meta name=\"twitter:data1\" content=\"1 minute\" \/>\n<script type=\"application\/ld+json\" class=\"yoast-schema-graph\">{\"@context\":\"https:\/\/schema.org\",\"@graph\":[{\"@type\":\"WebSite\",\"@id\":\"https:\/\/le-grenier.org\/#website\",\"url\":\"https:\/\/le-grenier.org\/\",\"name\":\"Le Grenier - brocante et am\\u00e9nagement\",\"description\":\"\",\"potentialAction\":[{\"@type\":\"SearchAction\",\"target\":{\"@type\":\"EntryPoint\",\"urlTemplate\":\"https:\/\/le-grenier.org\/?s={search_term_string}\"},\"query-input\":\"required name=search_term_string\"}],\"inLanguage\":\"fr-FR\"},{\"@type\":\"ImageObject\",\"@id\":\"https:\/\/le-grenier.org\/index.php\/produit\/chaise-bienaise\/#primaryimage\",\"inLanguage\":\"fr-FR\",\"url\":\"https:\/\/le-grenier.org\/wp-content\/uploads\/2024\/06\/img_6459.jpeg\",\"contentUrl\":\"https:\/\/le-grenier.org\/wp-content\/uploads\/2024\/06\/img_6459.jpeg\",\"width\":633,\"height\":881},{\"@type\":\"WebPage\",\"@id\":\"https:\/\/le-grenier.org\/index.php\/produit\/chaise-bienaise\/#webpage\",\"url\":\"https:\/\/le-grenier.org\/index.php\/produit\/chaise-bienaise\/\",\"name\":\"Chaise Bienaise - Le Grenier - brocante et am\\u00e9nagement\",\"isPartOf\":{\"@id\":\"https:\/\/le-grenier.org\/#website\"},\"primaryImageOfPage\":{\"@id\":\"https:\/\/le-grenier.org\/index.php\/produit\/chaise-bienaise\/#primaryimage\"},\"datePublished\":\"2024-06-22T14:41:57+00:00\",\"dateModified\":\"2026-01-13T10:28:09+00:00\",\"breadcrumb\":{\"@id\":\"https:\/\/le-grenier.org\/index.php\/produit\/chaise-bienaise\/#breadcrumb\"},\"inLanguage\":\"fr-FR\",\"potentialAction\":[{\"@type\":\"ReadAction\",\"target\":[\"https:\/\/le-grenier.org\/index.php\/produit\/chaise-bienaise\/\"]}]},{\"@type\":\"BreadcrumbList\",\"@id\":\"https:\/\/le-grenier.org\/index.php\/produit\/chaise-bienaise\/#breadcrumb\",\"itemListElement\":[{\"@type\":\"ListItem\",\"position\":1,\"name\":\"Accueil\",\"item\":\"https:\/\/le-grenier.org\/\"},{\"@type\":\"ListItem\",\"position\":2,\"name\":\"Boutique en ligne\",\"item\":\"https:\/\/le-grenier.org\/\"},{\"@type\":\"ListItem\",\"position\":3,\"name\":\"Chaise Bienaise\"}]}]}<\/script>\n<!-- \/ Yoast SEO plugin. -->","yoast_head_json":{"title":"Chaise Bienaise - Le Grenier - brocante et am\u00e9nagement","robots":{"index":"index","follow":"follow","max-snippet":"max-snippet:-1","max-image-preview":"max-image-preview:large","max-video-preview":"max-video-preview:-1"},"canonical":"https:\/\/le-grenier.org\/index.php\/produit\/chaise-bienaise\/","og_locale":"fr_FR","og_type":"article","og_title":"Chaise Bienaise - Le Grenier - brocante et am\u00e9nagement","og_description":"Chaise d\u2019atelier de la c\u00e9l\u00e8bre marque iconique des ann\u00e9es 50 Bienaise. Pied tr\u00e8s stable en fer plat viss\u00e9 sur un&hellip;","og_url":"https:\/\/le-grenier.org\/index.php\/produit\/chaise-bienaise\/","og_site_name":"Le Grenier - brocante et am\u00e9nagement","article_modified_time":"2026-01-13T10:28:09+00:00","og_image":[{"width":633,"height":881,"url":"http:\/\/le-grenier.org\/wp-content\/uploads\/2024\/06\/img_6459.jpeg","type":"image\/jpeg"}],"twitter_card":"summary_large_image","twitter_misc":{"Dur\u00e9e de lecture estim\u00e9e":"1 minute"},"schema":{"@context":"https:\/\/schema.org","@graph":[{"@type":"WebSite","@id":"https:\/\/le-grenier.org\/#website","url":"https:\/\/le-grenier.org\/","name":"Le Grenier - brocante et am\u00e9nagement","description":"","potentialAction":[{"@type":"SearchAction","target":{"@type":"EntryPoint","urlTemplate":"https:\/\/le-grenier.org\/?s={search_term_string}"},"query-input":"required name=search_term_string"}],"inLanguage":"fr-FR"},{"@type":"ImageObject","@id":"https:\/\/le-grenier.org\/index.php\/produit\/chaise-bienaise\/#primaryimage","inLanguage":"fr-FR","url":"https:\/\/le-grenier.org\/wp-content\/uploads\/2024\/06\/img_6459.jpeg","contentUrl":"https:\/\/le-grenier.org\/wp-content\/uploads\/2024\/06\/img_6459.jpeg","width":633,"height":881},{"@type":"WebPage","@id":"https:\/\/le-grenier.org\/index.php\/produit\/chaise-bienaise\/#webpage","url":"https:\/\/le-grenier.org\/index.php\/produit\/chaise-bienaise\/","name":"Chaise Bienaise - Le Grenier - brocante et am\u00e9nagement","isPartOf":{"@id":"https:\/\/le-grenier.org\/#website"},"primaryImageOfPage":{"@id":"https:\/\/le-grenier.org\/index.php\/produit\/chaise-bienaise\/#primaryimage"},"datePublished":"2024-06-22T14:41:57+00:00","dateModified":"2026-01-13T10:28:09+00:00","breadcrumb":{"@id":"https:\/\/le-grenier.org\/index.php\/produit\/chaise-bienaise\/#breadcrumb"},"inLanguage":"fr-FR","potentialAction":[{"@type":"ReadAction","target":["https:\/\/le-grenier.org\/index.php\/produit\/chaise-bienaise\/"]}]},{"@type":"BreadcrumbList","@id":"https:\/\/le-grenier.org\/index.php\/produit\/chaise-bienaise\/#breadcrumb","itemListElement":[{"@type":"ListItem","position":1,"name":"Accueil","item":"https:\/\/le-grenier.org\/"},{"@type":"ListItem","position":2,"name":"Boutique en ligne","item":"https:\/\/le-grenier.org\/"},{"@type":"ListItem","position":3,"name":"Chaise Bienaise"}]}]}},"_links":{"self":[{"href":"https:\/\/le-grenier.org\/index.php\/wp-json\/wp\/v2\/product\/56721"}],"collection":[{"href":"https:\/\/le-grenier.org\/index.php\/wp-json\/wp\/v2\/product"}],"about":[{"href":"https:\/\/le-grenier.org\/index.php\/wp-json\/wp\/v2\/types\/product"}],"wp:featuredmedia":[{"embeddable":true,"href":"https:\/\/le-grenier.org\/index.php\/wp-json\/wp\/v2\/media\/56722"}],"wp:attachment":[{"href":"https:\/\/le-grenier.org\/index.php\/wp-json\/wp\/v2\/media?parent=56721"}],"wp:term":[{"taxonomy":"product_cat","embeddable":true,"href":"https:\/\/le-grenier.org\/index.php\/wp-json\/wp\/v2\/product_cat?post=56721"},{"taxonomy":"product_tag","embeddable":true,"href":"https:\/\/le-grenier.org\/index.php\/wp-json\/wp\/v2\/product_tag?post=56721"}],"curies":[{"name":"wp","href":"https:\/\/api.w.org\/{rel}","templated":true}]}}

<p>Chaise d’atelier de la célèbre marque iconique des années 50 Bienaise.</p>
<p>Pied très stable en fer plat vissé sur un moyeu en fonte, signe de reconnaissance des chaises et tabourets d’atelier de la marque.</p>
<p>Assise et dossier en bois, réglables en hauteur. Confortable et très solide, elle trouvera facilement sa place autour d’une table ou derrière un bureau.</p>
<p>Finition: piétement ciré teinte graphite</p>
<p>Parties bois couleur chêne moyen</p>
<p>Hauteur réglable de 42 à 55 cm</p>
<p>Hauteur totale 83cm</p>
<p>Dimensions assise : L.39 x P.29 cm</p>
<p>Dimensions dossier : L.37 x H.13 cm</p>
<p>Encombrement au sol : 40 x 40 cm</p>
<p>Trous dans le piétement permettant une fixation au sol</p>

<p>Chaise d’atelier de la célèbre marque iconique des années 50 Bienaise. Pied très stable en fer plat vissé sur un&hellip;</p>

<!-- This site is optimized with the Yoast SEO plugin v17.9 - https://yoast.com/wordpress/plugins/seo/ -->
<title>Chaise Bienaise - Le Grenier - brocante et aménagement</title>
<meta name="robots" content="index, follow, max-snippet:-1, max-image-preview:large, max-video-preview:-1" />
<link rel="canonical" href="https://le-grenier.org/index.php/produit/chaise-bienaise/" />
<meta property="og:locale" content="fr_FR" />
<meta property="og:type" content="article" />
<meta property="og:title" content="Chaise Bienaise - Le Grenier - brocante et aménagement" />
<meta property="og:description" content="Chaise d’atelier de la célèbre marque iconique des années 50 Bienaise. Pied très stable en fer plat vissé sur un&hellip;" />
<meta property="og:url" content="https://le-grenier.org/index.php/produit/chaise-bienaise/" />
<meta property="og:site_name" content="Le Grenier - brocante et aménagement" />
<meta property="article:modified_time" content="2026-01-13T10:28:09+00:00" />
<meta property="og:image" content="http://le-grenier.org/wp-content/uploads/2024/06/img_6459.jpeg" />
	<meta property="og:image:width" content="633" />
	<meta property="og:image:height" content="881" />
	<meta property="og:image:type" content="image/jpeg" />
<meta name="twitter:card" content="summary_large_image" />
<meta name="twitter:label1" content="Durée de lecture estimée" />
	<meta name="twitter:data1" content="1 minute" />
<script type="application/ld+json" class="yoast-schema-graph">{"@context":"https://schema.org","@graph":[{"@type":"WebSite","@id":"https://le-grenier.org/#website","url":"https://le-grenier.org/","name":"Le Grenier - brocante et am\u00e9nagement","description":"","potentialAction":[{"@type":"SearchAction","target":{"@type":"EntryPoint","urlTemplate":"https://le-grenier.org/?s={search_term_string}"},"query-input":"required name=search_term_string"}],"inLanguage":"fr-FR"},{"@type":"ImageObject","@id":"https://le-grenier.org/index.php/produit/chaise-bienaise/#primaryimage","inLanguage":"fr-FR","url":"https://le-grenier.org/wp-content/uploads/2024/06/img_6459.jpeg","contentUrl":"https://le-grenier.org/wp-content/uploads/2024/06/img_6459.jpeg","width":633,"height":881},{"@type":"WebPage","@id":"https://le-grenier.org/index.php/produit/chaise-bienaise/#webpage","url":"https://le-grenier.org/index.php/produit/chaise-bienaise/","name":"Chaise Bienaise - Le Grenier - brocante et am\u00e9nagement","isPartOf":{"@id":"https://le-grenier.org/#website"},"primaryImageOfPage":{"@id":"https://le-grenier.org/index.php/produit/chaise-bienaise/#primaryimage"},"datePublished":"2024-06-22T14:41:57+00:00","dateModified":"2026-01-13T10:28:09+00:00","breadcrumb":{"@id":"https://le-grenier.org/index.php/produit/chaise-bienaise/#breadcrumb"},"inLanguage":"fr-FR","potentialAction":[{"@type":"ReadAction","target":["https://le-grenier.org/index.php/produit/chaise-bienaise/"]}]},{"@type":"BreadcrumbList","@id":"https://le-grenier.org/index.php/produit/chaise-bienaise/#breadcrumb","itemListElement":[{"@type":"ListItem","position":1,"name":"Accueil","item":"https://le-grenier.org/"},{"@type":"ListItem","position":2,"name":"Boutique en ligne","item":"https://le-grenier.org/"},{"@type":"ListItem","position":3,"name":"Chaise Bienaise"}]}]}</script>
<!-- / Yoast SEO plugin. -->

Chaise Bienaise - Le Grenier - brocante et aménagement

Chaise d’atelier de la célèbre marque iconique des années 50 Bienaise. Pied très stable en fer plat vissé sur un&hellip;

Le Grenier - brocante et aménagement
