{"id":56959,"date":"2024-11-05T09:01:05","date_gmt":"2024-11-05T08:01:05","guid":{"rendered":"https:\/\/le-grenier.org\/index.php\/produit\/banc-origami\/"},"modified":"2025-04-25T07:43:04","modified_gmt":"2025-04-25T05:43:04","slug":"banc-origami","status":"publish","type":"product","link":"https:\/\/le-grenier.org\/index.php\/produit\/banc-origami\/","title":{"rendered":"Banc Origami"},"content":{"rendered":"<p>Banc ORIGAMI<\/p>\n<p>H 47 x P 35 x L 154 cm<\/p>\n<p>Gris et rose<\/p>\n<p>Le banc Origami du fabricant fran\u00e7ais Fermob fait honneur \u00e0 son nom. L\u2019art du pliage asiatique a servi de mod\u00e8le pour le design de ce banc d\u2019ext\u00e9rieur et en fait un v\u00e9ritable point fort dans n\u2019importe quel endroit.<\/p>\n<p>Le banc Origami, d\u2019une grande sobri\u00e9t\u00e9, est une conception en clin d\u2019\u0153il \u00e0 l\u2019art asiatique du pliage. L\u2019assise et le pi\u00e9tement sont obtenus par le d\u00e9coupage et le pliage d\u2019une simple plaque d\u2019acier. Une technique permettant d\u2019optimiser la mati\u00e8re premi\u00e8re consomm\u00e9e et de garantir le 0 d\u00e9chet, dans une d\u00e9marche affirm\u00e9e de d\u00e9veloppement durable.<\/p>\n<p>\u2014\u2014<\/p>\n<p>En 1996, alors que tous les jardins s\u2019ennuient avec du mobilier vert anglais ou blanc, Fermob, pr\u00e9curseur, initiateur et on dirait aujourd\u2019hui influenceur, r\u00e9volutionne les conventions chromatiques outdoor. Une multitude de couleurs et toute la joie de vivre qui va avec, font leur entr\u00e9e dans les jardins et subitement le mobilier devient heureux !<\/p>\n","protected":false},"excerpt":{"rendered":"<p>Banc ORIGAMI H 47 x P 35 x L 154 cm Gris et rose Le banc Origami du fabricant fran\u00e7ais&hellip;<\/p>\n","protected":false},"featured_media":56960,"template":"","meta":{"ngg_post_thumbnail":0},"product_cat":[60,30,24],"product_tag":[],"yoast_head":"<!-- This site is optimized with the Yoast SEO plugin v17.9 - https:\/\/yoast.com\/wordpress\/plugins\/seo\/ -->\n<title>Banc Origami - Le Grenier - brocante et am\u00e9nagement<\/title>\n<meta name=\"robots\" content=\"index, follow, max-snippet:-1, max-image-preview:large, max-video-preview:-1\" \/>\n<link rel=\"canonical\" href=\"https:\/\/le-grenier.org\/index.php\/produit\/banc-origami\/\" \/>\n<meta property=\"og:locale\" content=\"fr_FR\" \/>\n<meta property=\"og:type\" content=\"article\" \/>\n<meta property=\"og:title\" content=\"Banc Origami - Le Grenier - brocante et am\u00e9nagement\" \/>\n<meta property=\"og:description\" content=\"Banc ORIGAMI H 47 x P 35 x L 154 cm Gris et rose Le banc Origami du fabricant fran\u00e7ais&hellip;\" \/>\n<meta property=\"og:url\" content=\"https:\/\/le-grenier.org\/index.php\/produit\/banc-origami\/\" \/>\n<meta property=\"og:site_name\" content=\"Le Grenier - brocante et am\u00e9nagement\" \/>\n<meta property=\"article:modified_time\" content=\"2025-04-25T05:43:04+00:00\" \/>\n<meta property=\"og:image\" content=\"https:\/\/le-grenier.org\/wp-content\/uploads\/2024\/11\/img_8150-scaled.jpeg\" \/>\n\t<meta property=\"og:image:width\" content=\"1920\" \/>\n\t<meta property=\"og:image:height\" content=\"2560\" \/>\n\t<meta property=\"og:image:type\" content=\"image\/jpeg\" \/>\n<meta name=\"twitter:card\" content=\"summary_large_image\" \/>\n<meta name=\"twitter:label1\" content=\"Dur\u00e9e de lecture estim\u00e9e\" \/>\n\t<meta name=\"twitter:data1\" content=\"1 minute\" \/>\n<script type=\"application\/ld+json\" class=\"yoast-schema-graph\">{\"@context\":\"https:\/\/schema.org\",\"@graph\":[{\"@type\":\"WebSite\",\"@id\":\"https:\/\/le-grenier.org\/#website\",\"url\":\"https:\/\/le-grenier.org\/\",\"name\":\"Le Grenier - brocante et am\\u00e9nagement\",\"description\":\"\",\"potentialAction\":[{\"@type\":\"SearchAction\",\"target\":{\"@type\":\"EntryPoint\",\"urlTemplate\":\"https:\/\/le-grenier.org\/?s={search_term_string}\"},\"query-input\":\"required name=search_term_string\"}],\"inLanguage\":\"fr-FR\"},{\"@type\":\"ImageObject\",\"@id\":\"https:\/\/le-grenier.org\/index.php\/produit\/banc-origami\/#primaryimage\",\"inLanguage\":\"fr-FR\",\"url\":\"https:\/\/le-grenier.org\/wp-content\/uploads\/2024\/11\/img_8179.jpeg\",\"contentUrl\":\"https:\/\/le-grenier.org\/wp-content\/uploads\/2024\/11\/img_8179.jpeg\",\"width\":828,\"height\":864},{\"@type\":\"WebPage\",\"@id\":\"https:\/\/le-grenier.org\/index.php\/produit\/banc-origami\/#webpage\",\"url\":\"https:\/\/le-grenier.org\/index.php\/produit\/banc-origami\/\",\"name\":\"Banc Origami - Le Grenier - brocante et am\\u00e9nagement\",\"isPartOf\":{\"@id\":\"https:\/\/le-grenier.org\/#website\"},\"primaryImageOfPage\":{\"@id\":\"https:\/\/le-grenier.org\/index.php\/produit\/banc-origami\/#primaryimage\"},\"datePublished\":\"2024-11-05T08:01:05+00:00\",\"dateModified\":\"2025-04-25T05:43:04+00:00\",\"breadcrumb\":{\"@id\":\"https:\/\/le-grenier.org\/index.php\/produit\/banc-origami\/#breadcrumb\"},\"inLanguage\":\"fr-FR\",\"potentialAction\":[{\"@type\":\"ReadAction\",\"target\":[\"https:\/\/le-grenier.org\/index.php\/produit\/banc-origami\/\"]}]},{\"@type\":\"BreadcrumbList\",\"@id\":\"https:\/\/le-grenier.org\/index.php\/produit\/banc-origami\/#breadcrumb\",\"itemListElement\":[{\"@type\":\"ListItem\",\"position\":1,\"name\":\"Accueil\",\"item\":\"https:\/\/le-grenier.org\/\"},{\"@type\":\"ListItem\",\"position\":2,\"name\":\"Boutique en ligne\",\"item\":\"https:\/\/le-grenier.org\/\"},{\"@type\":\"ListItem\",\"position\":3,\"name\":\"Banc Origami\"}]}]}<\/script>\n<!-- \/ Yoast SEO plugin. -->","yoast_head_json":{"title":"Banc Origami - Le Grenier - brocante et am\u00e9nagement","robots":{"index":"index","follow":"follow","max-snippet":"max-snippet:-1","max-image-preview":"max-image-preview:large","max-video-preview":"max-video-preview:-1"},"canonical":"https:\/\/le-grenier.org\/index.php\/produit\/banc-origami\/","og_locale":"fr_FR","og_type":"article","og_title":"Banc Origami - Le Grenier - brocante et am\u00e9nagement","og_description":"Banc ORIGAMI H 47 x P 35 x L 154 cm Gris et rose Le banc Origami du fabricant fran\u00e7ais&hellip;","og_url":"https:\/\/le-grenier.org\/index.php\/produit\/banc-origami\/","og_site_name":"Le Grenier - brocante et am\u00e9nagement","article_modified_time":"2025-04-25T05:43:04+00:00","og_image":[{"width":1920,"height":2560,"url":"https:\/\/le-grenier.org\/wp-content\/uploads\/2024\/11\/img_8150-scaled.jpeg","type":"image\/jpeg"}],"twitter_card":"summary_large_image","twitter_misc":{"Dur\u00e9e de lecture estim\u00e9e":"1 minute"},"schema":{"@context":"https:\/\/schema.org","@graph":[{"@type":"WebSite","@id":"https:\/\/le-grenier.org\/#website","url":"https:\/\/le-grenier.org\/","name":"Le Grenier - brocante et am\u00e9nagement","description":"","potentialAction":[{"@type":"SearchAction","target":{"@type":"EntryPoint","urlTemplate":"https:\/\/le-grenier.org\/?s={search_term_string}"},"query-input":"required name=search_term_string"}],"inLanguage":"fr-FR"},{"@type":"ImageObject","@id":"https:\/\/le-grenier.org\/index.php\/produit\/banc-origami\/#primaryimage","inLanguage":"fr-FR","url":"https:\/\/le-grenier.org\/wp-content\/uploads\/2024\/11\/img_8179.jpeg","contentUrl":"https:\/\/le-grenier.org\/wp-content\/uploads\/2024\/11\/img_8179.jpeg","width":828,"height":864},{"@type":"WebPage","@id":"https:\/\/le-grenier.org\/index.php\/produit\/banc-origami\/#webpage","url":"https:\/\/le-grenier.org\/index.php\/produit\/banc-origami\/","name":"Banc Origami - Le Grenier - brocante et am\u00e9nagement","isPartOf":{"@id":"https:\/\/le-grenier.org\/#website"},"primaryImageOfPage":{"@id":"https:\/\/le-grenier.org\/index.php\/produit\/banc-origami\/#primaryimage"},"datePublished":"2024-11-05T08:01:05+00:00","dateModified":"2025-04-25T05:43:04+00:00","breadcrumb":{"@id":"https:\/\/le-grenier.org\/index.php\/produit\/banc-origami\/#breadcrumb"},"inLanguage":"fr-FR","potentialAction":[{"@type":"ReadAction","target":["https:\/\/le-grenier.org\/index.php\/produit\/banc-origami\/"]}]},{"@type":"BreadcrumbList","@id":"https:\/\/le-grenier.org\/index.php\/produit\/banc-origami\/#breadcrumb","itemListElement":[{"@type":"ListItem","position":1,"name":"Accueil","item":"https:\/\/le-grenier.org\/"},{"@type":"ListItem","position":2,"name":"Boutique en ligne","item":"https:\/\/le-grenier.org\/"},{"@type":"ListItem","position":3,"name":"Banc Origami"}]}]}},"_links":{"self":[{"href":"https:\/\/le-grenier.org\/index.php\/wp-json\/wp\/v2\/product\/56959"}],"collection":[{"href":"https:\/\/le-grenier.org\/index.php\/wp-json\/wp\/v2\/product"}],"about":[{"href":"https:\/\/le-grenier.org\/index.php\/wp-json\/wp\/v2\/types\/product"}],"wp:featuredmedia":[{"embeddable":true,"href":"https:\/\/le-grenier.org\/index.php\/wp-json\/wp\/v2\/media\/56960"}],"wp:attachment":[{"href":"https:\/\/le-grenier.org\/index.php\/wp-json\/wp\/v2\/media?parent=56959"}],"wp:term":[{"taxonomy":"product_cat","embeddable":true,"href":"https:\/\/le-grenier.org\/index.php\/wp-json\/wp\/v2\/product_cat?post=56959"},{"taxonomy":"product_tag","embeddable":true,"href":"https:\/\/le-grenier.org\/index.php\/wp-json\/wp\/v2\/product_tag?post=56959"}],"curies":[{"name":"wp","href":"https:\/\/api.w.org\/{rel}","templated":true}]}}