{"id":57169,"date":"2025-02-01T10:30:32","date_gmt":"2025-02-01T09:30:32","guid":{"rendered":"https:\/\/le-grenier.org\/index.php\/produit\/panier-de-courses\/"},"modified":"2025-02-01T10:34:11","modified_gmt":"2025-02-01T09:34:11","slug":"panier-de-courses","status":"publish","type":"product","link":"https:\/\/le-grenier.org\/index.php\/produit\/panier-de-courses\/","title":{"rendered":"Panier de courses"},"content":{"rendered":"<p>Grand panier de courses ancien en m\u00e9tal<\/p>\n<p>Poign\u00e9es noires en Bak\u00e9lite<\/p>\n<p>Tr\u00e8s bon \u00e9tat<\/p>\n<p>Id\u00e9al au pied du canap\u00e9 pour y ranger les plaids, pelotes de laine, bouquins en attente\u2026 \u263a\ufe0f<\/p>\n<p>.<\/p>\n<p>.<\/p>\n<p>.<\/p>\n<p>Envoi rapide et soign\u00e9<\/p>\n<p>Retrait gratuit \u00e0 Amiens et Thezy-Glimont<\/p>\n","protected":false},"excerpt":{"rendered":"<p>Grand panier de courses ancien en m\u00e9tal Poign\u00e9es noires en Bak\u00e9lite Tr\u00e8s bon \u00e9tat Id\u00e9al au pied du canap\u00e9 pour&hellip;<\/p>\n","protected":false},"featured_media":57170,"template":"","meta":{"ngg_post_thumbnail":0},"product_cat":[39,35],"product_tag":[],"yoast_head":"<!-- This site is optimized with the Yoast SEO plugin v17.9 - https:\/\/yoast.com\/wordpress\/plugins\/seo\/ -->\n<title>Panier de courses - Le Grenier - brocante et am\u00e9nagement<\/title>\n<meta name=\"robots\" content=\"index, follow, max-snippet:-1, max-image-preview:large, max-video-preview:-1\" \/>\n<link rel=\"canonical\" href=\"https:\/\/le-grenier.org\/index.php\/produit\/panier-de-courses\/\" \/>\n<meta property=\"og:locale\" content=\"fr_FR\" \/>\n<meta property=\"og:type\" content=\"article\" \/>\n<meta property=\"og:title\" content=\"Panier de courses - Le Grenier - brocante et am\u00e9nagement\" \/>\n<meta property=\"og:description\" content=\"Grand panier de courses ancien en m\u00e9tal Poign\u00e9es noires en Bak\u00e9lite Tr\u00e8s bon \u00e9tat Id\u00e9al au pied du canap\u00e9 pour&hellip;\" \/>\n<meta property=\"og:url\" content=\"https:\/\/le-grenier.org\/index.php\/produit\/panier-de-courses\/\" \/>\n<meta property=\"og:site_name\" content=\"Le Grenier - brocante et am\u00e9nagement\" \/>\n<meta property=\"article:modified_time\" content=\"2025-02-01T09:34:11+00:00\" \/>\n<meta name=\"twitter:card\" content=\"summary_large_image\" \/>\n<script type=\"application\/ld+json\" class=\"yoast-schema-graph\">{\"@context\":\"https:\/\/schema.org\",\"@graph\":[{\"@type\":\"WebSite\",\"@id\":\"https:\/\/le-grenier.org\/#website\",\"url\":\"https:\/\/le-grenier.org\/\",\"name\":\"Le Grenier - brocante et am\\u00e9nagement\",\"description\":\"\",\"potentialAction\":[{\"@type\":\"SearchAction\",\"target\":{\"@type\":\"EntryPoint\",\"urlTemplate\":\"https:\/\/le-grenier.org\/?s={search_term_string}\"},\"query-input\":\"required name=search_term_string\"}],\"inLanguage\":\"fr-FR\"},{\"@type\":\"ImageObject\",\"@id\":\"https:\/\/le-grenier.org\/index.php\/produit\/panier-de-courses\/#primaryimage\",\"inLanguage\":\"fr-FR\",\"url\":\"https:\/\/le-grenier.org\/wp-content\/uploads\/2025\/02\/img_8953.jpeg\",\"contentUrl\":\"https:\/\/le-grenier.org\/wp-content\/uploads\/2025\/02\/img_8953.jpeg\",\"width\":828,\"height\":796},{\"@type\":\"WebPage\",\"@id\":\"https:\/\/le-grenier.org\/index.php\/produit\/panier-de-courses\/#webpage\",\"url\":\"https:\/\/le-grenier.org\/index.php\/produit\/panier-de-courses\/\",\"name\":\"Panier de courses - Le Grenier - brocante et am\\u00e9nagement\",\"isPartOf\":{\"@id\":\"https:\/\/le-grenier.org\/#website\"},\"primaryImageOfPage\":{\"@id\":\"https:\/\/le-grenier.org\/index.php\/produit\/panier-de-courses\/#primaryimage\"},\"datePublished\":\"2025-02-01T09:30:32+00:00\",\"dateModified\":\"2025-02-01T09:34:11+00:00\",\"breadcrumb\":{\"@id\":\"https:\/\/le-grenier.org\/index.php\/produit\/panier-de-courses\/#breadcrumb\"},\"inLanguage\":\"fr-FR\",\"potentialAction\":[{\"@type\":\"ReadAction\",\"target\":[\"https:\/\/le-grenier.org\/index.php\/produit\/panier-de-courses\/\"]}]},{\"@type\":\"BreadcrumbList\",\"@id\":\"https:\/\/le-grenier.org\/index.php\/produit\/panier-de-courses\/#breadcrumb\",\"itemListElement\":[{\"@type\":\"ListItem\",\"position\":1,\"name\":\"Accueil\",\"item\":\"https:\/\/le-grenier.org\/\"},{\"@type\":\"ListItem\",\"position\":2,\"name\":\"Boutique en ligne\",\"item\":\"https:\/\/le-grenier.org\/\"},{\"@type\":\"ListItem\",\"position\":3,\"name\":\"Panier de courses\"}]}]}<\/script>\n<!-- \/ Yoast SEO plugin. -->","yoast_head_json":{"title":"Panier de courses - Le Grenier - brocante et am\u00e9nagement","robots":{"index":"index","follow":"follow","max-snippet":"max-snippet:-1","max-image-preview":"max-image-preview:large","max-video-preview":"max-video-preview:-1"},"canonical":"https:\/\/le-grenier.org\/index.php\/produit\/panier-de-courses\/","og_locale":"fr_FR","og_type":"article","og_title":"Panier de courses - Le Grenier - brocante et am\u00e9nagement","og_description":"Grand panier de courses ancien en m\u00e9tal Poign\u00e9es noires en Bak\u00e9lite Tr\u00e8s bon \u00e9tat Id\u00e9al au pied du canap\u00e9 pour&hellip;","og_url":"https:\/\/le-grenier.org\/index.php\/produit\/panier-de-courses\/","og_site_name":"Le Grenier - brocante et am\u00e9nagement","article_modified_time":"2025-02-01T09:34:11+00:00","twitter_card":"summary_large_image","schema":{"@context":"https:\/\/schema.org","@graph":[{"@type":"WebSite","@id":"https:\/\/le-grenier.org\/#website","url":"https:\/\/le-grenier.org\/","name":"Le Grenier - brocante et am\u00e9nagement","description":"","potentialAction":[{"@type":"SearchAction","target":{"@type":"EntryPoint","urlTemplate":"https:\/\/le-grenier.org\/?s={search_term_string}"},"query-input":"required name=search_term_string"}],"inLanguage":"fr-FR"},{"@type":"ImageObject","@id":"https:\/\/le-grenier.org\/index.php\/produit\/panier-de-courses\/#primaryimage","inLanguage":"fr-FR","url":"https:\/\/le-grenier.org\/wp-content\/uploads\/2025\/02\/img_8953.jpeg","contentUrl":"https:\/\/le-grenier.org\/wp-content\/uploads\/2025\/02\/img_8953.jpeg","width":828,"height":796},{"@type":"WebPage","@id":"https:\/\/le-grenier.org\/index.php\/produit\/panier-de-courses\/#webpage","url":"https:\/\/le-grenier.org\/index.php\/produit\/panier-de-courses\/","name":"Panier de courses - Le Grenier - brocante et am\u00e9nagement","isPartOf":{"@id":"https:\/\/le-grenier.org\/#website"},"primaryImageOfPage":{"@id":"https:\/\/le-grenier.org\/index.php\/produit\/panier-de-courses\/#primaryimage"},"datePublished":"2025-02-01T09:30:32+00:00","dateModified":"2025-02-01T09:34:11+00:00","breadcrumb":{"@id":"https:\/\/le-grenier.org\/index.php\/produit\/panier-de-courses\/#breadcrumb"},"inLanguage":"fr-FR","potentialAction":[{"@type":"ReadAction","target":["https:\/\/le-grenier.org\/index.php\/produit\/panier-de-courses\/"]}]},{"@type":"BreadcrumbList","@id":"https:\/\/le-grenier.org\/index.php\/produit\/panier-de-courses\/#breadcrumb","itemListElement":[{"@type":"ListItem","position":1,"name":"Accueil","item":"https:\/\/le-grenier.org\/"},{"@type":"ListItem","position":2,"name":"Boutique en ligne","item":"https:\/\/le-grenier.org\/"},{"@type":"ListItem","position":3,"name":"Panier de courses"}]}]}},"_links":{"self":[{"href":"https:\/\/le-grenier.org\/index.php\/wp-json\/wp\/v2\/product\/57169"}],"collection":[{"href":"https:\/\/le-grenier.org\/index.php\/wp-json\/wp\/v2\/product"}],"about":[{"href":"https:\/\/le-grenier.org\/index.php\/wp-json\/wp\/v2\/types\/product"}],"wp:featuredmedia":[{"embeddable":true,"href":"https:\/\/le-grenier.org\/index.php\/wp-json\/wp\/v2\/media\/57170"}],"wp:attachment":[{"href":"https:\/\/le-grenier.org\/index.php\/wp-json\/wp\/v2\/media?parent=57169"}],"wp:term":[{"taxonomy":"product_cat","embeddable":true,"href":"https:\/\/le-grenier.org\/index.php\/wp-json\/wp\/v2\/product_cat?post=57169"},{"taxonomy":"product_tag","embeddable":true,"href":"https:\/\/le-grenier.org\/index.php\/wp-json\/wp\/v2\/product_tag?post=57169"}],"curies":[{"name":"wp","href":"https:\/\/api.w.org\/{rel}","templated":true}]}}