{"id":57178,"date":"2025-02-02T09:53:07","date_gmt":"2025-02-02T08:53:07","guid":{"rendered":"https:\/\/le-grenier.org\/index.php\/produit\/filet-de-peche\/"},"modified":"2025-02-02T16:00:20","modified_gmt":"2025-02-02T15:00:20","slug":"filet-de-peche","status":"publish","type":"product","link":"https:\/\/le-grenier.org\/index.php\/produit\/filet-de-peche\/","title":{"rendered":"Filet de p\u00eache"},"content":{"rendered":"<p>Filet de p\u00eache, pied en bois et m\u00e9tal<\/p>\n<p>190cm de hauteur<\/p>\n<p>Tr\u00e8s bon \u00e9tat<\/p>\n<p>Dans une d\u00e9co bord de mer ou sur un mur, il apportera une touche d\u2019authenticit\u00e9<\/p>\n","protected":false},"excerpt":{"rendered":"<p>Filet de p\u00eache, pied en bois et m\u00e9tal 190cm de hauteur Tr\u00e8s bon \u00e9tat Dans une d\u00e9co bord de mer&hellip;<\/p>\n","protected":false},"featured_media":57172,"template":"","meta":{"ngg_post_thumbnail":0},"product_cat":[58,40,23],"product_tag":[],"yoast_head":"<!-- This site is optimized with the Yoast SEO plugin v17.9 - https:\/\/yoast.com\/wordpress\/plugins\/seo\/ -->\n<title>Filet de p\u00eache - Le Grenier - brocante et am\u00e9nagement<\/title>\n<meta name=\"robots\" content=\"index, follow, max-snippet:-1, max-image-preview:large, max-video-preview:-1\" \/>\n<link rel=\"canonical\" href=\"https:\/\/le-grenier.org\/index.php\/produit\/filet-de-peche\/\" \/>\n<meta property=\"og:locale\" content=\"fr_FR\" \/>\n<meta property=\"og:type\" content=\"article\" \/>\n<meta property=\"og:title\" content=\"Filet de p\u00eache - Le Grenier - brocante et am\u00e9nagement\" \/>\n<meta property=\"og:description\" content=\"Filet de p\u00eache, pied en bois et m\u00e9tal 190cm de hauteur Tr\u00e8s bon \u00e9tat Dans une d\u00e9co bord de mer&hellip;\" \/>\n<meta property=\"og:url\" content=\"https:\/\/le-grenier.org\/index.php\/produit\/filet-de-peche\/\" \/>\n<meta property=\"og:site_name\" content=\"Le Grenier - brocante et am\u00e9nagement\" \/>\n<meta property=\"article:modified_time\" content=\"2025-02-02T15:00:20+00:00\" \/>\n<meta name=\"twitter:card\" content=\"summary_large_image\" \/>\n<script type=\"application\/ld+json\" class=\"yoast-schema-graph\">{\"@context\":\"https:\/\/schema.org\",\"@graph\":[{\"@type\":\"WebSite\",\"@id\":\"https:\/\/le-grenier.org\/#website\",\"url\":\"https:\/\/le-grenier.org\/\",\"name\":\"Le Grenier - brocante et am\\u00e9nagement\",\"description\":\"\",\"potentialAction\":[{\"@type\":\"SearchAction\",\"target\":{\"@type\":\"EntryPoint\",\"urlTemplate\":\"https:\/\/le-grenier.org\/?s={search_term_string}\"},\"query-input\":\"required name=search_term_string\"}],\"inLanguage\":\"fr-FR\"},{\"@type\":\"ImageObject\",\"@id\":\"https:\/\/le-grenier.org\/index.php\/produit\/filet-de-peche\/#primaryimage\",\"inLanguage\":\"fr-FR\",\"url\":\"https:\/\/le-grenier.org\/wp-content\/uploads\/2025\/02\/img_8887-scaled.jpeg\",\"contentUrl\":\"https:\/\/le-grenier.org\/wp-content\/uploads\/2025\/02\/img_8887-scaled.jpeg\",\"width\":1920,\"height\":2560},{\"@type\":\"WebPage\",\"@id\":\"https:\/\/le-grenier.org\/index.php\/produit\/filet-de-peche\/#webpage\",\"url\":\"https:\/\/le-grenier.org\/index.php\/produit\/filet-de-peche\/\",\"name\":\"Filet de p\\u00eache - Le Grenier - brocante et am\\u00e9nagement\",\"isPartOf\":{\"@id\":\"https:\/\/le-grenier.org\/#website\"},\"primaryImageOfPage\":{\"@id\":\"https:\/\/le-grenier.org\/index.php\/produit\/filet-de-peche\/#primaryimage\"},\"datePublished\":\"2025-02-02T08:53:07+00:00\",\"dateModified\":\"2025-02-02T15:00:20+00:00\",\"breadcrumb\":{\"@id\":\"https:\/\/le-grenier.org\/index.php\/produit\/filet-de-peche\/#breadcrumb\"},\"inLanguage\":\"fr-FR\",\"potentialAction\":[{\"@type\":\"ReadAction\",\"target\":[\"https:\/\/le-grenier.org\/index.php\/produit\/filet-de-peche\/\"]}]},{\"@type\":\"BreadcrumbList\",\"@id\":\"https:\/\/le-grenier.org\/index.php\/produit\/filet-de-peche\/#breadcrumb\",\"itemListElement\":[{\"@type\":\"ListItem\",\"position\":1,\"name\":\"Accueil\",\"item\":\"https:\/\/le-grenier.org\/\"},{\"@type\":\"ListItem\",\"position\":2,\"name\":\"Boutique en ligne\",\"item\":\"https:\/\/le-grenier.org\/\"},{\"@type\":\"ListItem\",\"position\":3,\"name\":\"Filet de p\\u00eache\"}]}]}<\/script>\n<!-- \/ Yoast SEO plugin. -->","yoast_head_json":{"title":"Filet de p\u00eache - Le Grenier - brocante et am\u00e9nagement","robots":{"index":"index","follow":"follow","max-snippet":"max-snippet:-1","max-image-preview":"max-image-preview:large","max-video-preview":"max-video-preview:-1"},"canonical":"https:\/\/le-grenier.org\/index.php\/produit\/filet-de-peche\/","og_locale":"fr_FR","og_type":"article","og_title":"Filet de p\u00eache - Le Grenier - brocante et am\u00e9nagement","og_description":"Filet de p\u00eache, pied en bois et m\u00e9tal 190cm de hauteur Tr\u00e8s bon \u00e9tat Dans une d\u00e9co bord de mer&hellip;","og_url":"https:\/\/le-grenier.org\/index.php\/produit\/filet-de-peche\/","og_site_name":"Le Grenier - brocante et am\u00e9nagement","article_modified_time":"2025-02-02T15:00:20+00:00","twitter_card":"summary_large_image","schema":{"@context":"https:\/\/schema.org","@graph":[{"@type":"WebSite","@id":"https:\/\/le-grenier.org\/#website","url":"https:\/\/le-grenier.org\/","name":"Le Grenier - brocante et am\u00e9nagement","description":"","potentialAction":[{"@type":"SearchAction","target":{"@type":"EntryPoint","urlTemplate":"https:\/\/le-grenier.org\/?s={search_term_string}"},"query-input":"required name=search_term_string"}],"inLanguage":"fr-FR"},{"@type":"ImageObject","@id":"https:\/\/le-grenier.org\/index.php\/produit\/filet-de-peche\/#primaryimage","inLanguage":"fr-FR","url":"https:\/\/le-grenier.org\/wp-content\/uploads\/2025\/02\/img_8887-scaled.jpeg","contentUrl":"https:\/\/le-grenier.org\/wp-content\/uploads\/2025\/02\/img_8887-scaled.jpeg","width":1920,"height":2560},{"@type":"WebPage","@id":"https:\/\/le-grenier.org\/index.php\/produit\/filet-de-peche\/#webpage","url":"https:\/\/le-grenier.org\/index.php\/produit\/filet-de-peche\/","name":"Filet de p\u00eache - Le Grenier - brocante et am\u00e9nagement","isPartOf":{"@id":"https:\/\/le-grenier.org\/#website"},"primaryImageOfPage":{"@id":"https:\/\/le-grenier.org\/index.php\/produit\/filet-de-peche\/#primaryimage"},"datePublished":"2025-02-02T08:53:07+00:00","dateModified":"2025-02-02T15:00:20+00:00","breadcrumb":{"@id":"https:\/\/le-grenier.org\/index.php\/produit\/filet-de-peche\/#breadcrumb"},"inLanguage":"fr-FR","potentialAction":[{"@type":"ReadAction","target":["https:\/\/le-grenier.org\/index.php\/produit\/filet-de-peche\/"]}]},{"@type":"BreadcrumbList","@id":"https:\/\/le-grenier.org\/index.php\/produit\/filet-de-peche\/#breadcrumb","itemListElement":[{"@type":"ListItem","position":1,"name":"Accueil","item":"https:\/\/le-grenier.org\/"},{"@type":"ListItem","position":2,"name":"Boutique en ligne","item":"https:\/\/le-grenier.org\/"},{"@type":"ListItem","position":3,"name":"Filet de p\u00eache"}]}]}},"_links":{"self":[{"href":"https:\/\/le-grenier.org\/index.php\/wp-json\/wp\/v2\/product\/57178"}],"collection":[{"href":"https:\/\/le-grenier.org\/index.php\/wp-json\/wp\/v2\/product"}],"about":[{"href":"https:\/\/le-grenier.org\/index.php\/wp-json\/wp\/v2\/types\/product"}],"wp:featuredmedia":[{"embeddable":true,"href":"https:\/\/le-grenier.org\/index.php\/wp-json\/wp\/v2\/media\/57172"}],"wp:attachment":[{"href":"https:\/\/le-grenier.org\/index.php\/wp-json\/wp\/v2\/media?parent=57178"}],"wp:term":[{"taxonomy":"product_cat","embeddable":true,"href":"https:\/\/le-grenier.org\/index.php\/wp-json\/wp\/v2\/product_cat?post=57178"},{"taxonomy":"product_tag","embeddable":true,"href":"https:\/\/le-grenier.org\/index.php\/wp-json\/wp\/v2\/product_tag?post=57178"}],"curies":[{"name":"wp","href":"https:\/\/api.w.org\/{rel}","templated":true}]}}