{"id":57827,"date":"2025-06-26T11:50:44","date_gmt":"2025-06-26T09:50:44","guid":{"rendered":"https:\/\/le-grenier.org\/index.php\/produit\/pichet-hongrie\/"},"modified":"2025-06-26T11:51:52","modified_gmt":"2025-06-26T09:51:52","slug":"pichet-hongrie","status":"publish","type":"product","link":"https:\/\/le-grenier.org\/index.php\/produit\/pichet-hongrie\/","title":{"rendered":"Pichet Hongrie"},"content":{"rendered":"<p>Pichet en terre cuite verniss\u00e9e<\/p>\n<p>Excellent \u00e9tat<\/p>\n<p>Hongrie, Vers 1960<\/p>\n<p>Belles couleurs dans les tons vert et orange<\/p>\n<p>Peint \u00e0 la main<\/p>\n<p>Hauteur 21cm<\/p>\n<p>\ud83d\udccd Envoi rapide et soign\u00e9 possible ou remise en main propre Amiens ou Thezy-Glimont<\/p>\n","protected":false},"excerpt":{"rendered":"<p>Pichet en terre cuite verniss\u00e9e Excellent \u00e9tat Hongrie, Vers 1960 Belles couleurs dans les tons vert et orange Peint \u00e0&hellip;<\/p>\n","protected":false},"featured_media":57828,"template":"","meta":{"ngg_post_thumbnail":0},"product_cat":[40,46,48],"product_tag":[],"yoast_head":"<!-- This site is optimized with the Yoast SEO plugin v17.9 - https:\/\/yoast.com\/wordpress\/plugins\/seo\/ -->\n<title>Pichet Hongrie - Le Grenier - brocante et am\u00e9nagement<\/title>\n<meta name=\"robots\" content=\"index, follow, max-snippet:-1, max-image-preview:large, max-video-preview:-1\" \/>\n<link rel=\"canonical\" href=\"https:\/\/le-grenier.org\/index.php\/produit\/pichet-hongrie\/\" \/>\n<meta property=\"og:locale\" content=\"fr_FR\" \/>\n<meta property=\"og:type\" content=\"article\" \/>\n<meta property=\"og:title\" content=\"Pichet Hongrie - Le Grenier - brocante et am\u00e9nagement\" \/>\n<meta property=\"og:description\" content=\"Pichet en terre cuite verniss\u00e9e Excellent \u00e9tat Hongrie, Vers 1960 Belles couleurs dans les tons vert et orange Peint \u00e0&hellip;\" \/>\n<meta property=\"og:url\" content=\"https:\/\/le-grenier.org\/index.php\/produit\/pichet-hongrie\/\" \/>\n<meta property=\"og:site_name\" content=\"Le Grenier - brocante et am\u00e9nagement\" \/>\n<meta property=\"article:modified_time\" content=\"2025-06-26T09:51:52+00:00\" \/>\n<meta name=\"twitter:card\" content=\"summary_large_image\" \/>\n<script type=\"application\/ld+json\" class=\"yoast-schema-graph\">{\"@context\":\"https:\/\/schema.org\",\"@graph\":[{\"@type\":\"WebSite\",\"@id\":\"https:\/\/le-grenier.org\/#website\",\"url\":\"https:\/\/le-grenier.org\/\",\"name\":\"Le Grenier - brocante et am\\u00e9nagement\",\"description\":\"\",\"potentialAction\":[{\"@type\":\"SearchAction\",\"target\":{\"@type\":\"EntryPoint\",\"urlTemplate\":\"https:\/\/le-grenier.org\/?s={search_term_string}\"},\"query-input\":\"required name=search_term_string\"}],\"inLanguage\":\"fr-FR\"},{\"@type\":\"ImageObject\",\"@id\":\"https:\/\/le-grenier.org\/index.php\/produit\/pichet-hongrie\/#primaryimage\",\"inLanguage\":\"fr-FR\",\"url\":\"https:\/\/le-grenier.org\/wp-content\/uploads\/2025\/06\/img_1119.jpeg\",\"contentUrl\":\"https:\/\/le-grenier.org\/wp-content\/uploads\/2025\/06\/img_1119.jpeg\",\"width\":1170,\"height\":1614},{\"@type\":\"WebPage\",\"@id\":\"https:\/\/le-grenier.org\/index.php\/produit\/pichet-hongrie\/#webpage\",\"url\":\"https:\/\/le-grenier.org\/index.php\/produit\/pichet-hongrie\/\",\"name\":\"Pichet Hongrie - Le Grenier - brocante et am\\u00e9nagement\",\"isPartOf\":{\"@id\":\"https:\/\/le-grenier.org\/#website\"},\"primaryImageOfPage\":{\"@id\":\"https:\/\/le-grenier.org\/index.php\/produit\/pichet-hongrie\/#primaryimage\"},\"datePublished\":\"2025-06-26T09:50:44+00:00\",\"dateModified\":\"2025-06-26T09:51:52+00:00\",\"breadcrumb\":{\"@id\":\"https:\/\/le-grenier.org\/index.php\/produit\/pichet-hongrie\/#breadcrumb\"},\"inLanguage\":\"fr-FR\",\"potentialAction\":[{\"@type\":\"ReadAction\",\"target\":[\"https:\/\/le-grenier.org\/index.php\/produit\/pichet-hongrie\/\"]}]},{\"@type\":\"BreadcrumbList\",\"@id\":\"https:\/\/le-grenier.org\/index.php\/produit\/pichet-hongrie\/#breadcrumb\",\"itemListElement\":[{\"@type\":\"ListItem\",\"position\":1,\"name\":\"Accueil\",\"item\":\"https:\/\/le-grenier.org\/\"},{\"@type\":\"ListItem\",\"position\":2,\"name\":\"Boutique en ligne\",\"item\":\"https:\/\/le-grenier.org\/\"},{\"@type\":\"ListItem\",\"position\":3,\"name\":\"Pichet Hongrie\"}]}]}<\/script>\n<!-- \/ Yoast SEO plugin. -->","yoast_head_json":{"title":"Pichet Hongrie - Le Grenier - brocante et am\u00e9nagement","robots":{"index":"index","follow":"follow","max-snippet":"max-snippet:-1","max-image-preview":"max-image-preview:large","max-video-preview":"max-video-preview:-1"},"canonical":"https:\/\/le-grenier.org\/index.php\/produit\/pichet-hongrie\/","og_locale":"fr_FR","og_type":"article","og_title":"Pichet Hongrie - Le Grenier - brocante et am\u00e9nagement","og_description":"Pichet en terre cuite verniss\u00e9e Excellent \u00e9tat Hongrie, Vers 1960 Belles couleurs dans les tons vert et orange Peint \u00e0&hellip;","og_url":"https:\/\/le-grenier.org\/index.php\/produit\/pichet-hongrie\/","og_site_name":"Le Grenier - brocante et am\u00e9nagement","article_modified_time":"2025-06-26T09:51:52+00:00","twitter_card":"summary_large_image","schema":{"@context":"https:\/\/schema.org","@graph":[{"@type":"WebSite","@id":"https:\/\/le-grenier.org\/#website","url":"https:\/\/le-grenier.org\/","name":"Le Grenier - brocante et am\u00e9nagement","description":"","potentialAction":[{"@type":"SearchAction","target":{"@type":"EntryPoint","urlTemplate":"https:\/\/le-grenier.org\/?s={search_term_string}"},"query-input":"required name=search_term_string"}],"inLanguage":"fr-FR"},{"@type":"ImageObject","@id":"https:\/\/le-grenier.org\/index.php\/produit\/pichet-hongrie\/#primaryimage","inLanguage":"fr-FR","url":"https:\/\/le-grenier.org\/wp-content\/uploads\/2025\/06\/img_1119.jpeg","contentUrl":"https:\/\/le-grenier.org\/wp-content\/uploads\/2025\/06\/img_1119.jpeg","width":1170,"height":1614},{"@type":"WebPage","@id":"https:\/\/le-grenier.org\/index.php\/produit\/pichet-hongrie\/#webpage","url":"https:\/\/le-grenier.org\/index.php\/produit\/pichet-hongrie\/","name":"Pichet Hongrie - Le Grenier - brocante et am\u00e9nagement","isPartOf":{"@id":"https:\/\/le-grenier.org\/#website"},"primaryImageOfPage":{"@id":"https:\/\/le-grenier.org\/index.php\/produit\/pichet-hongrie\/#primaryimage"},"datePublished":"2025-06-26T09:50:44+00:00","dateModified":"2025-06-26T09:51:52+00:00","breadcrumb":{"@id":"https:\/\/le-grenier.org\/index.php\/produit\/pichet-hongrie\/#breadcrumb"},"inLanguage":"fr-FR","potentialAction":[{"@type":"ReadAction","target":["https:\/\/le-grenier.org\/index.php\/produit\/pichet-hongrie\/"]}]},{"@type":"BreadcrumbList","@id":"https:\/\/le-grenier.org\/index.php\/produit\/pichet-hongrie\/#breadcrumb","itemListElement":[{"@type":"ListItem","position":1,"name":"Accueil","item":"https:\/\/le-grenier.org\/"},{"@type":"ListItem","position":2,"name":"Boutique en ligne","item":"https:\/\/le-grenier.org\/"},{"@type":"ListItem","position":3,"name":"Pichet Hongrie"}]}]}},"_links":{"self":[{"href":"https:\/\/le-grenier.org\/index.php\/wp-json\/wp\/v2\/product\/57827"}],"collection":[{"href":"https:\/\/le-grenier.org\/index.php\/wp-json\/wp\/v2\/product"}],"about":[{"href":"https:\/\/le-grenier.org\/index.php\/wp-json\/wp\/v2\/types\/product"}],"wp:featuredmedia":[{"embeddable":true,"href":"https:\/\/le-grenier.org\/index.php\/wp-json\/wp\/v2\/media\/57828"}],"wp:attachment":[{"href":"https:\/\/le-grenier.org\/index.php\/wp-json\/wp\/v2\/media?parent=57827"}],"wp:term":[{"taxonomy":"product_cat","embeddable":true,"href":"https:\/\/le-grenier.org\/index.php\/wp-json\/wp\/v2\/product_cat?post=57827"},{"taxonomy":"product_tag","embeddable":true,"href":"https:\/\/le-grenier.org\/index.php\/wp-json\/wp\/v2\/product_tag?post=57827"}],"curies":[{"name":"wp","href":"https:\/\/api.w.org\/{rel}","templated":true}]}}