{"id":57848,"date":"2025-06-29T15:40:35","date_gmt":"2025-06-29T13:40:35","guid":{"rendered":"https:\/\/le-grenier.org\/index.php\/produit\/trio-de-plaques\/"},"modified":"2025-07-19T18:56:13","modified_gmt":"2025-07-19T16:56:13","slug":"trio-de-plaques","status":"publish","type":"product","link":"https:\/\/le-grenier.org\/index.php\/produit\/trio-de-plaques\/","title":{"rendered":"Plaque cuisine"},"content":{"rendered":"<p>Plaquette en terre cuite bleu marine<\/p>\n<p>Poterie Friedmann<\/p>\n<p>Fabrication artisanale \u00e0 partir de la Terre Naturelle de Soufflenheim.<\/p>\n<p>L\u00e9g\u00e8re, elle se fixe facilement sur votre mur gr\u00e2ce aux deux orifices pr\u00e9sents sur chaque c\u00f4t\u00e9 de la plaquette.<\/p>\n<p>14x9cm<\/p>\n<p>Tr\u00e8s bon \u00e9tat<\/p>\n<p>\u2014-<\/p>\n<p>L\u2019entreprise familiale Friedmann est apparue en 1802, ce qui fait d\u2019eux les plus anciens potiers de Soufflenheim.<\/p>\n<p>Depuis 7 g\u00e9n\u00e9rations, leurs savoir-faire restent fid\u00e8les aux enseignements de leurs anc\u00eatres.<\/p>\n<p>Toute leur gamme est fabriqu\u00e9e artisanalement dans leurs ateliers. \u00ab Nous faisons partie des rares potiers qui continuent \u00e0 travailler avec la Terre Naturelle de Soufflenheim, r\u00e9put\u00e9e pour ses qualit\u00e9s r\u00e9fractaires. L\u2019extraction de l\u2019argile et sa pr\u00e9paration demandent beaucoup d\u2019efforts et repr\u00e9sentent un co\u00fbt.<\/p>\n<p>Aujourd\u2019hui comme autrefois, la cuisson dans la Terre \u00e9voque le foyer, la f\u00eate, un certain art de vivre.<\/p>\n<p>\ud83d\udccd Envoi rapide et soign\u00e9 possible ou remise en main propre Amiens ou Thezy-Glimont<\/p>\n","protected":false},"excerpt":{"rendered":"<p>Plaquette en terre cuite bleu marine Poterie Friedmann Fabrication artisanale \u00e0 partir de la Terre Naturelle de Soufflenheim. L\u00e9g\u00e8re, elle&hellip;<\/p>\n","protected":false},"featured_media":57849,"template":"","meta":{"ngg_post_thumbnail":0},"product_cat":[40,27],"product_tag":[],"yoast_head":"<!-- This site is optimized with the Yoast SEO plugin v17.9 - https:\/\/yoast.com\/wordpress\/plugins\/seo\/ -->\n<title>Plaque cuisine - Le Grenier - brocante et am\u00e9nagement<\/title>\n<meta name=\"robots\" content=\"index, follow, max-snippet:-1, max-image-preview:large, max-video-preview:-1\" \/>\n<link rel=\"canonical\" href=\"https:\/\/le-grenier.org\/index.php\/produit\/trio-de-plaques\/\" \/>\n<meta property=\"og:locale\" content=\"fr_FR\" \/>\n<meta property=\"og:type\" content=\"article\" \/>\n<meta property=\"og:title\" content=\"Plaque cuisine - Le Grenier - brocante et am\u00e9nagement\" \/>\n<meta property=\"og:description\" content=\"Plaquette en terre cuite bleu marine Poterie Friedmann Fabrication artisanale \u00e0 partir de la Terre Naturelle de Soufflenheim. L\u00e9g\u00e8re, elle&hellip;\" \/>\n<meta property=\"og:url\" content=\"https:\/\/le-grenier.org\/index.php\/produit\/trio-de-plaques\/\" \/>\n<meta property=\"og:site_name\" content=\"Le Grenier - brocante et am\u00e9nagement\" \/>\n<meta property=\"article:modified_time\" content=\"2025-07-19T16:56:13+00:00\" \/>\n<meta property=\"og:image\" content=\"https:\/\/le-grenier.org\/wp-content\/uploads\/2025\/06\/img_1173.jpeg\" \/>\n\t<meta property=\"og:image:width\" content=\"1170\" \/>\n\t<meta property=\"og:image:height\" content=\"1348\" \/>\n\t<meta property=\"og:image:type\" content=\"image\/jpeg\" \/>\n<meta name=\"twitter:card\" content=\"summary_large_image\" \/>\n<meta name=\"twitter:label1\" content=\"Dur\u00e9e de lecture estim\u00e9e\" \/>\n\t<meta name=\"twitter:data1\" content=\"1 minute\" \/>\n<script type=\"application\/ld+json\" class=\"yoast-schema-graph\">{\"@context\":\"https:\/\/schema.org\",\"@graph\":[{\"@type\":\"WebSite\",\"@id\":\"https:\/\/le-grenier.org\/#website\",\"url\":\"https:\/\/le-grenier.org\/\",\"name\":\"Le Grenier - brocante et am\\u00e9nagement\",\"description\":\"\",\"potentialAction\":[{\"@type\":\"SearchAction\",\"target\":{\"@type\":\"EntryPoint\",\"urlTemplate\":\"https:\/\/le-grenier.org\/?s={search_term_string}\"},\"query-input\":\"required name=search_term_string\"}],\"inLanguage\":\"fr-FR\"},{\"@type\":\"ImageObject\",\"@id\":\"https:\/\/le-grenier.org\/index.php\/produit\/trio-de-plaques\/#primaryimage\",\"inLanguage\":\"fr-FR\",\"url\":\"https:\/\/le-grenier.org\/wp-content\/uploads\/2025\/06\/img_1173.jpeg\",\"contentUrl\":\"https:\/\/le-grenier.org\/wp-content\/uploads\/2025\/06\/img_1173.jpeg\",\"width\":1170,\"height\":1348},{\"@type\":\"WebPage\",\"@id\":\"https:\/\/le-grenier.org\/index.php\/produit\/trio-de-plaques\/#webpage\",\"url\":\"https:\/\/le-grenier.org\/index.php\/produit\/trio-de-plaques\/\",\"name\":\"Plaque cuisine - Le Grenier - brocante et am\\u00e9nagement\",\"isPartOf\":{\"@id\":\"https:\/\/le-grenier.org\/#website\"},\"primaryImageOfPage\":{\"@id\":\"https:\/\/le-grenier.org\/index.php\/produit\/trio-de-plaques\/#primaryimage\"},\"datePublished\":\"2025-06-29T13:40:35+00:00\",\"dateModified\":\"2025-07-19T16:56:13+00:00\",\"breadcrumb\":{\"@id\":\"https:\/\/le-grenier.org\/index.php\/produit\/trio-de-plaques\/#breadcrumb\"},\"inLanguage\":\"fr-FR\",\"potentialAction\":[{\"@type\":\"ReadAction\",\"target\":[\"https:\/\/le-grenier.org\/index.php\/produit\/trio-de-plaques\/\"]}]},{\"@type\":\"BreadcrumbList\",\"@id\":\"https:\/\/le-grenier.org\/index.php\/produit\/trio-de-plaques\/#breadcrumb\",\"itemListElement\":[{\"@type\":\"ListItem\",\"position\":1,\"name\":\"Accueil\",\"item\":\"https:\/\/le-grenier.org\/\"},{\"@type\":\"ListItem\",\"position\":2,\"name\":\"Boutique en ligne\",\"item\":\"https:\/\/le-grenier.org\/\"},{\"@type\":\"ListItem\",\"position\":3,\"name\":\"Plaque cuisine\"}]}]}<\/script>\n<!-- \/ Yoast SEO plugin. -->","yoast_head_json":{"title":"Plaque cuisine - Le Grenier - brocante et am\u00e9nagement","robots":{"index":"index","follow":"follow","max-snippet":"max-snippet:-1","max-image-preview":"max-image-preview:large","max-video-preview":"max-video-preview:-1"},"canonical":"https:\/\/le-grenier.org\/index.php\/produit\/trio-de-plaques\/","og_locale":"fr_FR","og_type":"article","og_title":"Plaque cuisine - Le Grenier - brocante et am\u00e9nagement","og_description":"Plaquette en terre cuite bleu marine Poterie Friedmann Fabrication artisanale \u00e0 partir de la Terre Naturelle de Soufflenheim. L\u00e9g\u00e8re, elle&hellip;","og_url":"https:\/\/le-grenier.org\/index.php\/produit\/trio-de-plaques\/","og_site_name":"Le Grenier - brocante et am\u00e9nagement","article_modified_time":"2025-07-19T16:56:13+00:00","og_image":[{"width":1170,"height":1348,"url":"https:\/\/le-grenier.org\/wp-content\/uploads\/2025\/06\/img_1173.jpeg","type":"image\/jpeg"}],"twitter_card":"summary_large_image","twitter_misc":{"Dur\u00e9e de lecture estim\u00e9e":"1 minute"},"schema":{"@context":"https:\/\/schema.org","@graph":[{"@type":"WebSite","@id":"https:\/\/le-grenier.org\/#website","url":"https:\/\/le-grenier.org\/","name":"Le Grenier - brocante et am\u00e9nagement","description":"","potentialAction":[{"@type":"SearchAction","target":{"@type":"EntryPoint","urlTemplate":"https:\/\/le-grenier.org\/?s={search_term_string}"},"query-input":"required name=search_term_string"}],"inLanguage":"fr-FR"},{"@type":"ImageObject","@id":"https:\/\/le-grenier.org\/index.php\/produit\/trio-de-plaques\/#primaryimage","inLanguage":"fr-FR","url":"https:\/\/le-grenier.org\/wp-content\/uploads\/2025\/06\/img_1173.jpeg","contentUrl":"https:\/\/le-grenier.org\/wp-content\/uploads\/2025\/06\/img_1173.jpeg","width":1170,"height":1348},{"@type":"WebPage","@id":"https:\/\/le-grenier.org\/index.php\/produit\/trio-de-plaques\/#webpage","url":"https:\/\/le-grenier.org\/index.php\/produit\/trio-de-plaques\/","name":"Plaque cuisine - Le Grenier - brocante et am\u00e9nagement","isPartOf":{"@id":"https:\/\/le-grenier.org\/#website"},"primaryImageOfPage":{"@id":"https:\/\/le-grenier.org\/index.php\/produit\/trio-de-plaques\/#primaryimage"},"datePublished":"2025-06-29T13:40:35+00:00","dateModified":"2025-07-19T16:56:13+00:00","breadcrumb":{"@id":"https:\/\/le-grenier.org\/index.php\/produit\/trio-de-plaques\/#breadcrumb"},"inLanguage":"fr-FR","potentialAction":[{"@type":"ReadAction","target":["https:\/\/le-grenier.org\/index.php\/produit\/trio-de-plaques\/"]}]},{"@type":"BreadcrumbList","@id":"https:\/\/le-grenier.org\/index.php\/produit\/trio-de-plaques\/#breadcrumb","itemListElement":[{"@type":"ListItem","position":1,"name":"Accueil","item":"https:\/\/le-grenier.org\/"},{"@type":"ListItem","position":2,"name":"Boutique en ligne","item":"https:\/\/le-grenier.org\/"},{"@type":"ListItem","position":3,"name":"Plaque cuisine"}]}]}},"_links":{"self":[{"href":"https:\/\/le-grenier.org\/index.php\/wp-json\/wp\/v2\/product\/57848"}],"collection":[{"href":"https:\/\/le-grenier.org\/index.php\/wp-json\/wp\/v2\/product"}],"about":[{"href":"https:\/\/le-grenier.org\/index.php\/wp-json\/wp\/v2\/types\/product"}],"wp:featuredmedia":[{"embeddable":true,"href":"https:\/\/le-grenier.org\/index.php\/wp-json\/wp\/v2\/media\/57849"}],"wp:attachment":[{"href":"https:\/\/le-grenier.org\/index.php\/wp-json\/wp\/v2\/media?parent=57848"}],"wp:term":[{"taxonomy":"product_cat","embeddable":true,"href":"https:\/\/le-grenier.org\/index.php\/wp-json\/wp\/v2\/product_cat?post=57848"},{"taxonomy":"product_tag","embeddable":true,"href":"https:\/\/le-grenier.org\/index.php\/wp-json\/wp\/v2\/product_tag?post=57848"}],"curies":[{"name":"wp","href":"https:\/\/api.w.org\/{rel}","templated":true}]}}