{"id":57871,"date":"2025-06-30T23:35:26","date_gmt":"2025-06-30T21:35:26","guid":{"rendered":"https:\/\/le-grenier.org\/index.php\/produit\/paire-de-chiliennes\/"},"modified":"2025-07-01T10:06:59","modified_gmt":"2025-07-01T08:06:59","slug":"paire-de-chiliennes","status":"publish","type":"product","link":"https:\/\/le-grenier.org\/index.php\/produit\/paire-de-chiliennes\/","title":{"rendered":"Paire de chiliennes"},"content":{"rendered":"<p>Paire de Chiliennes pliantes 1960 en bois vernis, Avec accoudoirs et repose pieds<\/p>\n<p>Tissu couleur rouge. Traces d\u2019usures normales.<\/p>\n<p>\u2014-<\/p>\n<p>Id\u00e9ale au salon ou au jardin, ou pour les pros dans une vitrine de shop ou un studio photo.<\/p>\n<p>Que ce soit sur une plage, \u00e0 l\u2019ombre d\u2019une terrasse ou sur un balcon de ville, ce si\u00e8ge si confortable sonne comme un \u00e9l\u00e9ment indissociable de l\u2019\u00e9t\u00e9. Si le transat est aujourd\u2019hui devenu un standard du mobilier de jardin, son histoire sent, elle, plut\u00f4t l\u2019air frais du grand large.<\/p>\n<p>En effet, les premiers si\u00e8ges de ce type font leur apparition officielle sur les paquebots de ligne effectuant la travers\u00e9e transatlantique (entre l\u2019Europe et l\u2019Am\u00e9rique), d\u00e8s la fin du XIXe si\u00e8cle. A l\u2019origine appel\u00e9e \u00ab chaise de pont \u00bb (deck chair), une confortable assise facilement pliable et empilable au moindre grain fait alors son apparition sur les pontons des bateaux pour s\u00e9duire la client\u00e8le ais\u00e9e. Les premiers mod\u00e8les sont en bois et en rotin et pourvus d\u2019un repose-pieds et d\u2019accoudoirs. Ils prendront tr\u00e8s vite le nom de \u00ab transat \u00bb, diminutif de \u00ab transatlantique \u00bb. Lors de l\u2019armement du paquebot France, en 1960, ceux de premi\u00e8re classe sont en aluminium laqu\u00e9 rouge.<\/p>\n<p>Sur terre, avec l\u2019arriv\u00e9e des cong\u00e9s pay\u00e9s en France, en 1936, et la naissance du tourisme de masse, le transat se r\u00e9pand \u00e9galement sur les plages. Le rotin est remplac\u00e9 par une toile de tissu solide, et le ch\u00e2ssis est d\u00e9sormais en teck, en acacia ou en h\u00eatre. Si sa paternit\u00e9 originelle n\u2019est pas connue, les designers modernistes vont, eux, s\u2019amuser \u00e0 redessiner ce nouveau mod\u00e8le de si\u00e8ge. Parmi les plus connus figure le Fauteuil Transat, de l\u2019architecte et designer fran\u00e7ais Robert Mallet-Stevens (1886-1945). Ce mod\u00e8le tr\u00e8s \u00e9pur\u00e9, fait d\u2019une simple toile de coton blanc cass\u00e9, suspendue \u00e0 une structure en t\u00f4le laqu\u00e9e vert, fut r\u00e9alis\u00e9 pour d\u00e9corer la piscine de la villa du vicomte Charles de Noailles, \u00e0 Hy\u00e8res, dans le Var, entre 1923 et 1925. L\u2019enseigne Habitat l\u2019a r\u00e9\u00e9dit\u00e9 en 2014.<\/p>\n<p>\u2014-<\/p>\n<p>Envoi rapide et soign\u00e9<\/p>\n<p>Ou retrait Amiens \/ Thezy-Glimont<\/p>\n","protected":false},"excerpt":{"rendered":"<p>Paire de Chiliennes pliantes 1960 en bois vernis, Avec accoudoirs et repose pieds Tissu couleur rouge. Traces d\u2019usures normales. \u2014-&hellip;<\/p>\n","protected":false},"featured_media":57872,"template":"","meta":{"ngg_post_thumbnail":0},"product_cat":[53,24],"product_tag":[],"yoast_head":"<!-- This site is optimized with the Yoast SEO plugin v17.9 - https:\/\/yoast.com\/wordpress\/plugins\/seo\/ -->\n<title>Paire de chiliennes - Le Grenier - brocante et am\u00e9nagement<\/title>\n<meta name=\"robots\" content=\"index, follow, max-snippet:-1, max-image-preview:large, max-video-preview:-1\" \/>\n<link rel=\"canonical\" href=\"https:\/\/le-grenier.org\/index.php\/produit\/paire-de-chiliennes\/\" \/>\n<meta property=\"og:locale\" content=\"fr_FR\" \/>\n<meta property=\"og:type\" content=\"article\" \/>\n<meta property=\"og:title\" content=\"Paire de chiliennes - Le Grenier - brocante et am\u00e9nagement\" \/>\n<meta property=\"og:description\" content=\"Paire de Chiliennes pliantes 1960 en bois vernis, Avec accoudoirs et repose pieds Tissu couleur rouge. Traces d\u2019usures normales. \u2014-&hellip;\" \/>\n<meta property=\"og:url\" content=\"https:\/\/le-grenier.org\/index.php\/produit\/paire-de-chiliennes\/\" \/>\n<meta property=\"og:site_name\" content=\"Le Grenier - brocante et am\u00e9nagement\" \/>\n<meta property=\"article:modified_time\" content=\"2025-07-01T08:06:59+00:00\" \/>\n<meta name=\"twitter:card\" content=\"summary_large_image\" \/>\n<meta name=\"twitter:label1\" content=\"Dur\u00e9e de lecture estim\u00e9e\" \/>\n\t<meta name=\"twitter:data1\" content=\"2 minutes\" \/>\n<script type=\"application\/ld+json\" class=\"yoast-schema-graph\">{\"@context\":\"https:\/\/schema.org\",\"@graph\":[{\"@type\":\"WebSite\",\"@id\":\"https:\/\/le-grenier.org\/#website\",\"url\":\"https:\/\/le-grenier.org\/\",\"name\":\"Le Grenier - brocante et am\\u00e9nagement\",\"description\":\"\",\"potentialAction\":[{\"@type\":\"SearchAction\",\"target\":{\"@type\":\"EntryPoint\",\"urlTemplate\":\"https:\/\/le-grenier.org\/?s={search_term_string}\"},\"query-input\":\"required name=search_term_string\"}],\"inLanguage\":\"fr-FR\"},{\"@type\":\"ImageObject\",\"@id\":\"https:\/\/le-grenier.org\/index.php\/produit\/paire-de-chiliennes\/#primaryimage\",\"inLanguage\":\"fr-FR\",\"url\":\"https:\/\/le-grenier.org\/wp-content\/uploads\/2025\/06\/img_1230.jpeg\",\"contentUrl\":\"https:\/\/le-grenier.org\/wp-content\/uploads\/2025\/06\/img_1230.jpeg\",\"width\":1170,\"height\":1379},{\"@type\":\"WebPage\",\"@id\":\"https:\/\/le-grenier.org\/index.php\/produit\/paire-de-chiliennes\/#webpage\",\"url\":\"https:\/\/le-grenier.org\/index.php\/produit\/paire-de-chiliennes\/\",\"name\":\"Paire de chiliennes - Le Grenier - brocante et am\\u00e9nagement\",\"isPartOf\":{\"@id\":\"https:\/\/le-grenier.org\/#website\"},\"primaryImageOfPage\":{\"@id\":\"https:\/\/le-grenier.org\/index.php\/produit\/paire-de-chiliennes\/#primaryimage\"},\"datePublished\":\"2025-06-30T21:35:26+00:00\",\"dateModified\":\"2025-07-01T08:06:59+00:00\",\"breadcrumb\":{\"@id\":\"https:\/\/le-grenier.org\/index.php\/produit\/paire-de-chiliennes\/#breadcrumb\"},\"inLanguage\":\"fr-FR\",\"potentialAction\":[{\"@type\":\"ReadAction\",\"target\":[\"https:\/\/le-grenier.org\/index.php\/produit\/paire-de-chiliennes\/\"]}]},{\"@type\":\"BreadcrumbList\",\"@id\":\"https:\/\/le-grenier.org\/index.php\/produit\/paire-de-chiliennes\/#breadcrumb\",\"itemListElement\":[{\"@type\":\"ListItem\",\"position\":1,\"name\":\"Accueil\",\"item\":\"https:\/\/le-grenier.org\/\"},{\"@type\":\"ListItem\",\"position\":2,\"name\":\"Boutique en ligne\",\"item\":\"https:\/\/le-grenier.org\/\"},{\"@type\":\"ListItem\",\"position\":3,\"name\":\"Paire de chiliennes\"}]}]}<\/script>\n<!-- \/ Yoast SEO plugin. -->","yoast_head_json":{"title":"Paire de chiliennes - Le Grenier - brocante et am\u00e9nagement","robots":{"index":"index","follow":"follow","max-snippet":"max-snippet:-1","max-image-preview":"max-image-preview:large","max-video-preview":"max-video-preview:-1"},"canonical":"https:\/\/le-grenier.org\/index.php\/produit\/paire-de-chiliennes\/","og_locale":"fr_FR","og_type":"article","og_title":"Paire de chiliennes - Le Grenier - brocante et am\u00e9nagement","og_description":"Paire de Chiliennes pliantes 1960 en bois vernis, Avec accoudoirs et repose pieds Tissu couleur rouge. Traces d\u2019usures normales. \u2014-&hellip;","og_url":"https:\/\/le-grenier.org\/index.php\/produit\/paire-de-chiliennes\/","og_site_name":"Le Grenier - brocante et am\u00e9nagement","article_modified_time":"2025-07-01T08:06:59+00:00","twitter_card":"summary_large_image","twitter_misc":{"Dur\u00e9e de lecture estim\u00e9e":"2 minutes"},"schema":{"@context":"https:\/\/schema.org","@graph":[{"@type":"WebSite","@id":"https:\/\/le-grenier.org\/#website","url":"https:\/\/le-grenier.org\/","name":"Le Grenier - brocante et am\u00e9nagement","description":"","potentialAction":[{"@type":"SearchAction","target":{"@type":"EntryPoint","urlTemplate":"https:\/\/le-grenier.org\/?s={search_term_string}"},"query-input":"required name=search_term_string"}],"inLanguage":"fr-FR"},{"@type":"ImageObject","@id":"https:\/\/le-grenier.org\/index.php\/produit\/paire-de-chiliennes\/#primaryimage","inLanguage":"fr-FR","url":"https:\/\/le-grenier.org\/wp-content\/uploads\/2025\/06\/img_1230.jpeg","contentUrl":"https:\/\/le-grenier.org\/wp-content\/uploads\/2025\/06\/img_1230.jpeg","width":1170,"height":1379},{"@type":"WebPage","@id":"https:\/\/le-grenier.org\/index.php\/produit\/paire-de-chiliennes\/#webpage","url":"https:\/\/le-grenier.org\/index.php\/produit\/paire-de-chiliennes\/","name":"Paire de chiliennes - Le Grenier - brocante et am\u00e9nagement","isPartOf":{"@id":"https:\/\/le-grenier.org\/#website"},"primaryImageOfPage":{"@id":"https:\/\/le-grenier.org\/index.php\/produit\/paire-de-chiliennes\/#primaryimage"},"datePublished":"2025-06-30T21:35:26+00:00","dateModified":"2025-07-01T08:06:59+00:00","breadcrumb":{"@id":"https:\/\/le-grenier.org\/index.php\/produit\/paire-de-chiliennes\/#breadcrumb"},"inLanguage":"fr-FR","potentialAction":[{"@type":"ReadAction","target":["https:\/\/le-grenier.org\/index.php\/produit\/paire-de-chiliennes\/"]}]},{"@type":"BreadcrumbList","@id":"https:\/\/le-grenier.org\/index.php\/produit\/paire-de-chiliennes\/#breadcrumb","itemListElement":[{"@type":"ListItem","position":1,"name":"Accueil","item":"https:\/\/le-grenier.org\/"},{"@type":"ListItem","position":2,"name":"Boutique en ligne","item":"https:\/\/le-grenier.org\/"},{"@type":"ListItem","position":3,"name":"Paire de chiliennes"}]}]}},"_links":{"self":[{"href":"https:\/\/le-grenier.org\/index.php\/wp-json\/wp\/v2\/product\/57871"}],"collection":[{"href":"https:\/\/le-grenier.org\/index.php\/wp-json\/wp\/v2\/product"}],"about":[{"href":"https:\/\/le-grenier.org\/index.php\/wp-json\/wp\/v2\/types\/product"}],"wp:featuredmedia":[{"embeddable":true,"href":"https:\/\/le-grenier.org\/index.php\/wp-json\/wp\/v2\/media\/57872"}],"wp:attachment":[{"href":"https:\/\/le-grenier.org\/index.php\/wp-json\/wp\/v2\/media?parent=57871"}],"wp:term":[{"taxonomy":"product_cat","embeddable":true,"href":"https:\/\/le-grenier.org\/index.php\/wp-json\/wp\/v2\/product_cat?post=57871"},{"taxonomy":"product_tag","embeddable":true,"href":"https:\/\/le-grenier.org\/index.php\/wp-json\/wp\/v2\/product_tag?post=57871"}],"curies":[{"name":"wp","href":"https:\/\/api.w.org\/{rel}","templated":true}]}}

<p>Paire de Chiliennes pliantes 1960 en bois vernis, Avec accoudoirs et repose pieds</p>
<p>Tissu couleur rouge. Traces d’usures normales.</p>
<p>—-</p>
<p>Idéale au salon ou au jardin, ou pour les pros dans une vitrine de shop ou un studio photo.</p>
<p>Que ce soit sur une plage, à l’ombre d’une terrasse ou sur un balcon de ville, ce siège si confortable sonne comme un élément indissociable de l’été. Si le transat est aujourd’hui devenu un standard du mobilier de jardin, son histoire sent, elle, plutôt l’air frais du grand large.</p>
<p>En effet, les premiers sièges de ce type font leur apparition officielle sur les paquebots de ligne effectuant la traversée transatlantique (entre l’Europe et l’Amérique), dès la fin du XIXe siècle. A l’origine appelée « chaise de pont » (deck chair), une confortable assise facilement pliable et empilable au moindre grain fait alors son apparition sur les pontons des bateaux pour séduire la clientèle aisée. Les premiers modèles sont en bois et en rotin et pourvus d’un repose-pieds et d’accoudoirs. Ils prendront très vite le nom de « transat », diminutif de « transatlantique ». Lors de l’armement du paquebot France, en 1960, ceux de première classe sont en aluminium laqué rouge.</p>
<p>Sur terre, avec l’arrivée des congés payés en France, en 1936, et la naissance du tourisme de masse, le transat se répand également sur les plages. Le rotin est remplacé par une toile de tissu solide, et le châssis est désormais en teck, en acacia ou en hêtre. Si sa paternité originelle n’est pas connue, les designers modernistes vont, eux, s’amuser à redessiner ce nouveau modèle de siège. Parmi les plus connus figure le Fauteuil Transat, de l’architecte et designer français Robert Mallet-Stevens (1886-1945). Ce modèle très épuré, fait d’une simple toile de coton blanc cassé, suspendue à une structure en tôle laquée vert, fut réalisé pour décorer la piscine de la villa du vicomte Charles de Noailles, à Hyères, dans le Var, entre 1923 et 1925. L’enseigne Habitat l’a réédité en 2014.</p>
<p>—-</p>
<p>Envoi rapide et soigné</p>
<p>Ou retrait Amiens / Thezy-Glimont</p>

<!-- This site is optimized with the Yoast SEO plugin v17.9 - https://yoast.com/wordpress/plugins/seo/ -->
<title>Paire de chiliennes - Le Grenier - brocante et aménagement</title>
<meta name="robots" content="index, follow, max-snippet:-1, max-image-preview:large, max-video-preview:-1" />
<link rel="canonical" href="https://le-grenier.org/index.php/produit/paire-de-chiliennes/" />
<meta property="og:locale" content="fr_FR" />
<meta property="og:type" content="article" />
<meta property="og:title" content="Paire de chiliennes - Le Grenier - brocante et aménagement" />
<meta property="og:description" content="Paire de Chiliennes pliantes 1960 en bois vernis, Avec accoudoirs et repose pieds Tissu couleur rouge. Traces d’usures normales. —-&hellip;" />
<meta property="og:url" content="https://le-grenier.org/index.php/produit/paire-de-chiliennes/" />
<meta property="og:site_name" content="Le Grenier - brocante et aménagement" />
<meta property="article:modified_time" content="2025-07-01T08:06:59+00:00" />
<meta name="twitter:card" content="summary_large_image" />
<meta name="twitter:label1" content="Durée de lecture estimée" />
	<meta name="twitter:data1" content="2 minutes" />
<script type="application/ld+json" class="yoast-schema-graph">{"@context":"https://schema.org","@graph":[{"@type":"WebSite","@id":"https://le-grenier.org/#website","url":"https://le-grenier.org/","name":"Le Grenier - brocante et am\u00e9nagement","description":"","potentialAction":[{"@type":"SearchAction","target":{"@type":"EntryPoint","urlTemplate":"https://le-grenier.org/?s={search_term_string}"},"query-input":"required name=search_term_string"}],"inLanguage":"fr-FR"},{"@type":"ImageObject","@id":"https://le-grenier.org/index.php/produit/paire-de-chiliennes/#primaryimage","inLanguage":"fr-FR","url":"https://le-grenier.org/wp-content/uploads/2025/06/img_1230.jpeg","contentUrl":"https://le-grenier.org/wp-content/uploads/2025/06/img_1230.jpeg","width":1170,"height":1379},{"@type":"WebPage","@id":"https://le-grenier.org/index.php/produit/paire-de-chiliennes/#webpage","url":"https://le-grenier.org/index.php/produit/paire-de-chiliennes/","name":"Paire de chiliennes - Le Grenier - brocante et am\u00e9nagement","isPartOf":{"@id":"https://le-grenier.org/#website"},"primaryImageOfPage":{"@id":"https://le-grenier.org/index.php/produit/paire-de-chiliennes/#primaryimage"},"datePublished":"2025-06-30T21:35:26+00:00","dateModified":"2025-07-01T08:06:59+00:00","breadcrumb":{"@id":"https://le-grenier.org/index.php/produit/paire-de-chiliennes/#breadcrumb"},"inLanguage":"fr-FR","potentialAction":[{"@type":"ReadAction","target":["https://le-grenier.org/index.php/produit/paire-de-chiliennes/"]}]},{"@type":"BreadcrumbList","@id":"https://le-grenier.org/index.php/produit/paire-de-chiliennes/#breadcrumb","itemListElement":[{"@type":"ListItem","position":1,"name":"Accueil","item":"https://le-grenier.org/"},{"@type":"ListItem","position":2,"name":"Boutique en ligne","item":"https://le-grenier.org/"},{"@type":"ListItem","position":3,"name":"Paire de chiliennes"}]}]}</script>
<!-- / Yoast SEO plugin. -->

Paire de chiliennes - Le Grenier - brocante et aménagement

Le Grenier - brocante et aménagement
