{"id":57986,"date":"2025-07-09T10:50:47","date_gmt":"2025-07-09T08:50:47","guid":{"rendered":"https:\/\/le-grenier.org\/index.php\/produit\/canape-club\/"},"modified":"2026-01-13T11:24:42","modified_gmt":"2026-01-13T10:24:42","slug":"canape-club","status":"publish","type":"product","link":"https:\/\/le-grenier.org\/index.php\/produit\/canape-club\/","title":{"rendered":"Canap\u00e9 club"},"content":{"rendered":"<p>Canap\u00e9 club en cuir trois places<\/p>\n<p>Vers 1940<\/p>\n<p>200x93cm<\/p>\n<p>Hauteur totale 88cm<\/p>\n<p>Hauteur de l\u2019assise 45cm<\/p>\n<p>Le must : Il fait office de canap\u00e9-lit gr\u00e2ce \u00e0 sa structure hyper facile \u00e0 d\u00e9plier. Le m\u00e9canisme est en excellent \u00e9tat (marque TAF m\u00e9canique)<\/p>\n<p>Le cuir est en mauvais \u00e9tat par endroits, notamment sur les coussins, voir photo zoom<\/p>\n<p>Ces traces du temps n\u2019enl\u00e8vent rien \u00e0 son charme et \u00e0 son confort. De quoi passer de nombreuses soir\u00e9es netflix and chill sans culpabilit\u00e9<\/p>\n","protected":false},"excerpt":{"rendered":"<p>Canap\u00e9 club en cuir trois places Vers 1940 200x93cm Hauteur totale 88cm Hauteur de l\u2019assise 45cm Le must : Il&hellip;<\/p>\n","protected":false},"featured_media":57987,"template":"","meta":{"ngg_post_thumbnail":0},"product_cat":[39,24],"product_tag":[],"yoast_head":"<!-- This site is optimized with the Yoast SEO plugin v17.9 - https:\/\/yoast.com\/wordpress\/plugins\/seo\/ -->\n<title>Canap\u00e9 club - Le Grenier - brocante et am\u00e9nagement<\/title>\n<meta name=\"robots\" content=\"index, follow, max-snippet:-1, max-image-preview:large, max-video-preview:-1\" \/>\n<link rel=\"canonical\" href=\"https:\/\/le-grenier.org\/index.php\/produit\/canape-club\/\" \/>\n<meta property=\"og:locale\" content=\"fr_FR\" \/>\n<meta property=\"og:type\" content=\"article\" \/>\n<meta property=\"og:title\" content=\"Canap\u00e9 club - Le Grenier - brocante et am\u00e9nagement\" \/>\n<meta property=\"og:description\" content=\"Canap\u00e9 club en cuir trois places Vers 1940 200x93cm Hauteur totale 88cm Hauteur de l\u2019assise 45cm Le must : Il&hellip;\" \/>\n<meta property=\"og:url\" content=\"https:\/\/le-grenier.org\/index.php\/produit\/canape-club\/\" \/>\n<meta property=\"og:site_name\" content=\"Le Grenier - brocante et am\u00e9nagement\" \/>\n<meta property=\"article:modified_time\" content=\"2026-01-13T10:24:42+00:00\" \/>\n<meta property=\"og:image\" content=\"http:\/\/le-grenier.org\/wp-content\/uploads\/2025\/07\/img_1443.jpeg\" \/>\n\t<meta property=\"og:image:width\" content=\"1170\" \/>\n\t<meta property=\"og:image:height\" content=\"1403\" \/>\n\t<meta property=\"og:image:type\" content=\"image\/jpeg\" \/>\n<meta name=\"twitter:card\" content=\"summary_large_image\" \/>\n<script type=\"application\/ld+json\" class=\"yoast-schema-graph\">{\"@context\":\"https:\/\/schema.org\",\"@graph\":[{\"@type\":\"WebSite\",\"@id\":\"https:\/\/le-grenier.org\/#website\",\"url\":\"https:\/\/le-grenier.org\/\",\"name\":\"Le Grenier - brocante et am\\u00e9nagement\",\"description\":\"\",\"potentialAction\":[{\"@type\":\"SearchAction\",\"target\":{\"@type\":\"EntryPoint\",\"urlTemplate\":\"https:\/\/le-grenier.org\/?s={search_term_string}\"},\"query-input\":\"required name=search_term_string\"}],\"inLanguage\":\"fr-FR\"},{\"@type\":\"ImageObject\",\"@id\":\"https:\/\/le-grenier.org\/index.php\/produit\/canape-club\/#primaryimage\",\"inLanguage\":\"fr-FR\",\"url\":\"https:\/\/le-grenier.org\/wp-content\/uploads\/2025\/07\/img_1443.jpeg\",\"contentUrl\":\"https:\/\/le-grenier.org\/wp-content\/uploads\/2025\/07\/img_1443.jpeg\",\"width\":1170,\"height\":1403},{\"@type\":\"WebPage\",\"@id\":\"https:\/\/le-grenier.org\/index.php\/produit\/canape-club\/#webpage\",\"url\":\"https:\/\/le-grenier.org\/index.php\/produit\/canape-club\/\",\"name\":\"Canap\\u00e9 club - Le Grenier - brocante et am\\u00e9nagement\",\"isPartOf\":{\"@id\":\"https:\/\/le-grenier.org\/#website\"},\"primaryImageOfPage\":{\"@id\":\"https:\/\/le-grenier.org\/index.php\/produit\/canape-club\/#primaryimage\"},\"datePublished\":\"2025-07-09T08:50:47+00:00\",\"dateModified\":\"2026-01-13T10:24:42+00:00\",\"breadcrumb\":{\"@id\":\"https:\/\/le-grenier.org\/index.php\/produit\/canape-club\/#breadcrumb\"},\"inLanguage\":\"fr-FR\",\"potentialAction\":[{\"@type\":\"ReadAction\",\"target\":[\"https:\/\/le-grenier.org\/index.php\/produit\/canape-club\/\"]}]},{\"@type\":\"BreadcrumbList\",\"@id\":\"https:\/\/le-grenier.org\/index.php\/produit\/canape-club\/#breadcrumb\",\"itemListElement\":[{\"@type\":\"ListItem\",\"position\":1,\"name\":\"Accueil\",\"item\":\"https:\/\/le-grenier.org\/\"},{\"@type\":\"ListItem\",\"position\":2,\"name\":\"Boutique en ligne\",\"item\":\"https:\/\/le-grenier.org\/\"},{\"@type\":\"ListItem\",\"position\":3,\"name\":\"Canap\\u00e9 club\"}]}]}<\/script>\n<!-- \/ Yoast SEO plugin. -->","yoast_head_json":{"title":"Canap\u00e9 club - Le Grenier - brocante et am\u00e9nagement","robots":{"index":"index","follow":"follow","max-snippet":"max-snippet:-1","max-image-preview":"max-image-preview:large","max-video-preview":"max-video-preview:-1"},"canonical":"https:\/\/le-grenier.org\/index.php\/produit\/canape-club\/","og_locale":"fr_FR","og_type":"article","og_title":"Canap\u00e9 club - Le Grenier - brocante et am\u00e9nagement","og_description":"Canap\u00e9 club en cuir trois places Vers 1940 200x93cm Hauteur totale 88cm Hauteur de l\u2019assise 45cm Le must : Il&hellip;","og_url":"https:\/\/le-grenier.org\/index.php\/produit\/canape-club\/","og_site_name":"Le Grenier - brocante et am\u00e9nagement","article_modified_time":"2026-01-13T10:24:42+00:00","og_image":[{"width":1170,"height":1403,"url":"http:\/\/le-grenier.org\/wp-content\/uploads\/2025\/07\/img_1443.jpeg","type":"image\/jpeg"}],"twitter_card":"summary_large_image","schema":{"@context":"https:\/\/schema.org","@graph":[{"@type":"WebSite","@id":"https:\/\/le-grenier.org\/#website","url":"https:\/\/le-grenier.org\/","name":"Le Grenier - brocante et am\u00e9nagement","description":"","potentialAction":[{"@type":"SearchAction","target":{"@type":"EntryPoint","urlTemplate":"https:\/\/le-grenier.org\/?s={search_term_string}"},"query-input":"required name=search_term_string"}],"inLanguage":"fr-FR"},{"@type":"ImageObject","@id":"https:\/\/le-grenier.org\/index.php\/produit\/canape-club\/#primaryimage","inLanguage":"fr-FR","url":"https:\/\/le-grenier.org\/wp-content\/uploads\/2025\/07\/img_1443.jpeg","contentUrl":"https:\/\/le-grenier.org\/wp-content\/uploads\/2025\/07\/img_1443.jpeg","width":1170,"height":1403},{"@type":"WebPage","@id":"https:\/\/le-grenier.org\/index.php\/produit\/canape-club\/#webpage","url":"https:\/\/le-grenier.org\/index.php\/produit\/canape-club\/","name":"Canap\u00e9 club - Le Grenier - brocante et am\u00e9nagement","isPartOf":{"@id":"https:\/\/le-grenier.org\/#website"},"primaryImageOfPage":{"@id":"https:\/\/le-grenier.org\/index.php\/produit\/canape-club\/#primaryimage"},"datePublished":"2025-07-09T08:50:47+00:00","dateModified":"2026-01-13T10:24:42+00:00","breadcrumb":{"@id":"https:\/\/le-grenier.org\/index.php\/produit\/canape-club\/#breadcrumb"},"inLanguage":"fr-FR","potentialAction":[{"@type":"ReadAction","target":["https:\/\/le-grenier.org\/index.php\/produit\/canape-club\/"]}]},{"@type":"BreadcrumbList","@id":"https:\/\/le-grenier.org\/index.php\/produit\/canape-club\/#breadcrumb","itemListElement":[{"@type":"ListItem","position":1,"name":"Accueil","item":"https:\/\/le-grenier.org\/"},{"@type":"ListItem","position":2,"name":"Boutique en ligne","item":"https:\/\/le-grenier.org\/"},{"@type":"ListItem","position":3,"name":"Canap\u00e9 club"}]}]}},"_links":{"self":[{"href":"https:\/\/le-grenier.org\/index.php\/wp-json\/wp\/v2\/product\/57986"}],"collection":[{"href":"https:\/\/le-grenier.org\/index.php\/wp-json\/wp\/v2\/product"}],"about":[{"href":"https:\/\/le-grenier.org\/index.php\/wp-json\/wp\/v2\/types\/product"}],"wp:featuredmedia":[{"embeddable":true,"href":"https:\/\/le-grenier.org\/index.php\/wp-json\/wp\/v2\/media\/57987"}],"wp:attachment":[{"href":"https:\/\/le-grenier.org\/index.php\/wp-json\/wp\/v2\/media?parent=57986"}],"wp:term":[{"taxonomy":"product_cat","embeddable":true,"href":"https:\/\/le-grenier.org\/index.php\/wp-json\/wp\/v2\/product_cat?post=57986"},{"taxonomy":"product_tag","embeddable":true,"href":"https:\/\/le-grenier.org\/index.php\/wp-json\/wp\/v2\/product_tag?post=57986"}],"curies":[{"name":"wp","href":"https:\/\/api.w.org\/{rel}","templated":true}]}}

Canapé club

<p>Canapé club en cuir trois places</p>
<p>Vers 1940</p>
<p>200x93cm</p>
<p>Hauteur totale 88cm</p>
<p>Hauteur de l’assise 45cm</p>
<p>Le must : Il fait office de canapé-lit grâce à sa structure hyper facile à déplier. Le mécanisme est en excellent état (marque TAF mécanique)</p>
<p>Le cuir est en mauvais état par endroits, notamment sur les coussins, voir photo zoom</p>
<p>Ces traces du temps n’enlèvent rien à son charme et à son confort. De quoi passer de nombreuses soirées netflix and chill sans culpabilité</p>

<p>Canapé club en cuir trois places Vers 1940 200x93cm Hauteur totale 88cm Hauteur de l’assise 45cm Le must : Il&hellip;</p>

<!-- This site is optimized with the Yoast SEO plugin v17.9 - https://yoast.com/wordpress/plugins/seo/ -->
<title>Canapé club - Le Grenier - brocante et aménagement</title>
<meta name="robots" content="index, follow, max-snippet:-1, max-image-preview:large, max-video-preview:-1" />
<link rel="canonical" href="https://le-grenier.org/index.php/produit/canape-club/" />
<meta property="og:locale" content="fr_FR" />
<meta property="og:type" content="article" />
<meta property="og:title" content="Canapé club - Le Grenier - brocante et aménagement" />
<meta property="og:description" content="Canapé club en cuir trois places Vers 1940 200x93cm Hauteur totale 88cm Hauteur de l’assise 45cm Le must : Il&hellip;" />
<meta property="og:url" content="https://le-grenier.org/index.php/produit/canape-club/" />
<meta property="og:site_name" content="Le Grenier - brocante et aménagement" />
<meta property="article:modified_time" content="2026-01-13T10:24:42+00:00" />
<meta property="og:image" content="http://le-grenier.org/wp-content/uploads/2025/07/img_1443.jpeg" />
	<meta property="og:image:width" content="1170" />
	<meta property="og:image:height" content="1403" />
	<meta property="og:image:type" content="image/jpeg" />
<meta name="twitter:card" content="summary_large_image" />
<script type="application/ld+json" class="yoast-schema-graph">{"@context":"https://schema.org","@graph":[{"@type":"WebSite","@id":"https://le-grenier.org/#website","url":"https://le-grenier.org/","name":"Le Grenier - brocante et am\u00e9nagement","description":"","potentialAction":[{"@type":"SearchAction","target":{"@type":"EntryPoint","urlTemplate":"https://le-grenier.org/?s={search_term_string}"},"query-input":"required name=search_term_string"}],"inLanguage":"fr-FR"},{"@type":"ImageObject","@id":"https://le-grenier.org/index.php/produit/canape-club/#primaryimage","inLanguage":"fr-FR","url":"https://le-grenier.org/wp-content/uploads/2025/07/img_1443.jpeg","contentUrl":"https://le-grenier.org/wp-content/uploads/2025/07/img_1443.jpeg","width":1170,"height":1403},{"@type":"WebPage","@id":"https://le-grenier.org/index.php/produit/canape-club/#webpage","url":"https://le-grenier.org/index.php/produit/canape-club/","name":"Canap\u00e9 club - Le Grenier - brocante et am\u00e9nagement","isPartOf":{"@id":"https://le-grenier.org/#website"},"primaryImageOfPage":{"@id":"https://le-grenier.org/index.php/produit/canape-club/#primaryimage"},"datePublished":"2025-07-09T08:50:47+00:00","dateModified":"2026-01-13T10:24:42+00:00","breadcrumb":{"@id":"https://le-grenier.org/index.php/produit/canape-club/#breadcrumb"},"inLanguage":"fr-FR","potentialAction":[{"@type":"ReadAction","target":["https://le-grenier.org/index.php/produit/canape-club/"]}]},{"@type":"BreadcrumbList","@id":"https://le-grenier.org/index.php/produit/canape-club/#breadcrumb","itemListElement":[{"@type":"ListItem","position":1,"name":"Accueil","item":"https://le-grenier.org/"},{"@type":"ListItem","position":2,"name":"Boutique en ligne","item":"https://le-grenier.org/"},{"@type":"ListItem","position":3,"name":"Canap\u00e9 club"}]}]}</script>
<!-- / Yoast SEO plugin. -->

Canapé club - Le Grenier - brocante et aménagement

Canapé club en cuir trois places Vers 1940 200x93cm Hauteur totale 88cm Hauteur de l’assise 45cm Le must : Il&hellip;

Le Grenier - brocante et aménagement
