{"id":58003,"date":"2025-07-11T09:44:27","date_gmt":"2025-07-11T07:44:27","guid":{"rendered":"https:\/\/le-grenier.org\/index.php\/produit\/fauteuil-enfant-2\/"},"modified":"2025-07-11T09:47:16","modified_gmt":"2025-07-11T07:47:16","slug":"fauteuil-enfant-2","status":"publish","type":"product","link":"https:\/\/le-grenier.org\/index.php\/produit\/fauteuil-enfant-2\/","title":{"rendered":"Fauteuil enfant"},"content":{"rendered":"<p>Fauteuil pour enfant en rotin tress\u00e9<\/p>\n<p>Tr\u00e8s bon \u00e9tat<\/p>\n<p>Vernis couleur miel<\/p>\n<p>Hauteur 52cm<\/p>\n<p>Largeur 45cm<\/p>\n<p>Profondeur 45cm<\/p>\n<p>Envoi rapide et soign\u00e9<\/p>\n<p>Ou retrait Amiens \/ Thezy-Glimont<\/p>\n","protected":false},"excerpt":{"rendered":"<p>Fauteuil pour enfant en rotin tress\u00e9 Tr\u00e8s bon \u00e9tat Vernis couleur miel Hauteur 52cm Largeur 45cm Profondeur 45cm Envoi rapide&hellip;<\/p>\n","protected":false},"featured_media":58004,"template":"","meta":{"ngg_post_thumbnail":0},"product_cat":[44,24,26],"product_tag":[],"yoast_head":"<!-- This site is optimized with the Yoast SEO plugin v17.9 - https:\/\/yoast.com\/wordpress\/plugins\/seo\/ -->\n<title>Fauteuil enfant - Le Grenier - brocante et am\u00e9nagement<\/title>\n<meta name=\"robots\" content=\"index, follow, max-snippet:-1, max-image-preview:large, max-video-preview:-1\" \/>\n<link rel=\"canonical\" href=\"https:\/\/le-grenier.org\/index.php\/produit\/fauteuil-enfant-2\/\" \/>\n<meta property=\"og:locale\" content=\"fr_FR\" \/>\n<meta property=\"og:type\" content=\"article\" \/>\n<meta property=\"og:title\" content=\"Fauteuil enfant - Le Grenier - brocante et am\u00e9nagement\" \/>\n<meta property=\"og:description\" content=\"Fauteuil pour enfant en rotin tress\u00e9 Tr\u00e8s bon \u00e9tat Vernis couleur miel Hauteur 52cm Largeur 45cm Profondeur 45cm Envoi rapide&hellip;\" \/>\n<meta property=\"og:url\" content=\"https:\/\/le-grenier.org\/index.php\/produit\/fauteuil-enfant-2\/\" \/>\n<meta property=\"og:site_name\" content=\"Le Grenier - brocante et am\u00e9nagement\" \/>\n<meta property=\"article:modified_time\" content=\"2025-07-11T07:47:16+00:00\" \/>\n<meta name=\"twitter:card\" content=\"summary_large_image\" \/>\n<script type=\"application\/ld+json\" class=\"yoast-schema-graph\">{\"@context\":\"https:\/\/schema.org\",\"@graph\":[{\"@type\":\"WebSite\",\"@id\":\"https:\/\/le-grenier.org\/#website\",\"url\":\"https:\/\/le-grenier.org\/\",\"name\":\"Le Grenier - brocante et am\\u00e9nagement\",\"description\":\"\",\"potentialAction\":[{\"@type\":\"SearchAction\",\"target\":{\"@type\":\"EntryPoint\",\"urlTemplate\":\"https:\/\/le-grenier.org\/?s={search_term_string}\"},\"query-input\":\"required name=search_term_string\"}],\"inLanguage\":\"fr-FR\"},{\"@type\":\"ImageObject\",\"@id\":\"https:\/\/le-grenier.org\/index.php\/produit\/fauteuil-enfant-2\/#primaryimage\",\"inLanguage\":\"fr-FR\",\"url\":\"https:\/\/le-grenier.org\/wp-content\/uploads\/2025\/07\/img_1454.jpeg\",\"contentUrl\":\"https:\/\/le-grenier.org\/wp-content\/uploads\/2025\/07\/img_1454.jpeg\",\"width\":1170,\"height\":1400},{\"@type\":\"WebPage\",\"@id\":\"https:\/\/le-grenier.org\/index.php\/produit\/fauteuil-enfant-2\/#webpage\",\"url\":\"https:\/\/le-grenier.org\/index.php\/produit\/fauteuil-enfant-2\/\",\"name\":\"Fauteuil enfant - Le Grenier - brocante et am\\u00e9nagement\",\"isPartOf\":{\"@id\":\"https:\/\/le-grenier.org\/#website\"},\"primaryImageOfPage\":{\"@id\":\"https:\/\/le-grenier.org\/index.php\/produit\/fauteuil-enfant-2\/#primaryimage\"},\"datePublished\":\"2025-07-11T07:44:27+00:00\",\"dateModified\":\"2025-07-11T07:47:16+00:00\",\"breadcrumb\":{\"@id\":\"https:\/\/le-grenier.org\/index.php\/produit\/fauteuil-enfant-2\/#breadcrumb\"},\"inLanguage\":\"fr-FR\",\"potentialAction\":[{\"@type\":\"ReadAction\",\"target\":[\"https:\/\/le-grenier.org\/index.php\/produit\/fauteuil-enfant-2\/\"]}]},{\"@type\":\"BreadcrumbList\",\"@id\":\"https:\/\/le-grenier.org\/index.php\/produit\/fauteuil-enfant-2\/#breadcrumb\",\"itemListElement\":[{\"@type\":\"ListItem\",\"position\":1,\"name\":\"Accueil\",\"item\":\"https:\/\/le-grenier.org\/\"},{\"@type\":\"ListItem\",\"position\":2,\"name\":\"Boutique en ligne\",\"item\":\"https:\/\/le-grenier.org\/\"},{\"@type\":\"ListItem\",\"position\":3,\"name\":\"Fauteuil enfant\"}]}]}<\/script>\n<!-- \/ Yoast SEO plugin. -->","yoast_head_json":{"title":"Fauteuil enfant - Le Grenier - brocante et am\u00e9nagement","robots":{"index":"index","follow":"follow","max-snippet":"max-snippet:-1","max-image-preview":"max-image-preview:large","max-video-preview":"max-video-preview:-1"},"canonical":"https:\/\/le-grenier.org\/index.php\/produit\/fauteuil-enfant-2\/","og_locale":"fr_FR","og_type":"article","og_title":"Fauteuil enfant - Le Grenier - brocante et am\u00e9nagement","og_description":"Fauteuil pour enfant en rotin tress\u00e9 Tr\u00e8s bon \u00e9tat Vernis couleur miel Hauteur 52cm Largeur 45cm Profondeur 45cm Envoi rapide&hellip;","og_url":"https:\/\/le-grenier.org\/index.php\/produit\/fauteuil-enfant-2\/","og_site_name":"Le Grenier - brocante et am\u00e9nagement","article_modified_time":"2025-07-11T07:47:16+00:00","twitter_card":"summary_large_image","schema":{"@context":"https:\/\/schema.org","@graph":[{"@type":"WebSite","@id":"https:\/\/le-grenier.org\/#website","url":"https:\/\/le-grenier.org\/","name":"Le Grenier - brocante et am\u00e9nagement","description":"","potentialAction":[{"@type":"SearchAction","target":{"@type":"EntryPoint","urlTemplate":"https:\/\/le-grenier.org\/?s={search_term_string}"},"query-input":"required name=search_term_string"}],"inLanguage":"fr-FR"},{"@type":"ImageObject","@id":"https:\/\/le-grenier.org\/index.php\/produit\/fauteuil-enfant-2\/#primaryimage","inLanguage":"fr-FR","url":"https:\/\/le-grenier.org\/wp-content\/uploads\/2025\/07\/img_1454.jpeg","contentUrl":"https:\/\/le-grenier.org\/wp-content\/uploads\/2025\/07\/img_1454.jpeg","width":1170,"height":1400},{"@type":"WebPage","@id":"https:\/\/le-grenier.org\/index.php\/produit\/fauteuil-enfant-2\/#webpage","url":"https:\/\/le-grenier.org\/index.php\/produit\/fauteuil-enfant-2\/","name":"Fauteuil enfant - Le Grenier - brocante et am\u00e9nagement","isPartOf":{"@id":"https:\/\/le-grenier.org\/#website"},"primaryImageOfPage":{"@id":"https:\/\/le-grenier.org\/index.php\/produit\/fauteuil-enfant-2\/#primaryimage"},"datePublished":"2025-07-11T07:44:27+00:00","dateModified":"2025-07-11T07:47:16+00:00","breadcrumb":{"@id":"https:\/\/le-grenier.org\/index.php\/produit\/fauteuil-enfant-2\/#breadcrumb"},"inLanguage":"fr-FR","potentialAction":[{"@type":"ReadAction","target":["https:\/\/le-grenier.org\/index.php\/produit\/fauteuil-enfant-2\/"]}]},{"@type":"BreadcrumbList","@id":"https:\/\/le-grenier.org\/index.php\/produit\/fauteuil-enfant-2\/#breadcrumb","itemListElement":[{"@type":"ListItem","position":1,"name":"Accueil","item":"https:\/\/le-grenier.org\/"},{"@type":"ListItem","position":2,"name":"Boutique en ligne","item":"https:\/\/le-grenier.org\/"},{"@type":"ListItem","position":3,"name":"Fauteuil enfant"}]}]}},"_links":{"self":[{"href":"https:\/\/le-grenier.org\/index.php\/wp-json\/wp\/v2\/product\/58003"}],"collection":[{"href":"https:\/\/le-grenier.org\/index.php\/wp-json\/wp\/v2\/product"}],"about":[{"href":"https:\/\/le-grenier.org\/index.php\/wp-json\/wp\/v2\/types\/product"}],"wp:featuredmedia":[{"embeddable":true,"href":"https:\/\/le-grenier.org\/index.php\/wp-json\/wp\/v2\/media\/58004"}],"wp:attachment":[{"href":"https:\/\/le-grenier.org\/index.php\/wp-json\/wp\/v2\/media?parent=58003"}],"wp:term":[{"taxonomy":"product_cat","embeddable":true,"href":"https:\/\/le-grenier.org\/index.php\/wp-json\/wp\/v2\/product_cat?post=58003"},{"taxonomy":"product_tag","embeddable":true,"href":"https:\/\/le-grenier.org\/index.php\/wp-json\/wp\/v2\/product_tag?post=58003"}],"curies":[{"name":"wp","href":"https:\/\/api.w.org\/{rel}","templated":true}]}}

<p>Fauteuil pour enfant en rotin tressé</p>
<p>Très bon état</p>
<p>Vernis couleur miel</p>
<p>Hauteur 52cm</p>
<p>Largeur 45cm</p>
<p>Profondeur 45cm</p>
<p>Envoi rapide et soigné</p>
<p>Ou retrait Amiens / Thezy-Glimont</p>

<p>Fauteuil pour enfant en rotin tressé Très bon état Vernis couleur miel Hauteur 52cm Largeur 45cm Profondeur 45cm Envoi rapide&hellip;</p>

<!-- This site is optimized with the Yoast SEO plugin v17.9 - https://yoast.com/wordpress/plugins/seo/ -->
<title>Fauteuil enfant - Le Grenier - brocante et aménagement</title>
<meta name="robots" content="index, follow, max-snippet:-1, max-image-preview:large, max-video-preview:-1" />
<link rel="canonical" href="https://le-grenier.org/index.php/produit/fauteuil-enfant-2/" />
<meta property="og:locale" content="fr_FR" />
<meta property="og:type" content="article" />
<meta property="og:title" content="Fauteuil enfant - Le Grenier - brocante et aménagement" />
<meta property="og:description" content="Fauteuil pour enfant en rotin tressé Très bon état Vernis couleur miel Hauteur 52cm Largeur 45cm Profondeur 45cm Envoi rapide&hellip;" />
<meta property="og:url" content="https://le-grenier.org/index.php/produit/fauteuil-enfant-2/" />
<meta property="og:site_name" content="Le Grenier - brocante et aménagement" />
<meta property="article:modified_time" content="2025-07-11T07:47:16+00:00" />
<meta name="twitter:card" content="summary_large_image" />
<script type="application/ld+json" class="yoast-schema-graph">{"@context":"https://schema.org","@graph":[{"@type":"WebSite","@id":"https://le-grenier.org/#website","url":"https://le-grenier.org/","name":"Le Grenier - brocante et am\u00e9nagement","description":"","potentialAction":[{"@type":"SearchAction","target":{"@type":"EntryPoint","urlTemplate":"https://le-grenier.org/?s={search_term_string}"},"query-input":"required name=search_term_string"}],"inLanguage":"fr-FR"},{"@type":"ImageObject","@id":"https://le-grenier.org/index.php/produit/fauteuil-enfant-2/#primaryimage","inLanguage":"fr-FR","url":"https://le-grenier.org/wp-content/uploads/2025/07/img_1454.jpeg","contentUrl":"https://le-grenier.org/wp-content/uploads/2025/07/img_1454.jpeg","width":1170,"height":1400},{"@type":"WebPage","@id":"https://le-grenier.org/index.php/produit/fauteuil-enfant-2/#webpage","url":"https://le-grenier.org/index.php/produit/fauteuil-enfant-2/","name":"Fauteuil enfant - Le Grenier - brocante et am\u00e9nagement","isPartOf":{"@id":"https://le-grenier.org/#website"},"primaryImageOfPage":{"@id":"https://le-grenier.org/index.php/produit/fauteuil-enfant-2/#primaryimage"},"datePublished":"2025-07-11T07:44:27+00:00","dateModified":"2025-07-11T07:47:16+00:00","breadcrumb":{"@id":"https://le-grenier.org/index.php/produit/fauteuil-enfant-2/#breadcrumb"},"inLanguage":"fr-FR","potentialAction":[{"@type":"ReadAction","target":["https://le-grenier.org/index.php/produit/fauteuil-enfant-2/"]}]},{"@type":"BreadcrumbList","@id":"https://le-grenier.org/index.php/produit/fauteuil-enfant-2/#breadcrumb","itemListElement":[{"@type":"ListItem","position":1,"name":"Accueil","item":"https://le-grenier.org/"},{"@type":"ListItem","position":2,"name":"Boutique en ligne","item":"https://le-grenier.org/"},{"@type":"ListItem","position":3,"name":"Fauteuil enfant"}]}]}</script>
<!-- / Yoast SEO plugin. -->

Fauteuil enfant - Le Grenier - brocante et aménagement

Fauteuil pour enfant en rotin tressé Très bon état Vernis couleur miel Hauteur 52cm Largeur 45cm Profondeur 45cm Envoi rapide&hellip;

Le Grenier - brocante et aménagement
