{"id":58147,"date":"2025-07-28T16:40:22","date_gmt":"2025-07-28T14:40:22","guid":{"rendered":"https:\/\/le-grenier.org\/index.php\/produit\/pichet-terre-cuite-3\/"},"modified":"2026-01-13T11:24:02","modified_gmt":"2026-01-13T10:24:02","slug":"pichet-terre-cuite-3","status":"publish","type":"product","link":"https:\/\/le-grenier.org\/index.php\/produit\/pichet-terre-cuite-3\/","title":{"rendered":"Pichet terre cuite"},"content":{"rendered":"<p>Pichet ancien en terre cuite verniss\u00e9e<\/p>\n<p>D\u00e9cor d\u2019oiseaux<\/p>\n<p>Excellent \u00e9tat<\/p>\n<p>Hauteur 20cm<\/p>\n<p>\ud83d\udccd Envoi rapide et soign\u00e9 possible ou remise en main propre Amiens ou Thezy-Glimont<\/p>\n<p>\u2014\u2014<\/p>\n","protected":false},"excerpt":{"rendered":"<p>Pichet ancien en terre cuite verniss\u00e9e D\u00e9cor d\u2019oiseaux Excellent \u00e9tat Hauteur 20cm \ud83d\udccd Envoi rapide et soign\u00e9 possible ou remise&hellip;<\/p>\n","protected":false},"featured_media":58148,"template":"","meta":{"ngg_post_thumbnail":0},"product_cat":[46,27],"product_tag":[],"yoast_head":"<!-- This site is optimized with the Yoast SEO plugin v17.9 - https:\/\/yoast.com\/wordpress\/plugins\/seo\/ -->\n<title>Pichet terre cuite - Le Grenier - brocante et am\u00e9nagement<\/title>\n<meta name=\"robots\" content=\"index, follow, max-snippet:-1, max-image-preview:large, max-video-preview:-1\" \/>\n<link rel=\"canonical\" href=\"https:\/\/le-grenier.org\/index.php\/produit\/pichet-terre-cuite-3\/\" \/>\n<meta property=\"og:locale\" content=\"fr_FR\" \/>\n<meta property=\"og:type\" content=\"article\" \/>\n<meta property=\"og:title\" content=\"Pichet terre cuite - Le Grenier - brocante et am\u00e9nagement\" \/>\n<meta property=\"og:description\" content=\"Pichet ancien en terre cuite verniss\u00e9e D\u00e9cor d\u2019oiseaux Excellent \u00e9tat Hauteur 20cm \ud83d\udccd Envoi rapide et soign\u00e9 possible ou remise&hellip;\" \/>\n<meta property=\"og:url\" content=\"https:\/\/le-grenier.org\/index.php\/produit\/pichet-terre-cuite-3\/\" \/>\n<meta property=\"og:site_name\" content=\"Le Grenier - brocante et am\u00e9nagement\" \/>\n<meta property=\"article:modified_time\" content=\"2026-01-13T10:24:02+00:00\" \/>\n<meta property=\"og:image\" content=\"http:\/\/le-grenier.org\/wp-content\/uploads\/2025\/07\/img_1833.jpeg\" \/>\n\t<meta property=\"og:image:width\" content=\"1170\" \/>\n\t<meta property=\"og:image:height\" content=\"1331\" \/>\n\t<meta property=\"og:image:type\" content=\"image\/jpeg\" \/>\n<meta name=\"twitter:card\" content=\"summary_large_image\" \/>\n<script type=\"application\/ld+json\" class=\"yoast-schema-graph\">{\"@context\":\"https:\/\/schema.org\",\"@graph\":[{\"@type\":\"WebSite\",\"@id\":\"https:\/\/le-grenier.org\/#website\",\"url\":\"https:\/\/le-grenier.org\/\",\"name\":\"Le Grenier - brocante et am\\u00e9nagement\",\"description\":\"\",\"potentialAction\":[{\"@type\":\"SearchAction\",\"target\":{\"@type\":\"EntryPoint\",\"urlTemplate\":\"https:\/\/le-grenier.org\/?s={search_term_string}\"},\"query-input\":\"required name=search_term_string\"}],\"inLanguage\":\"fr-FR\"},{\"@type\":\"ImageObject\",\"@id\":\"https:\/\/le-grenier.org\/index.php\/produit\/pichet-terre-cuite-3\/#primaryimage\",\"inLanguage\":\"fr-FR\",\"url\":\"https:\/\/le-grenier.org\/wp-content\/uploads\/2025\/07\/img_1833.jpeg\",\"contentUrl\":\"https:\/\/le-grenier.org\/wp-content\/uploads\/2025\/07\/img_1833.jpeg\",\"width\":1170,\"height\":1331},{\"@type\":\"WebPage\",\"@id\":\"https:\/\/le-grenier.org\/index.php\/produit\/pichet-terre-cuite-3\/#webpage\",\"url\":\"https:\/\/le-grenier.org\/index.php\/produit\/pichet-terre-cuite-3\/\",\"name\":\"Pichet terre cuite - Le Grenier - brocante et am\\u00e9nagement\",\"isPartOf\":{\"@id\":\"https:\/\/le-grenier.org\/#website\"},\"primaryImageOfPage\":{\"@id\":\"https:\/\/le-grenier.org\/index.php\/produit\/pichet-terre-cuite-3\/#primaryimage\"},\"datePublished\":\"2025-07-28T14:40:22+00:00\",\"dateModified\":\"2026-01-13T10:24:02+00:00\",\"breadcrumb\":{\"@id\":\"https:\/\/le-grenier.org\/index.php\/produit\/pichet-terre-cuite-3\/#breadcrumb\"},\"inLanguage\":\"fr-FR\",\"potentialAction\":[{\"@type\":\"ReadAction\",\"target\":[\"https:\/\/le-grenier.org\/index.php\/produit\/pichet-terre-cuite-3\/\"]}]},{\"@type\":\"BreadcrumbList\",\"@id\":\"https:\/\/le-grenier.org\/index.php\/produit\/pichet-terre-cuite-3\/#breadcrumb\",\"itemListElement\":[{\"@type\":\"ListItem\",\"position\":1,\"name\":\"Accueil\",\"item\":\"https:\/\/le-grenier.org\/\"},{\"@type\":\"ListItem\",\"position\":2,\"name\":\"Boutique en ligne\",\"item\":\"https:\/\/le-grenier.org\/\"},{\"@type\":\"ListItem\",\"position\":3,\"name\":\"Pichet terre cuite\"}]}]}<\/script>\n<!-- \/ Yoast SEO plugin. -->","yoast_head_json":{"title":"Pichet terre cuite - Le Grenier - brocante et am\u00e9nagement","robots":{"index":"index","follow":"follow","max-snippet":"max-snippet:-1","max-image-preview":"max-image-preview:large","max-video-preview":"max-video-preview:-1"},"canonical":"https:\/\/le-grenier.org\/index.php\/produit\/pichet-terre-cuite-3\/","og_locale":"fr_FR","og_type":"article","og_title":"Pichet terre cuite - Le Grenier - brocante et am\u00e9nagement","og_description":"Pichet ancien en terre cuite verniss\u00e9e D\u00e9cor d\u2019oiseaux Excellent \u00e9tat Hauteur 20cm \ud83d\udccd Envoi rapide et soign\u00e9 possible ou remise&hellip;","og_url":"https:\/\/le-grenier.org\/index.php\/produit\/pichet-terre-cuite-3\/","og_site_name":"Le Grenier - brocante et am\u00e9nagement","article_modified_time":"2026-01-13T10:24:02+00:00","og_image":[{"width":1170,"height":1331,"url":"http:\/\/le-grenier.org\/wp-content\/uploads\/2025\/07\/img_1833.jpeg","type":"image\/jpeg"}],"twitter_card":"summary_large_image","schema":{"@context":"https:\/\/schema.org","@graph":[{"@type":"WebSite","@id":"https:\/\/le-grenier.org\/#website","url":"https:\/\/le-grenier.org\/","name":"Le Grenier - brocante et am\u00e9nagement","description":"","potentialAction":[{"@type":"SearchAction","target":{"@type":"EntryPoint","urlTemplate":"https:\/\/le-grenier.org\/?s={search_term_string}"},"query-input":"required name=search_term_string"}],"inLanguage":"fr-FR"},{"@type":"ImageObject","@id":"https:\/\/le-grenier.org\/index.php\/produit\/pichet-terre-cuite-3\/#primaryimage","inLanguage":"fr-FR","url":"https:\/\/le-grenier.org\/wp-content\/uploads\/2025\/07\/img_1833.jpeg","contentUrl":"https:\/\/le-grenier.org\/wp-content\/uploads\/2025\/07\/img_1833.jpeg","width":1170,"height":1331},{"@type":"WebPage","@id":"https:\/\/le-grenier.org\/index.php\/produit\/pichet-terre-cuite-3\/#webpage","url":"https:\/\/le-grenier.org\/index.php\/produit\/pichet-terre-cuite-3\/","name":"Pichet terre cuite - Le Grenier - brocante et am\u00e9nagement","isPartOf":{"@id":"https:\/\/le-grenier.org\/#website"},"primaryImageOfPage":{"@id":"https:\/\/le-grenier.org\/index.php\/produit\/pichet-terre-cuite-3\/#primaryimage"},"datePublished":"2025-07-28T14:40:22+00:00","dateModified":"2026-01-13T10:24:02+00:00","breadcrumb":{"@id":"https:\/\/le-grenier.org\/index.php\/produit\/pichet-terre-cuite-3\/#breadcrumb"},"inLanguage":"fr-FR","potentialAction":[{"@type":"ReadAction","target":["https:\/\/le-grenier.org\/index.php\/produit\/pichet-terre-cuite-3\/"]}]},{"@type":"BreadcrumbList","@id":"https:\/\/le-grenier.org\/index.php\/produit\/pichet-terre-cuite-3\/#breadcrumb","itemListElement":[{"@type":"ListItem","position":1,"name":"Accueil","item":"https:\/\/le-grenier.org\/"},{"@type":"ListItem","position":2,"name":"Boutique en ligne","item":"https:\/\/le-grenier.org\/"},{"@type":"ListItem","position":3,"name":"Pichet terre cuite"}]}]}},"_links":{"self":[{"href":"https:\/\/le-grenier.org\/index.php\/wp-json\/wp\/v2\/product\/58147"}],"collection":[{"href":"https:\/\/le-grenier.org\/index.php\/wp-json\/wp\/v2\/product"}],"about":[{"href":"https:\/\/le-grenier.org\/index.php\/wp-json\/wp\/v2\/types\/product"}],"wp:featuredmedia":[{"embeddable":true,"href":"https:\/\/le-grenier.org\/index.php\/wp-json\/wp\/v2\/media\/58148"}],"wp:attachment":[{"href":"https:\/\/le-grenier.org\/index.php\/wp-json\/wp\/v2\/media?parent=58147"}],"wp:term":[{"taxonomy":"product_cat","embeddable":true,"href":"https:\/\/le-grenier.org\/index.php\/wp-json\/wp\/v2\/product_cat?post=58147"},{"taxonomy":"product_tag","embeddable":true,"href":"https:\/\/le-grenier.org\/index.php\/wp-json\/wp\/v2\/product_tag?post=58147"}],"curies":[{"name":"wp","href":"https:\/\/api.w.org\/{rel}","templated":true}]}}

<p>Pichet ancien en terre cuite vernissée</p>
<p>Décor d’oiseaux</p>
<p>Excellent état</p>
<p>Hauteur 20cm</p>
<p>📍 Envoi rapide et soigné possible ou remise en main propre Amiens ou Thezy-Glimont</p>
<p>——</p>

<p>Pichet ancien en terre cuite vernissée Décor d’oiseaux Excellent état Hauteur 20cm 📍 Envoi rapide et soigné possible ou remise&hellip;</p>

<!-- This site is optimized with the Yoast SEO plugin v17.9 - https://yoast.com/wordpress/plugins/seo/ -->
<title>Pichet terre cuite - Le Grenier - brocante et aménagement</title>
<meta name="robots" content="index, follow, max-snippet:-1, max-image-preview:large, max-video-preview:-1" />
<link rel="canonical" href="https://le-grenier.org/index.php/produit/pichet-terre-cuite-3/" />
<meta property="og:locale" content="fr_FR" />
<meta property="og:type" content="article" />
<meta property="og:title" content="Pichet terre cuite - Le Grenier - brocante et aménagement" />
<meta property="og:description" content="Pichet ancien en terre cuite vernissée Décor d’oiseaux Excellent état Hauteur 20cm 📍 Envoi rapide et soigné possible ou remise&hellip;" />
<meta property="og:url" content="https://le-grenier.org/index.php/produit/pichet-terre-cuite-3/" />
<meta property="og:site_name" content="Le Grenier - brocante et aménagement" />
<meta property="article:modified_time" content="2026-01-13T10:24:02+00:00" />
<meta property="og:image" content="http://le-grenier.org/wp-content/uploads/2025/07/img_1833.jpeg" />
	<meta property="og:image:width" content="1170" />
	<meta property="og:image:height" content="1331" />
	<meta property="og:image:type" content="image/jpeg" />
<meta name="twitter:card" content="summary_large_image" />
<script type="application/ld+json" class="yoast-schema-graph">{"@context":"https://schema.org","@graph":[{"@type":"WebSite","@id":"https://le-grenier.org/#website","url":"https://le-grenier.org/","name":"Le Grenier - brocante et am\u00e9nagement","description":"","potentialAction":[{"@type":"SearchAction","target":{"@type":"EntryPoint","urlTemplate":"https://le-grenier.org/?s={search_term_string}"},"query-input":"required name=search_term_string"}],"inLanguage":"fr-FR"},{"@type":"ImageObject","@id":"https://le-grenier.org/index.php/produit/pichet-terre-cuite-3/#primaryimage","inLanguage":"fr-FR","url":"https://le-grenier.org/wp-content/uploads/2025/07/img_1833.jpeg","contentUrl":"https://le-grenier.org/wp-content/uploads/2025/07/img_1833.jpeg","width":1170,"height":1331},{"@type":"WebPage","@id":"https://le-grenier.org/index.php/produit/pichet-terre-cuite-3/#webpage","url":"https://le-grenier.org/index.php/produit/pichet-terre-cuite-3/","name":"Pichet terre cuite - Le Grenier - brocante et am\u00e9nagement","isPartOf":{"@id":"https://le-grenier.org/#website"},"primaryImageOfPage":{"@id":"https://le-grenier.org/index.php/produit/pichet-terre-cuite-3/#primaryimage"},"datePublished":"2025-07-28T14:40:22+00:00","dateModified":"2026-01-13T10:24:02+00:00","breadcrumb":{"@id":"https://le-grenier.org/index.php/produit/pichet-terre-cuite-3/#breadcrumb"},"inLanguage":"fr-FR","potentialAction":[{"@type":"ReadAction","target":["https://le-grenier.org/index.php/produit/pichet-terre-cuite-3/"]}]},{"@type":"BreadcrumbList","@id":"https://le-grenier.org/index.php/produit/pichet-terre-cuite-3/#breadcrumb","itemListElement":[{"@type":"ListItem","position":1,"name":"Accueil","item":"https://le-grenier.org/"},{"@type":"ListItem","position":2,"name":"Boutique en ligne","item":"https://le-grenier.org/"},{"@type":"ListItem","position":3,"name":"Pichet terre cuite"}]}]}</script>
<!-- / Yoast SEO plugin. -->

Pichet terre cuite - Le Grenier - brocante et aménagement

Pichet ancien en terre cuite vernissée Décor d’oiseaux Excellent état Hauteur 20cm 📍 Envoi rapide et soigné possible ou remise&hellip;

Le Grenier - brocante et aménagement
