{"id":58340,"date":"2025-08-14T17:33:10","date_gmt":"2025-08-14T15:33:10","guid":{"rendered":"https:\/\/le-grenier.org\/index.php\/produit\/miroir-dore-16\/"},"modified":"2025-08-15T11:02:02","modified_gmt":"2025-08-15T09:02:02","slug":"miroir-dore-16","status":"publish","type":"product","link":"https:\/\/le-grenier.org\/index.php\/produit\/miroir-dore-16\/","title":{"rendered":"Miroir dor\u00e9"},"content":{"rendered":"<p>Miroir dor\u00e9 biseaut\u00e9<\/p>\n<p>D\u00e9cor fleuri en stuc<\/p>\n<p>80x110cm<\/p>\n<p>Bon \u00e9tat g\u00e9n\u00e9ral, quelques marques du temps \u00e0 noter dans le stuc<\/p>\n<p>Cela n\u2019\u00e9l\u00e8ve rien \u00e0 son charme, il reste une pi\u00e8ce majestueuse dans une d\u00e9coration vintage, classique ou moderne.<\/p>\n<p>Retrait gratuit Amiens ou Thezy-Glimont<\/p>\n<p>Livraison Cocolis possible<\/p>\n<p>.<\/p>\n","protected":false},"excerpt":{"rendered":"<p>Miroir dor\u00e9 biseaut\u00e9 D\u00e9cor fleuri en stuc 80x110cm Bon \u00e9tat g\u00e9n\u00e9ral, quelques marques du temps \u00e0 noter dans le stuc&hellip;<\/p>\n","protected":false},"featured_media":58341,"template":"","meta":{"ngg_post_thumbnail":0},"product_cat":[33],"product_tag":[],"yoast_head":"<!-- This site is optimized with the Yoast SEO plugin v17.9 - https:\/\/yoast.com\/wordpress\/plugins\/seo\/ -->\n<title>Miroir dor\u00e9 - Le Grenier - brocante et am\u00e9nagement<\/title>\n<meta name=\"robots\" content=\"index, follow, max-snippet:-1, max-image-preview:large, max-video-preview:-1\" \/>\n<link rel=\"canonical\" href=\"https:\/\/le-grenier.org\/index.php\/produit\/miroir-dore-16\/\" \/>\n<meta property=\"og:locale\" content=\"fr_FR\" \/>\n<meta property=\"og:type\" content=\"article\" \/>\n<meta property=\"og:title\" content=\"Miroir dor\u00e9 - Le Grenier - brocante et am\u00e9nagement\" \/>\n<meta property=\"og:description\" content=\"Miroir dor\u00e9 biseaut\u00e9 D\u00e9cor fleuri en stuc 80x110cm Bon \u00e9tat g\u00e9n\u00e9ral, quelques marques du temps \u00e0 noter dans le stuc&hellip;\" \/>\n<meta property=\"og:url\" content=\"https:\/\/le-grenier.org\/index.php\/produit\/miroir-dore-16\/\" \/>\n<meta property=\"og:site_name\" content=\"Le Grenier - brocante et am\u00e9nagement\" \/>\n<meta property=\"article:modified_time\" content=\"2025-08-15T09:02:02+00:00\" \/>\n<meta name=\"twitter:card\" content=\"summary_large_image\" \/>\n<script type=\"application\/ld+json\" class=\"yoast-schema-graph\">{\"@context\":\"https:\/\/schema.org\",\"@graph\":[{\"@type\":\"WebSite\",\"@id\":\"https:\/\/le-grenier.org\/#website\",\"url\":\"https:\/\/le-grenier.org\/\",\"name\":\"Le Grenier - brocante et am\\u00e9nagement\",\"description\":\"\",\"potentialAction\":[{\"@type\":\"SearchAction\",\"target\":{\"@type\":\"EntryPoint\",\"urlTemplate\":\"https:\/\/le-grenier.org\/?s={search_term_string}\"},\"query-input\":\"required name=search_term_string\"}],\"inLanguage\":\"fr-FR\"},{\"@type\":\"ImageObject\",\"@id\":\"https:\/\/le-grenier.org\/index.php\/produit\/miroir-dore-16\/#primaryimage\",\"inLanguage\":\"fr-FR\",\"url\":\"https:\/\/le-grenier.org\/wp-content\/uploads\/2025\/08\/img_2068.jpeg\",\"contentUrl\":\"https:\/\/le-grenier.org\/wp-content\/uploads\/2025\/08\/img_2068.jpeg\",\"width\":1170,\"height\":1249},{\"@type\":\"WebPage\",\"@id\":\"https:\/\/le-grenier.org\/index.php\/produit\/miroir-dore-16\/#webpage\",\"url\":\"https:\/\/le-grenier.org\/index.php\/produit\/miroir-dore-16\/\",\"name\":\"Miroir dor\\u00e9 - Le Grenier - brocante et am\\u00e9nagement\",\"isPartOf\":{\"@id\":\"https:\/\/le-grenier.org\/#website\"},\"primaryImageOfPage\":{\"@id\":\"https:\/\/le-grenier.org\/index.php\/produit\/miroir-dore-16\/#primaryimage\"},\"datePublished\":\"2025-08-14T15:33:10+00:00\",\"dateModified\":\"2025-08-15T09:02:02+00:00\",\"breadcrumb\":{\"@id\":\"https:\/\/le-grenier.org\/index.php\/produit\/miroir-dore-16\/#breadcrumb\"},\"inLanguage\":\"fr-FR\",\"potentialAction\":[{\"@type\":\"ReadAction\",\"target\":[\"https:\/\/le-grenier.org\/index.php\/produit\/miroir-dore-16\/\"]}]},{\"@type\":\"BreadcrumbList\",\"@id\":\"https:\/\/le-grenier.org\/index.php\/produit\/miroir-dore-16\/#breadcrumb\",\"itemListElement\":[{\"@type\":\"ListItem\",\"position\":1,\"name\":\"Accueil\",\"item\":\"https:\/\/le-grenier.org\/\"},{\"@type\":\"ListItem\",\"position\":2,\"name\":\"Boutique en ligne\",\"item\":\"https:\/\/le-grenier.org\/\"},{\"@type\":\"ListItem\",\"position\":3,\"name\":\"Miroir dor\\u00e9\"}]}]}<\/script>\n<!-- \/ Yoast SEO plugin. -->","yoast_head_json":{"title":"Miroir dor\u00e9 - Le Grenier - brocante et am\u00e9nagement","robots":{"index":"index","follow":"follow","max-snippet":"max-snippet:-1","max-image-preview":"max-image-preview:large","max-video-preview":"max-video-preview:-1"},"canonical":"https:\/\/le-grenier.org\/index.php\/produit\/miroir-dore-16\/","og_locale":"fr_FR","og_type":"article","og_title":"Miroir dor\u00e9 - Le Grenier - brocante et am\u00e9nagement","og_description":"Miroir dor\u00e9 biseaut\u00e9 D\u00e9cor fleuri en stuc 80x110cm Bon \u00e9tat g\u00e9n\u00e9ral, quelques marques du temps \u00e0 noter dans le stuc&hellip;","og_url":"https:\/\/le-grenier.org\/index.php\/produit\/miroir-dore-16\/","og_site_name":"Le Grenier - brocante et am\u00e9nagement","article_modified_time":"2025-08-15T09:02:02+00:00","twitter_card":"summary_large_image","schema":{"@context":"https:\/\/schema.org","@graph":[{"@type":"WebSite","@id":"https:\/\/le-grenier.org\/#website","url":"https:\/\/le-grenier.org\/","name":"Le Grenier - brocante et am\u00e9nagement","description":"","potentialAction":[{"@type":"SearchAction","target":{"@type":"EntryPoint","urlTemplate":"https:\/\/le-grenier.org\/?s={search_term_string}"},"query-input":"required name=search_term_string"}],"inLanguage":"fr-FR"},{"@type":"ImageObject","@id":"https:\/\/le-grenier.org\/index.php\/produit\/miroir-dore-16\/#primaryimage","inLanguage":"fr-FR","url":"https:\/\/le-grenier.org\/wp-content\/uploads\/2025\/08\/img_2068.jpeg","contentUrl":"https:\/\/le-grenier.org\/wp-content\/uploads\/2025\/08\/img_2068.jpeg","width":1170,"height":1249},{"@type":"WebPage","@id":"https:\/\/le-grenier.org\/index.php\/produit\/miroir-dore-16\/#webpage","url":"https:\/\/le-grenier.org\/index.php\/produit\/miroir-dore-16\/","name":"Miroir dor\u00e9 - Le Grenier - brocante et am\u00e9nagement","isPartOf":{"@id":"https:\/\/le-grenier.org\/#website"},"primaryImageOfPage":{"@id":"https:\/\/le-grenier.org\/index.php\/produit\/miroir-dore-16\/#primaryimage"},"datePublished":"2025-08-14T15:33:10+00:00","dateModified":"2025-08-15T09:02:02+00:00","breadcrumb":{"@id":"https:\/\/le-grenier.org\/index.php\/produit\/miroir-dore-16\/#breadcrumb"},"inLanguage":"fr-FR","potentialAction":[{"@type":"ReadAction","target":["https:\/\/le-grenier.org\/index.php\/produit\/miroir-dore-16\/"]}]},{"@type":"BreadcrumbList","@id":"https:\/\/le-grenier.org\/index.php\/produit\/miroir-dore-16\/#breadcrumb","itemListElement":[{"@type":"ListItem","position":1,"name":"Accueil","item":"https:\/\/le-grenier.org\/"},{"@type":"ListItem","position":2,"name":"Boutique en ligne","item":"https:\/\/le-grenier.org\/"},{"@type":"ListItem","position":3,"name":"Miroir dor\u00e9"}]}]}},"_links":{"self":[{"href":"https:\/\/le-grenier.org\/index.php\/wp-json\/wp\/v2\/product\/58340"}],"collection":[{"href":"https:\/\/le-grenier.org\/index.php\/wp-json\/wp\/v2\/product"}],"about":[{"href":"https:\/\/le-grenier.org\/index.php\/wp-json\/wp\/v2\/types\/product"}],"wp:featuredmedia":[{"embeddable":true,"href":"https:\/\/le-grenier.org\/index.php\/wp-json\/wp\/v2\/media\/58341"}],"wp:attachment":[{"href":"https:\/\/le-grenier.org\/index.php\/wp-json\/wp\/v2\/media?parent=58340"}],"wp:term":[{"taxonomy":"product_cat","embeddable":true,"href":"https:\/\/le-grenier.org\/index.php\/wp-json\/wp\/v2\/product_cat?post=58340"},{"taxonomy":"product_tag","embeddable":true,"href":"https:\/\/le-grenier.org\/index.php\/wp-json\/wp\/v2\/product_tag?post=58340"}],"curies":[{"name":"wp","href":"https:\/\/api.w.org\/{rel}","templated":true}]}}