{"id":58394,"date":"2025-08-18T11:44:45","date_gmt":"2025-08-18T09:44:45","guid":{"rendered":"https:\/\/le-grenier.org\/index.php\/produit\/lampe-starck\/"},"modified":"2025-12-02T20:21:40","modified_gmt":"2025-12-02T19:21:40","slug":"lampe-starck","status":"publish","type":"product","link":"https:\/\/le-grenier.org\/index.php\/produit\/lampe-starck\/","title":{"rendered":"Lampe Starck"},"content":{"rendered":"<p>Philippe Starck<\/p>\n<p>Lampe de table Miss Sissi<\/p>\n<p>1991<\/p>\n<p>Hauteur 28,4 cm<\/p>\n<p>Diam\u00e8tre : 14,3 cm<\/p>\n<p>Tr\u00e8s bon \u00e9tat<\/p>\n<p>Fourni sans ampoule<\/p>\n<p>\u2014-<\/p>\n<p>La lampe de table Miss Sissi vous fera craquer par sa couleur et sa douceur, cr\u00e9\u00e9e en 1991 par Philippe Starck pour la marque Italienne  de renomm\u00e9 mondiale Flos.<\/p>\n<p>Comme d\u2019autres produits cr\u00e9\u00e9s par Philippe Starck: la chaise Victoria Ghost, le fauteuil Louis Ghost, etc\u2026, la lampe Miss Sissi prend aussi des formes classiques.<\/p>\n<p>Lampe de table \u00e0 lumi\u00e8re directe et diffuse. Corps, diffuseur et support de diffuseur en polycarbonate color\u00e9, moul\u00e9 par injection.<\/p>\n<p>\u2014-<\/p>\n<p>Philippe Starck, n\u00e9 le 18 janvier 1949 \u00e0 Paris, est un cr\u00e9ateur fran\u00e7ais dans des domaines vari\u00e9s ; design industriel, architecture, d\u00e9coration d&rsquo;int\u00e9rieur, mobilier urbain, \u00e9lectrom\u00e9nager, bureautique, luminaire, habillage, transport, et m\u00eame alimentaire. Consid\u00e9r\u00e9 comme un des pionniers du design d\u00e9mocratique, il conna\u00eet depuis les ann\u00e9es 1980 une renomm\u00e9e internationale, notamment gr\u00e2ce \u00e0 sa vision et sa philosophie : un objet doit \u00eatre \u00ab bon \u00bb et \u00ab utile \u00bb, avant d\u2019\u00eatre \u00ab beau \u00bb.<\/p>\n<p>Envoi rapide et soign\u00e9 possible ou remise en main propre Amiens ou Thezy-Glimont<\/p>\n","protected":false},"excerpt":{"rendered":"<p>Philippe Starck Lampe de table Miss Sissi 1991 Hauteur 28,4 cm Diam\u00e8tre : 14,3 cm Tr\u00e8s bon \u00e9tat Fourni sans&hellip;<\/p>\n","protected":false},"featured_media":58395,"template":"","meta":{"ngg_post_thumbnail":0},"product_cat":[60,50,53,26],"product_tag":[],"yoast_head":"<!-- This site is optimized with the Yoast SEO plugin v17.9 - https:\/\/yoast.com\/wordpress\/plugins\/seo\/ -->\n<title>Lampe Starck - Le Grenier - brocante et am\u00e9nagement<\/title>\n<meta name=\"robots\" content=\"index, follow, max-snippet:-1, max-image-preview:large, max-video-preview:-1\" \/>\n<link rel=\"canonical\" href=\"https:\/\/le-grenier.org\/index.php\/produit\/lampe-starck\/\" \/>\n<meta property=\"og:locale\" content=\"fr_FR\" \/>\n<meta property=\"og:type\" content=\"article\" \/>\n<meta property=\"og:title\" content=\"Lampe Starck - Le Grenier - brocante et am\u00e9nagement\" \/>\n<meta property=\"og:description\" content=\"Philippe Starck Lampe de table Miss Sissi 1991 Hauteur 28,4 cm Diam\u00e8tre : 14,3 cm Tr\u00e8s bon \u00e9tat Fourni sans&hellip;\" \/>\n<meta property=\"og:url\" content=\"https:\/\/le-grenier.org\/index.php\/produit\/lampe-starck\/\" \/>\n<meta property=\"og:site_name\" content=\"Le Grenier - brocante et am\u00e9nagement\" \/>\n<meta property=\"article:modified_time\" content=\"2025-12-02T19:21:40+00:00\" \/>\n<meta property=\"og:image\" content=\"https:\/\/le-grenier.org\/wp-content\/uploads\/2025\/08\/img_2141.jpeg\" \/>\n\t<meta property=\"og:image:width\" content=\"1170\" \/>\n\t<meta property=\"og:image:height\" content=\"1558\" \/>\n\t<meta property=\"og:image:type\" content=\"image\/jpeg\" \/>\n<meta name=\"twitter:card\" content=\"summary_large_image\" \/>\n<meta name=\"twitter:label1\" content=\"Dur\u00e9e de lecture estim\u00e9e\" \/>\n\t<meta name=\"twitter:data1\" content=\"1 minute\" \/>\n<script type=\"application\/ld+json\" class=\"yoast-schema-graph\">{\"@context\":\"https:\/\/schema.org\",\"@graph\":[{\"@type\":\"WebSite\",\"@id\":\"https:\/\/le-grenier.org\/#website\",\"url\":\"https:\/\/le-grenier.org\/\",\"name\":\"Le Grenier - brocante et am\\u00e9nagement\",\"description\":\"\",\"potentialAction\":[{\"@type\":\"SearchAction\",\"target\":{\"@type\":\"EntryPoint\",\"urlTemplate\":\"https:\/\/le-grenier.org\/?s={search_term_string}\"},\"query-input\":\"required name=search_term_string\"}],\"inLanguage\":\"fr-FR\"},{\"@type\":\"ImageObject\",\"@id\":\"https:\/\/le-grenier.org\/index.php\/produit\/lampe-starck\/#primaryimage\",\"inLanguage\":\"fr-FR\",\"url\":\"https:\/\/le-grenier.org\/wp-content\/uploads\/2025\/08\/img_2141.jpeg\",\"contentUrl\":\"https:\/\/le-grenier.org\/wp-content\/uploads\/2025\/08\/img_2141.jpeg\",\"width\":1170,\"height\":1558},{\"@type\":\"WebPage\",\"@id\":\"https:\/\/le-grenier.org\/index.php\/produit\/lampe-starck\/#webpage\",\"url\":\"https:\/\/le-grenier.org\/index.php\/produit\/lampe-starck\/\",\"name\":\"Lampe Starck - Le Grenier - brocante et am\\u00e9nagement\",\"isPartOf\":{\"@id\":\"https:\/\/le-grenier.org\/#website\"},\"primaryImageOfPage\":{\"@id\":\"https:\/\/le-grenier.org\/index.php\/produit\/lampe-starck\/#primaryimage\"},\"datePublished\":\"2025-08-18T09:44:45+00:00\",\"dateModified\":\"2025-12-02T19:21:40+00:00\",\"breadcrumb\":{\"@id\":\"https:\/\/le-grenier.org\/index.php\/produit\/lampe-starck\/#breadcrumb\"},\"inLanguage\":\"fr-FR\",\"potentialAction\":[{\"@type\":\"ReadAction\",\"target\":[\"https:\/\/le-grenier.org\/index.php\/produit\/lampe-starck\/\"]}]},{\"@type\":\"BreadcrumbList\",\"@id\":\"https:\/\/le-grenier.org\/index.php\/produit\/lampe-starck\/#breadcrumb\",\"itemListElement\":[{\"@type\":\"ListItem\",\"position\":1,\"name\":\"Accueil\",\"item\":\"https:\/\/le-grenier.org\/\"},{\"@type\":\"ListItem\",\"position\":2,\"name\":\"Boutique en ligne\",\"item\":\"https:\/\/le-grenier.org\/\"},{\"@type\":\"ListItem\",\"position\":3,\"name\":\"Lampe Starck\"}]}]}<\/script>\n<!-- \/ Yoast SEO plugin. -->","yoast_head_json":{"title":"Lampe Starck - Le Grenier - brocante et am\u00e9nagement","robots":{"index":"index","follow":"follow","max-snippet":"max-snippet:-1","max-image-preview":"max-image-preview:large","max-video-preview":"max-video-preview:-1"},"canonical":"https:\/\/le-grenier.org\/index.php\/produit\/lampe-starck\/","og_locale":"fr_FR","og_type":"article","og_title":"Lampe Starck - Le Grenier - brocante et am\u00e9nagement","og_description":"Philippe Starck Lampe de table Miss Sissi 1991 Hauteur 28,4 cm Diam\u00e8tre : 14,3 cm Tr\u00e8s bon \u00e9tat Fourni sans&hellip;","og_url":"https:\/\/le-grenier.org\/index.php\/produit\/lampe-starck\/","og_site_name":"Le Grenier - brocante et am\u00e9nagement","article_modified_time":"2025-12-02T19:21:40+00:00","og_image":[{"width":1170,"height":1558,"url":"https:\/\/le-grenier.org\/wp-content\/uploads\/2025\/08\/img_2141.jpeg","type":"image\/jpeg"}],"twitter_card":"summary_large_image","twitter_misc":{"Dur\u00e9e de lecture estim\u00e9e":"1 minute"},"schema":{"@context":"https:\/\/schema.org","@graph":[{"@type":"WebSite","@id":"https:\/\/le-grenier.org\/#website","url":"https:\/\/le-grenier.org\/","name":"Le Grenier - brocante et am\u00e9nagement","description":"","potentialAction":[{"@type":"SearchAction","target":{"@type":"EntryPoint","urlTemplate":"https:\/\/le-grenier.org\/?s={search_term_string}"},"query-input":"required name=search_term_string"}],"inLanguage":"fr-FR"},{"@type":"ImageObject","@id":"https:\/\/le-grenier.org\/index.php\/produit\/lampe-starck\/#primaryimage","inLanguage":"fr-FR","url":"https:\/\/le-grenier.org\/wp-content\/uploads\/2025\/08\/img_2141.jpeg","contentUrl":"https:\/\/le-grenier.org\/wp-content\/uploads\/2025\/08\/img_2141.jpeg","width":1170,"height":1558},{"@type":"WebPage","@id":"https:\/\/le-grenier.org\/index.php\/produit\/lampe-starck\/#webpage","url":"https:\/\/le-grenier.org\/index.php\/produit\/lampe-starck\/","name":"Lampe Starck - Le Grenier - brocante et am\u00e9nagement","isPartOf":{"@id":"https:\/\/le-grenier.org\/#website"},"primaryImageOfPage":{"@id":"https:\/\/le-grenier.org\/index.php\/produit\/lampe-starck\/#primaryimage"},"datePublished":"2025-08-18T09:44:45+00:00","dateModified":"2025-12-02T19:21:40+00:00","breadcrumb":{"@id":"https:\/\/le-grenier.org\/index.php\/produit\/lampe-starck\/#breadcrumb"},"inLanguage":"fr-FR","potentialAction":[{"@type":"ReadAction","target":["https:\/\/le-grenier.org\/index.php\/produit\/lampe-starck\/"]}]},{"@type":"BreadcrumbList","@id":"https:\/\/le-grenier.org\/index.php\/produit\/lampe-starck\/#breadcrumb","itemListElement":[{"@type":"ListItem","position":1,"name":"Accueil","item":"https:\/\/le-grenier.org\/"},{"@type":"ListItem","position":2,"name":"Boutique en ligne","item":"https:\/\/le-grenier.org\/"},{"@type":"ListItem","position":3,"name":"Lampe Starck"}]}]}},"_links":{"self":[{"href":"https:\/\/le-grenier.org\/index.php\/wp-json\/wp\/v2\/product\/58394"}],"collection":[{"href":"https:\/\/le-grenier.org\/index.php\/wp-json\/wp\/v2\/product"}],"about":[{"href":"https:\/\/le-grenier.org\/index.php\/wp-json\/wp\/v2\/types\/product"}],"wp:featuredmedia":[{"embeddable":true,"href":"https:\/\/le-grenier.org\/index.php\/wp-json\/wp\/v2\/media\/58395"}],"wp:attachment":[{"href":"https:\/\/le-grenier.org\/index.php\/wp-json\/wp\/v2\/media?parent=58394"}],"wp:term":[{"taxonomy":"product_cat","embeddable":true,"href":"https:\/\/le-grenier.org\/index.php\/wp-json\/wp\/v2\/product_cat?post=58394"},{"taxonomy":"product_tag","embeddable":true,"href":"https:\/\/le-grenier.org\/index.php\/wp-json\/wp\/v2\/product_tag?post=58394"}],"curies":[{"name":"wp","href":"https:\/\/api.w.org\/{rel}","templated":true}]}}