{"id":58603,"date":"2025-09-23T16:40:30","date_gmt":"2025-09-23T14:40:30","guid":{"rendered":"https:\/\/le-grenier.org\/index.php\/produit\/table-basse-9\/"},"modified":"2026-01-13T11:21:30","modified_gmt":"2026-01-13T10:21:30","slug":"table-basse-9","status":"publish","type":"product","link":"https:\/\/le-grenier.org\/index.php\/produit\/table-basse-9\/","title":{"rendered":"Table basse"},"content":{"rendered":"<p>Table basse de bistrot en marbre et fonte<\/p>\n<p>Dimensions :<\/p>\n<p>Diam\u00e8tre 85cm<\/p>\n<p>Hauteur 40cm<\/p>\n<p>Cet intemporel est id\u00e9al au jardin ou au salon, et donnera une touche \u00e9l\u00e9gante \u00e0 votre int\u00e9rieur.<\/p>\n<p>Elle combine des mat\u00e9riaux nobles, un plateau en marbre et sa structure et ses pieds en fonte. \u00c9l\u00e9gante, classique et avec une touche de romantisme. Id\u00e9ale aussi pour bars, restaurants et caf\u00e9s. La disposition de son pied lui conf\u00e8re stabilit\u00e9 et robustesse, ainsi qu&rsquo;une grande durabilit\u00e9 gr\u00e2ce \u00e0 son plateau en Marbre.<\/p>\n<p>&nbsp;<\/p>\n","protected":false},"excerpt":{"rendered":"<p>Table basse de bistrot en marbre et fonte Dimensions : Diam\u00e8tre 85cm Hauteur 40cm Cet intemporel est id\u00e9al au jardin&hellip;<\/p>\n","protected":false},"featured_media":58604,"template":"","meta":{"ngg_post_thumbnail":0},"product_cat":[56,29],"product_tag":[],"yoast_head":"<!-- This site is optimized with the Yoast SEO plugin v17.9 - https:\/\/yoast.com\/wordpress\/plugins\/seo\/ -->\n<title>Table basse - Le Grenier - brocante et am\u00e9nagement<\/title>\n<meta name=\"robots\" content=\"index, follow, max-snippet:-1, max-image-preview:large, max-video-preview:-1\" \/>\n<link rel=\"canonical\" href=\"https:\/\/le-grenier.org\/index.php\/produit\/table-basse-9\/\" \/>\n<meta property=\"og:locale\" content=\"fr_FR\" \/>\n<meta property=\"og:type\" content=\"article\" \/>\n<meta property=\"og:title\" content=\"Table basse - Le Grenier - brocante et am\u00e9nagement\" \/>\n<meta property=\"og:description\" content=\"Table basse de bistrot en marbre et fonte Dimensions : Diam\u00e8tre 85cm Hauteur 40cm Cet intemporel est id\u00e9al au jardin&hellip;\" \/>\n<meta property=\"og:url\" content=\"https:\/\/le-grenier.org\/index.php\/produit\/table-basse-9\/\" \/>\n<meta property=\"og:site_name\" content=\"Le Grenier - brocante et am\u00e9nagement\" \/>\n<meta property=\"article:modified_time\" content=\"2026-01-13T10:21:30+00:00\" \/>\n<meta property=\"og:image\" content=\"http:\/\/le-grenier.org\/wp-content\/uploads\/2025\/09\/img_2602.jpeg\" \/>\n\t<meta property=\"og:image:width\" content=\"1170\" \/>\n\t<meta property=\"og:image:height\" content=\"1208\" \/>\n\t<meta property=\"og:image:type\" content=\"image\/jpeg\" \/>\n<meta name=\"twitter:card\" content=\"summary_large_image\" \/>\n<script type=\"application\/ld+json\" class=\"yoast-schema-graph\">{\"@context\":\"https:\/\/schema.org\",\"@graph\":[{\"@type\":\"WebSite\",\"@id\":\"https:\/\/le-grenier.org\/#website\",\"url\":\"https:\/\/le-grenier.org\/\",\"name\":\"Le Grenier - brocante et am\\u00e9nagement\",\"description\":\"\",\"potentialAction\":[{\"@type\":\"SearchAction\",\"target\":{\"@type\":\"EntryPoint\",\"urlTemplate\":\"https:\/\/le-grenier.org\/?s={search_term_string}\"},\"query-input\":\"required name=search_term_string\"}],\"inLanguage\":\"fr-FR\"},{\"@type\":\"ImageObject\",\"@id\":\"https:\/\/le-grenier.org\/index.php\/produit\/table-basse-9\/#primaryimage\",\"inLanguage\":\"fr-FR\",\"url\":\"https:\/\/le-grenier.org\/wp-content\/uploads\/2025\/09\/img_2602.jpeg\",\"contentUrl\":\"https:\/\/le-grenier.org\/wp-content\/uploads\/2025\/09\/img_2602.jpeg\",\"width\":1170,\"height\":1208},{\"@type\":\"WebPage\",\"@id\":\"https:\/\/le-grenier.org\/index.php\/produit\/table-basse-9\/#webpage\",\"url\":\"https:\/\/le-grenier.org\/index.php\/produit\/table-basse-9\/\",\"name\":\"Table basse - Le Grenier - brocante et am\\u00e9nagement\",\"isPartOf\":{\"@id\":\"https:\/\/le-grenier.org\/#website\"},\"primaryImageOfPage\":{\"@id\":\"https:\/\/le-grenier.org\/index.php\/produit\/table-basse-9\/#primaryimage\"},\"datePublished\":\"2025-09-23T14:40:30+00:00\",\"dateModified\":\"2026-01-13T10:21:30+00:00\",\"breadcrumb\":{\"@id\":\"https:\/\/le-grenier.org\/index.php\/produit\/table-basse-9\/#breadcrumb\"},\"inLanguage\":\"fr-FR\",\"potentialAction\":[{\"@type\":\"ReadAction\",\"target\":[\"https:\/\/le-grenier.org\/index.php\/produit\/table-basse-9\/\"]}]},{\"@type\":\"BreadcrumbList\",\"@id\":\"https:\/\/le-grenier.org\/index.php\/produit\/table-basse-9\/#breadcrumb\",\"itemListElement\":[{\"@type\":\"ListItem\",\"position\":1,\"name\":\"Accueil\",\"item\":\"https:\/\/le-grenier.org\/\"},{\"@type\":\"ListItem\",\"position\":2,\"name\":\"Boutique en ligne\",\"item\":\"https:\/\/le-grenier.org\/\"},{\"@type\":\"ListItem\",\"position\":3,\"name\":\"Table basse\"}]}]}<\/script>\n<!-- \/ Yoast SEO plugin. -->","yoast_head_json":{"title":"Table basse - Le Grenier - brocante et am\u00e9nagement","robots":{"index":"index","follow":"follow","max-snippet":"max-snippet:-1","max-image-preview":"max-image-preview:large","max-video-preview":"max-video-preview:-1"},"canonical":"https:\/\/le-grenier.org\/index.php\/produit\/table-basse-9\/","og_locale":"fr_FR","og_type":"article","og_title":"Table basse - Le Grenier - brocante et am\u00e9nagement","og_description":"Table basse de bistrot en marbre et fonte Dimensions : Diam\u00e8tre 85cm Hauteur 40cm Cet intemporel est id\u00e9al au jardin&hellip;","og_url":"https:\/\/le-grenier.org\/index.php\/produit\/table-basse-9\/","og_site_name":"Le Grenier - brocante et am\u00e9nagement","article_modified_time":"2026-01-13T10:21:30+00:00","og_image":[{"width":1170,"height":1208,"url":"http:\/\/le-grenier.org\/wp-content\/uploads\/2025\/09\/img_2602.jpeg","type":"image\/jpeg"}],"twitter_card":"summary_large_image","schema":{"@context":"https:\/\/schema.org","@graph":[{"@type":"WebSite","@id":"https:\/\/le-grenier.org\/#website","url":"https:\/\/le-grenier.org\/","name":"Le Grenier - brocante et am\u00e9nagement","description":"","potentialAction":[{"@type":"SearchAction","target":{"@type":"EntryPoint","urlTemplate":"https:\/\/le-grenier.org\/?s={search_term_string}"},"query-input":"required name=search_term_string"}],"inLanguage":"fr-FR"},{"@type":"ImageObject","@id":"https:\/\/le-grenier.org\/index.php\/produit\/table-basse-9\/#primaryimage","inLanguage":"fr-FR","url":"https:\/\/le-grenier.org\/wp-content\/uploads\/2025\/09\/img_2602.jpeg","contentUrl":"https:\/\/le-grenier.org\/wp-content\/uploads\/2025\/09\/img_2602.jpeg","width":1170,"height":1208},{"@type":"WebPage","@id":"https:\/\/le-grenier.org\/index.php\/produit\/table-basse-9\/#webpage","url":"https:\/\/le-grenier.org\/index.php\/produit\/table-basse-9\/","name":"Table basse - Le Grenier - brocante et am\u00e9nagement","isPartOf":{"@id":"https:\/\/le-grenier.org\/#website"},"primaryImageOfPage":{"@id":"https:\/\/le-grenier.org\/index.php\/produit\/table-basse-9\/#primaryimage"},"datePublished":"2025-09-23T14:40:30+00:00","dateModified":"2026-01-13T10:21:30+00:00","breadcrumb":{"@id":"https:\/\/le-grenier.org\/index.php\/produit\/table-basse-9\/#breadcrumb"},"inLanguage":"fr-FR","potentialAction":[{"@type":"ReadAction","target":["https:\/\/le-grenier.org\/index.php\/produit\/table-basse-9\/"]}]},{"@type":"BreadcrumbList","@id":"https:\/\/le-grenier.org\/index.php\/produit\/table-basse-9\/#breadcrumb","itemListElement":[{"@type":"ListItem","position":1,"name":"Accueil","item":"https:\/\/le-grenier.org\/"},{"@type":"ListItem","position":2,"name":"Boutique en ligne","item":"https:\/\/le-grenier.org\/"},{"@type":"ListItem","position":3,"name":"Table basse"}]}]}},"_links":{"self":[{"href":"https:\/\/le-grenier.org\/index.php\/wp-json\/wp\/v2\/product\/58603"}],"collection":[{"href":"https:\/\/le-grenier.org\/index.php\/wp-json\/wp\/v2\/product"}],"about":[{"href":"https:\/\/le-grenier.org\/index.php\/wp-json\/wp\/v2\/types\/product"}],"wp:featuredmedia":[{"embeddable":true,"href":"https:\/\/le-grenier.org\/index.php\/wp-json\/wp\/v2\/media\/58604"}],"wp:attachment":[{"href":"https:\/\/le-grenier.org\/index.php\/wp-json\/wp\/v2\/media?parent=58603"}],"wp:term":[{"taxonomy":"product_cat","embeddable":true,"href":"https:\/\/le-grenier.org\/index.php\/wp-json\/wp\/v2\/product_cat?post=58603"},{"taxonomy":"product_tag","embeddable":true,"href":"https:\/\/le-grenier.org\/index.php\/wp-json\/wp\/v2\/product_tag?post=58603"}],"curies":[{"name":"wp","href":"https:\/\/api.w.org\/{rel}","templated":true}]}}

<p>Table basse de bistrot en marbre et fonte</p>
<p>Dimensions :</p>
<p>Diamètre 85cm</p>
<p>Hauteur 40cm</p>
<p>Cet intemporel est idéal au jardin ou au salon, et donnera une touche élégante à votre intérieur.</p>
<p>Elle combine des matériaux nobles, un plateau en marbre et sa structure et ses pieds en fonte. Élégante, classique et avec une touche de romantisme. Idéale aussi pour bars, restaurants et cafés. La disposition de son pied lui confère stabilité et robustesse, ainsi qu&rsquo;une grande durabilité grâce à son plateau en Marbre.</p>
<p>&nbsp;</p>

<p>Table basse de bistrot en marbre et fonte Dimensions : Diamètre 85cm Hauteur 40cm Cet intemporel est idéal au jardin&hellip;</p>

<!-- This site is optimized with the Yoast SEO plugin v17.9 - https://yoast.com/wordpress/plugins/seo/ -->
<title>Table basse - Le Grenier - brocante et aménagement</title>
<meta name="robots" content="index, follow, max-snippet:-1, max-image-preview:large, max-video-preview:-1" />
<link rel="canonical" href="https://le-grenier.org/index.php/produit/table-basse-9/" />
<meta property="og:locale" content="fr_FR" />
<meta property="og:type" content="article" />
<meta property="og:title" content="Table basse - Le Grenier - brocante et aménagement" />
<meta property="og:description" content="Table basse de bistrot en marbre et fonte Dimensions : Diamètre 85cm Hauteur 40cm Cet intemporel est idéal au jardin&hellip;" />
<meta property="og:url" content="https://le-grenier.org/index.php/produit/table-basse-9/" />
<meta property="og:site_name" content="Le Grenier - brocante et aménagement" />
<meta property="article:modified_time" content="2026-01-13T10:21:30+00:00" />
<meta property="og:image" content="http://le-grenier.org/wp-content/uploads/2025/09/img_2602.jpeg" />
	<meta property="og:image:width" content="1170" />
	<meta property="og:image:height" content="1208" />
	<meta property="og:image:type" content="image/jpeg" />
<meta name="twitter:card" content="summary_large_image" />
<script type="application/ld+json" class="yoast-schema-graph">{"@context":"https://schema.org","@graph":[{"@type":"WebSite","@id":"https://le-grenier.org/#website","url":"https://le-grenier.org/","name":"Le Grenier - brocante et am\u00e9nagement","description":"","potentialAction":[{"@type":"SearchAction","target":{"@type":"EntryPoint","urlTemplate":"https://le-grenier.org/?s={search_term_string}"},"query-input":"required name=search_term_string"}],"inLanguage":"fr-FR"},{"@type":"ImageObject","@id":"https://le-grenier.org/index.php/produit/table-basse-9/#primaryimage","inLanguage":"fr-FR","url":"https://le-grenier.org/wp-content/uploads/2025/09/img_2602.jpeg","contentUrl":"https://le-grenier.org/wp-content/uploads/2025/09/img_2602.jpeg","width":1170,"height":1208},{"@type":"WebPage","@id":"https://le-grenier.org/index.php/produit/table-basse-9/#webpage","url":"https://le-grenier.org/index.php/produit/table-basse-9/","name":"Table basse - Le Grenier - brocante et am\u00e9nagement","isPartOf":{"@id":"https://le-grenier.org/#website"},"primaryImageOfPage":{"@id":"https://le-grenier.org/index.php/produit/table-basse-9/#primaryimage"},"datePublished":"2025-09-23T14:40:30+00:00","dateModified":"2026-01-13T10:21:30+00:00","breadcrumb":{"@id":"https://le-grenier.org/index.php/produit/table-basse-9/#breadcrumb"},"inLanguage":"fr-FR","potentialAction":[{"@type":"ReadAction","target":["https://le-grenier.org/index.php/produit/table-basse-9/"]}]},{"@type":"BreadcrumbList","@id":"https://le-grenier.org/index.php/produit/table-basse-9/#breadcrumb","itemListElement":[{"@type":"ListItem","position":1,"name":"Accueil","item":"https://le-grenier.org/"},{"@type":"ListItem","position":2,"name":"Boutique en ligne","item":"https://le-grenier.org/"},{"@type":"ListItem","position":3,"name":"Table basse"}]}]}</script>
<!-- / Yoast SEO plugin. -->

Table basse - Le Grenier - brocante et aménagement

Table basse de bistrot en marbre et fonte Dimensions : Diamètre 85cm Hauteur 40cm Cet intemporel est idéal au jardin&hellip;

Le Grenier - brocante et aménagement
