{"id":58676,"date":"2025-10-14T18:56:15","date_gmt":"2025-10-14T16:56:15","guid":{"rendered":"https:\/\/le-grenier.org\/index.php\/produit\/lampe-pigeon\/"},"modified":"2025-10-14T18:59:41","modified_gmt":"2025-10-14T16:59:41","slug":"lampe-pigeon","status":"publish","type":"product","link":"https:\/\/le-grenier.org\/index.php\/produit\/lampe-pigeon\/","title":{"rendered":"Lampe pigeon"},"content":{"rendered":"<p>Lampe \u00e0 p\u00e9trole \/ essence min\u00e9rale \u00ab Pigeon \u00bb vintage en fer.<\/p>\n<p>Ce mod\u00e8le standard se caract\u00e9rise par un r\u00e9servoir portant une inscription<\/p>\n<p>\u00ab LAMPE-PIGEON Garantie v\u00e9ritable. Inexplosible \u00e0 l\u2019essence min\u00e9rale \u00bb<\/p>\n<p>&#8211; une mollette<\/p>\n<p>&#8211; un bec pr\u00e9vu pour enfermer une m\u00e8che cylindrique qui est en contact permanent avec le feutre imbib\u00e9 d\u2019essence.<\/p>\n<p>&#8211; Une galerie qui s\u2019enfile sur le bec et soutient la verrine. Elle est perc\u00e9e \u00e0 sa base de petits trous qui permettent un appel d\u2019air conduisant \u00e0 tripler la puissance \u00e9clairante de la flamme<\/p>\n<p>&#8211; un abat-jour en verre transparent en excellent \u00e9tat<\/p>\n<p>Ce luminaire fut invent\u00e9 en 1882 par Charles Pigeon qui cherchait \u00e0 cr\u00e9er une lampe s\u00e9curis\u00e9e \u00e0 un co\u00fbt tr\u00e8s abordable. Le premier brevet fut d\u00e9pos\u00e9 en 1884 et la lampe Pigeon fut pr\u00e9sent\u00e9e \u00e0 l\u2019Exposition universelle de 1900.<\/p>\n<p>Une r\u00e9volution pour ce type de lampe car ses caract\u00e9ristiques la rendent inexplosible<\/p>\n<p>L\u2019ann\u00e9e suivante, une lampe standard est imagin\u00e9e pour permettre des utilisations dans la vie de tous les jours comme lampe d\u2019int\u00e9rieur, lampe d\u2019atelier, lampe de poche etc.<\/p>\n<p>Que vous soyez collectionneur d\u2019objets vintage ou simplement \u00e0 la recherche d\u2019une pi\u00e8ce unique pour embellir votre maison, cette lampe \u00e0 flamme est le choix id\u00e9al. Elle convient \u00e9galement comme cadeau pour les amateurs de d\u00e9coration r\u00e9tro et d\u2019histoire.<\/p>\n<p>Quelques traces du temps visibles dans les photos<\/p>\n<p>(pied) H 17,5 cm (abat-jour) H 8,6 cm<\/p>\n<p>\ud83c\udf81 Envoi soign\u00e9 et rapide, parfait pour un cadeau unique<\/p>\n","protected":false},"excerpt":{"rendered":"<p>Lampe \u00e0 p\u00e9trole \/ essence min\u00e9rale \u00ab Pigeon \u00bb vintage en fer. Ce mod\u00e8le standard se caract\u00e9rise par un r\u00e9servoir&hellip;<\/p>\n","protected":false},"featured_media":58677,"template":"","meta":{"ngg_post_thumbnail":0},"product_cat":[61,25],"product_tag":[],"yoast_head":"<!-- This site is optimized with the Yoast SEO plugin v17.9 - https:\/\/yoast.com\/wordpress\/plugins\/seo\/ -->\n<title>Lampe pigeon - Le Grenier - brocante et am\u00e9nagement<\/title>\n<meta name=\"robots\" content=\"index, follow, max-snippet:-1, max-image-preview:large, max-video-preview:-1\" \/>\n<link rel=\"canonical\" href=\"https:\/\/le-grenier.org\/index.php\/produit\/lampe-pigeon\/\" \/>\n<meta property=\"og:locale\" content=\"fr_FR\" \/>\n<meta property=\"og:type\" content=\"article\" \/>\n<meta property=\"og:title\" content=\"Lampe pigeon - Le Grenier - brocante et am\u00e9nagement\" \/>\n<meta property=\"og:description\" content=\"Lampe \u00e0 p\u00e9trole \/ essence min\u00e9rale \u00ab Pigeon \u00bb vintage en fer. Ce mod\u00e8le standard se caract\u00e9rise par un r\u00e9servoir&hellip;\" \/>\n<meta property=\"og:url\" content=\"https:\/\/le-grenier.org\/index.php\/produit\/lampe-pigeon\/\" \/>\n<meta property=\"og:site_name\" content=\"Le Grenier - brocante et am\u00e9nagement\" \/>\n<meta property=\"article:modified_time\" content=\"2025-10-14T16:59:41+00:00\" \/>\n<meta name=\"twitter:card\" content=\"summary_large_image\" \/>\n<meta name=\"twitter:label1\" content=\"Dur\u00e9e de lecture estim\u00e9e\" \/>\n\t<meta name=\"twitter:data1\" content=\"1 minute\" \/>\n<script type=\"application\/ld+json\" class=\"yoast-schema-graph\">{\"@context\":\"https:\/\/schema.org\",\"@graph\":[{\"@type\":\"WebSite\",\"@id\":\"https:\/\/le-grenier.org\/#website\",\"url\":\"https:\/\/le-grenier.org\/\",\"name\":\"Le Grenier - brocante et am\\u00e9nagement\",\"description\":\"\",\"potentialAction\":[{\"@type\":\"SearchAction\",\"target\":{\"@type\":\"EntryPoint\",\"urlTemplate\":\"https:\/\/le-grenier.org\/?s={search_term_string}\"},\"query-input\":\"required name=search_term_string\"}],\"inLanguage\":\"fr-FR\"},{\"@type\":\"ImageObject\",\"@id\":\"https:\/\/le-grenier.org\/index.php\/produit\/lampe-pigeon\/#primaryimage\",\"inLanguage\":\"fr-FR\",\"url\":\"https:\/\/le-grenier.org\/wp-content\/uploads\/2025\/10\/img_2792.jpeg\",\"contentUrl\":\"https:\/\/le-grenier.org\/wp-content\/uploads\/2025\/10\/img_2792.jpeg\",\"width\":1170,\"height\":1215},{\"@type\":\"WebPage\",\"@id\":\"https:\/\/le-grenier.org\/index.php\/produit\/lampe-pigeon\/#webpage\",\"url\":\"https:\/\/le-grenier.org\/index.php\/produit\/lampe-pigeon\/\",\"name\":\"Lampe pigeon - Le Grenier - brocante et am\\u00e9nagement\",\"isPartOf\":{\"@id\":\"https:\/\/le-grenier.org\/#website\"},\"primaryImageOfPage\":{\"@id\":\"https:\/\/le-grenier.org\/index.php\/produit\/lampe-pigeon\/#primaryimage\"},\"datePublished\":\"2025-10-14T16:56:15+00:00\",\"dateModified\":\"2025-10-14T16:59:41+00:00\",\"breadcrumb\":{\"@id\":\"https:\/\/le-grenier.org\/index.php\/produit\/lampe-pigeon\/#breadcrumb\"},\"inLanguage\":\"fr-FR\",\"potentialAction\":[{\"@type\":\"ReadAction\",\"target\":[\"https:\/\/le-grenier.org\/index.php\/produit\/lampe-pigeon\/\"]}]},{\"@type\":\"BreadcrumbList\",\"@id\":\"https:\/\/le-grenier.org\/index.php\/produit\/lampe-pigeon\/#breadcrumb\",\"itemListElement\":[{\"@type\":\"ListItem\",\"position\":1,\"name\":\"Accueil\",\"item\":\"https:\/\/le-grenier.org\/\"},{\"@type\":\"ListItem\",\"position\":2,\"name\":\"Boutique en ligne\",\"item\":\"https:\/\/le-grenier.org\/\"},{\"@type\":\"ListItem\",\"position\":3,\"name\":\"Lampe pigeon\"}]}]}<\/script>\n<!-- \/ Yoast SEO plugin. -->","yoast_head_json":{"title":"Lampe pigeon - Le Grenier - brocante et am\u00e9nagement","robots":{"index":"index","follow":"follow","max-snippet":"max-snippet:-1","max-image-preview":"max-image-preview:large","max-video-preview":"max-video-preview:-1"},"canonical":"https:\/\/le-grenier.org\/index.php\/produit\/lampe-pigeon\/","og_locale":"fr_FR","og_type":"article","og_title":"Lampe pigeon - Le Grenier - brocante et am\u00e9nagement","og_description":"Lampe \u00e0 p\u00e9trole \/ essence min\u00e9rale \u00ab Pigeon \u00bb vintage en fer. Ce mod\u00e8le standard se caract\u00e9rise par un r\u00e9servoir&hellip;","og_url":"https:\/\/le-grenier.org\/index.php\/produit\/lampe-pigeon\/","og_site_name":"Le Grenier - brocante et am\u00e9nagement","article_modified_time":"2025-10-14T16:59:41+00:00","twitter_card":"summary_large_image","twitter_misc":{"Dur\u00e9e de lecture estim\u00e9e":"1 minute"},"schema":{"@context":"https:\/\/schema.org","@graph":[{"@type":"WebSite","@id":"https:\/\/le-grenier.org\/#website","url":"https:\/\/le-grenier.org\/","name":"Le Grenier - brocante et am\u00e9nagement","description":"","potentialAction":[{"@type":"SearchAction","target":{"@type":"EntryPoint","urlTemplate":"https:\/\/le-grenier.org\/?s={search_term_string}"},"query-input":"required name=search_term_string"}],"inLanguage":"fr-FR"},{"@type":"ImageObject","@id":"https:\/\/le-grenier.org\/index.php\/produit\/lampe-pigeon\/#primaryimage","inLanguage":"fr-FR","url":"https:\/\/le-grenier.org\/wp-content\/uploads\/2025\/10\/img_2792.jpeg","contentUrl":"https:\/\/le-grenier.org\/wp-content\/uploads\/2025\/10\/img_2792.jpeg","width":1170,"height":1215},{"@type":"WebPage","@id":"https:\/\/le-grenier.org\/index.php\/produit\/lampe-pigeon\/#webpage","url":"https:\/\/le-grenier.org\/index.php\/produit\/lampe-pigeon\/","name":"Lampe pigeon - Le Grenier - brocante et am\u00e9nagement","isPartOf":{"@id":"https:\/\/le-grenier.org\/#website"},"primaryImageOfPage":{"@id":"https:\/\/le-grenier.org\/index.php\/produit\/lampe-pigeon\/#primaryimage"},"datePublished":"2025-10-14T16:56:15+00:00","dateModified":"2025-10-14T16:59:41+00:00","breadcrumb":{"@id":"https:\/\/le-grenier.org\/index.php\/produit\/lampe-pigeon\/#breadcrumb"},"inLanguage":"fr-FR","potentialAction":[{"@type":"ReadAction","target":["https:\/\/le-grenier.org\/index.php\/produit\/lampe-pigeon\/"]}]},{"@type":"BreadcrumbList","@id":"https:\/\/le-grenier.org\/index.php\/produit\/lampe-pigeon\/#breadcrumb","itemListElement":[{"@type":"ListItem","position":1,"name":"Accueil","item":"https:\/\/le-grenier.org\/"},{"@type":"ListItem","position":2,"name":"Boutique en ligne","item":"https:\/\/le-grenier.org\/"},{"@type":"ListItem","position":3,"name":"Lampe pigeon"}]}]}},"_links":{"self":[{"href":"https:\/\/le-grenier.org\/index.php\/wp-json\/wp\/v2\/product\/58676"}],"collection":[{"href":"https:\/\/le-grenier.org\/index.php\/wp-json\/wp\/v2\/product"}],"about":[{"href":"https:\/\/le-grenier.org\/index.php\/wp-json\/wp\/v2\/types\/product"}],"wp:featuredmedia":[{"embeddable":true,"href":"https:\/\/le-grenier.org\/index.php\/wp-json\/wp\/v2\/media\/58677"}],"wp:attachment":[{"href":"https:\/\/le-grenier.org\/index.php\/wp-json\/wp\/v2\/media?parent=58676"}],"wp:term":[{"taxonomy":"product_cat","embeddable":true,"href":"https:\/\/le-grenier.org\/index.php\/wp-json\/wp\/v2\/product_cat?post=58676"},{"taxonomy":"product_tag","embeddable":true,"href":"https:\/\/le-grenier.org\/index.php\/wp-json\/wp\/v2\/product_tag?post=58676"}],"curies":[{"name":"wp","href":"https:\/\/api.w.org\/{rel}","templated":true}]}}