{"id":58738,"date":"2025-10-31T17:31:45","date_gmt":"2025-10-31T16:31:45","guid":{"rendered":"https:\/\/le-grenier.org\/index.php\/produit\/paire-de-chaises-11\/"},"modified":"2025-10-31T17:33:57","modified_gmt":"2025-10-31T16:33:57","slug":"paire-de-chaises-11","status":"publish","type":"product","link":"https:\/\/le-grenier.org\/index.php\/produit\/paire-de-chaises-11\/","title":{"rendered":"Paire de chaises"},"content":{"rendered":"<p>Paire de chaises en Ska\u00ef vert<\/p>\n<p>Vers 1960<\/p>\n<p>Pi\u00e8tement m\u00e9tal<\/p>\n<p>Largeur 39cm<\/p>\n<p>Profondeur 39cm<\/p>\n<p>Hauteur de l\u2019assise 42cm<\/p>\n<p>Hauteur totale 75cm<\/p>\n<p>A noter : un minuscule manque de Ska\u00ef \u00e0 l\u2019arri\u00e8re d\u2019une chaise, voir photo zoom<\/p>\n","protected":false},"excerpt":{"rendered":"<p>Paire de chaises en Ska\u00ef vert Vers 1960 Pi\u00e8tement m\u00e9tal Largeur 39cm Profondeur 39cm Hauteur de l\u2019assise 42cm Hauteur totale&hellip;<\/p>\n","protected":false},"featured_media":58739,"template":"","meta":{"ngg_post_thumbnail":0},"product_cat":[39,24],"product_tag":[],"yoast_head":"<!-- This site is optimized with the Yoast SEO plugin v17.9 - https:\/\/yoast.com\/wordpress\/plugins\/seo\/ -->\n<title>Paire de chaises - Le Grenier - brocante et am\u00e9nagement<\/title>\n<meta name=\"robots\" content=\"index, follow, max-snippet:-1, max-image-preview:large, max-video-preview:-1\" \/>\n<link rel=\"canonical\" href=\"https:\/\/le-grenier.org\/index.php\/produit\/paire-de-chaises-11\/\" \/>\n<meta property=\"og:locale\" content=\"fr_FR\" \/>\n<meta property=\"og:type\" content=\"article\" \/>\n<meta property=\"og:title\" content=\"Paire de chaises - Le Grenier - brocante et am\u00e9nagement\" \/>\n<meta property=\"og:description\" content=\"Paire de chaises en Ska\u00ef vert Vers 1960 Pi\u00e8tement m\u00e9tal Largeur 39cm Profondeur 39cm Hauteur de l\u2019assise 42cm Hauteur totale&hellip;\" \/>\n<meta property=\"og:url\" content=\"https:\/\/le-grenier.org\/index.php\/produit\/paire-de-chaises-11\/\" \/>\n<meta property=\"og:site_name\" content=\"Le Grenier - brocante et am\u00e9nagement\" \/>\n<meta property=\"article:modified_time\" content=\"2025-10-31T16:33:57+00:00\" \/>\n<meta name=\"twitter:card\" content=\"summary_large_image\" \/>\n<script type=\"application\/ld+json\" class=\"yoast-schema-graph\">{\"@context\":\"https:\/\/schema.org\",\"@graph\":[{\"@type\":\"WebSite\",\"@id\":\"https:\/\/le-grenier.org\/#website\",\"url\":\"https:\/\/le-grenier.org\/\",\"name\":\"Le Grenier - brocante et am\\u00e9nagement\",\"description\":\"\",\"potentialAction\":[{\"@type\":\"SearchAction\",\"target\":{\"@type\":\"EntryPoint\",\"urlTemplate\":\"https:\/\/le-grenier.org\/?s={search_term_string}\"},\"query-input\":\"required name=search_term_string\"}],\"inLanguage\":\"fr-FR\"},{\"@type\":\"ImageObject\",\"@id\":\"https:\/\/le-grenier.org\/index.php\/produit\/paire-de-chaises-11\/#primaryimage\",\"inLanguage\":\"fr-FR\",\"url\":\"https:\/\/le-grenier.org\/wp-content\/uploads\/2025\/10\/img_3005.jpeg\",\"contentUrl\":\"https:\/\/le-grenier.org\/wp-content\/uploads\/2025\/10\/img_3005.jpeg\",\"width\":1170,\"height\":1422},{\"@type\":\"WebPage\",\"@id\":\"https:\/\/le-grenier.org\/index.php\/produit\/paire-de-chaises-11\/#webpage\",\"url\":\"https:\/\/le-grenier.org\/index.php\/produit\/paire-de-chaises-11\/\",\"name\":\"Paire de chaises - Le Grenier - brocante et am\\u00e9nagement\",\"isPartOf\":{\"@id\":\"https:\/\/le-grenier.org\/#website\"},\"primaryImageOfPage\":{\"@id\":\"https:\/\/le-grenier.org\/index.php\/produit\/paire-de-chaises-11\/#primaryimage\"},\"datePublished\":\"2025-10-31T16:31:45+00:00\",\"dateModified\":\"2025-10-31T16:33:57+00:00\",\"breadcrumb\":{\"@id\":\"https:\/\/le-grenier.org\/index.php\/produit\/paire-de-chaises-11\/#breadcrumb\"},\"inLanguage\":\"fr-FR\",\"potentialAction\":[{\"@type\":\"ReadAction\",\"target\":[\"https:\/\/le-grenier.org\/index.php\/produit\/paire-de-chaises-11\/\"]}]},{\"@type\":\"BreadcrumbList\",\"@id\":\"https:\/\/le-grenier.org\/index.php\/produit\/paire-de-chaises-11\/#breadcrumb\",\"itemListElement\":[{\"@type\":\"ListItem\",\"position\":1,\"name\":\"Accueil\",\"item\":\"https:\/\/le-grenier.org\/\"},{\"@type\":\"ListItem\",\"position\":2,\"name\":\"Boutique en ligne\",\"item\":\"https:\/\/le-grenier.org\/\"},{\"@type\":\"ListItem\",\"position\":3,\"name\":\"Paire de chaises\"}]}]}<\/script>\n<!-- \/ Yoast SEO plugin. -->","yoast_head_json":{"title":"Paire de chaises - Le Grenier - brocante et am\u00e9nagement","robots":{"index":"index","follow":"follow","max-snippet":"max-snippet:-1","max-image-preview":"max-image-preview:large","max-video-preview":"max-video-preview:-1"},"canonical":"https:\/\/le-grenier.org\/index.php\/produit\/paire-de-chaises-11\/","og_locale":"fr_FR","og_type":"article","og_title":"Paire de chaises - Le Grenier - brocante et am\u00e9nagement","og_description":"Paire de chaises en Ska\u00ef vert Vers 1960 Pi\u00e8tement m\u00e9tal Largeur 39cm Profondeur 39cm Hauteur de l\u2019assise 42cm Hauteur totale&hellip;","og_url":"https:\/\/le-grenier.org\/index.php\/produit\/paire-de-chaises-11\/","og_site_name":"Le Grenier - brocante et am\u00e9nagement","article_modified_time":"2025-10-31T16:33:57+00:00","twitter_card":"summary_large_image","schema":{"@context":"https:\/\/schema.org","@graph":[{"@type":"WebSite","@id":"https:\/\/le-grenier.org\/#website","url":"https:\/\/le-grenier.org\/","name":"Le Grenier - brocante et am\u00e9nagement","description":"","potentialAction":[{"@type":"SearchAction","target":{"@type":"EntryPoint","urlTemplate":"https:\/\/le-grenier.org\/?s={search_term_string}"},"query-input":"required name=search_term_string"}],"inLanguage":"fr-FR"},{"@type":"ImageObject","@id":"https:\/\/le-grenier.org\/index.php\/produit\/paire-de-chaises-11\/#primaryimage","inLanguage":"fr-FR","url":"https:\/\/le-grenier.org\/wp-content\/uploads\/2025\/10\/img_3005.jpeg","contentUrl":"https:\/\/le-grenier.org\/wp-content\/uploads\/2025\/10\/img_3005.jpeg","width":1170,"height":1422},{"@type":"WebPage","@id":"https:\/\/le-grenier.org\/index.php\/produit\/paire-de-chaises-11\/#webpage","url":"https:\/\/le-grenier.org\/index.php\/produit\/paire-de-chaises-11\/","name":"Paire de chaises - Le Grenier - brocante et am\u00e9nagement","isPartOf":{"@id":"https:\/\/le-grenier.org\/#website"},"primaryImageOfPage":{"@id":"https:\/\/le-grenier.org\/index.php\/produit\/paire-de-chaises-11\/#primaryimage"},"datePublished":"2025-10-31T16:31:45+00:00","dateModified":"2025-10-31T16:33:57+00:00","breadcrumb":{"@id":"https:\/\/le-grenier.org\/index.php\/produit\/paire-de-chaises-11\/#breadcrumb"},"inLanguage":"fr-FR","potentialAction":[{"@type":"ReadAction","target":["https:\/\/le-grenier.org\/index.php\/produit\/paire-de-chaises-11\/"]}]},{"@type":"BreadcrumbList","@id":"https:\/\/le-grenier.org\/index.php\/produit\/paire-de-chaises-11\/#breadcrumb","itemListElement":[{"@type":"ListItem","position":1,"name":"Accueil","item":"https:\/\/le-grenier.org\/"},{"@type":"ListItem","position":2,"name":"Boutique en ligne","item":"https:\/\/le-grenier.org\/"},{"@type":"ListItem","position":3,"name":"Paire de chaises"}]}]}},"_links":{"self":[{"href":"https:\/\/le-grenier.org\/index.php\/wp-json\/wp\/v2\/product\/58738"}],"collection":[{"href":"https:\/\/le-grenier.org\/index.php\/wp-json\/wp\/v2\/product"}],"about":[{"href":"https:\/\/le-grenier.org\/index.php\/wp-json\/wp\/v2\/types\/product"}],"wp:featuredmedia":[{"embeddable":true,"href":"https:\/\/le-grenier.org\/index.php\/wp-json\/wp\/v2\/media\/58739"}],"wp:attachment":[{"href":"https:\/\/le-grenier.org\/index.php\/wp-json\/wp\/v2\/media?parent=58738"}],"wp:term":[{"taxonomy":"product_cat","embeddable":true,"href":"https:\/\/le-grenier.org\/index.php\/wp-json\/wp\/v2\/product_cat?post=58738"},{"taxonomy":"product_tag","embeddable":true,"href":"https:\/\/le-grenier.org\/index.php\/wp-json\/wp\/v2\/product_tag?post=58738"}],"curies":[{"name":"wp","href":"https:\/\/api.w.org\/{rel}","templated":true}]}}

<p>Paire de chaises en Skaï vert</p>
<p>Vers 1960</p>
<p>Piètement métal</p>
<p>Largeur 39cm</p>
<p>Profondeur 39cm</p>
<p>Hauteur de l’assise 42cm</p>
<p>Hauteur totale 75cm</p>
<p>A noter : un minuscule manque de Skaï à l’arrière d’une chaise, voir photo zoom</p>

<p>Paire de chaises en Skaï vert Vers 1960 Piètement métal Largeur 39cm Profondeur 39cm Hauteur de l’assise 42cm Hauteur totale&hellip;</p>

<!-- This site is optimized with the Yoast SEO plugin v17.9 - https://yoast.com/wordpress/plugins/seo/ -->
<title>Paire de chaises - Le Grenier - brocante et aménagement</title>
<meta name="robots" content="index, follow, max-snippet:-1, max-image-preview:large, max-video-preview:-1" />
<link rel="canonical" href="https://le-grenier.org/index.php/produit/paire-de-chaises-11/" />
<meta property="og:locale" content="fr_FR" />
<meta property="og:type" content="article" />
<meta property="og:title" content="Paire de chaises - Le Grenier - brocante et aménagement" />
<meta property="og:description" content="Paire de chaises en Skaï vert Vers 1960 Piètement métal Largeur 39cm Profondeur 39cm Hauteur de l’assise 42cm Hauteur totale&hellip;" />
<meta property="og:url" content="https://le-grenier.org/index.php/produit/paire-de-chaises-11/" />
<meta property="og:site_name" content="Le Grenier - brocante et aménagement" />
<meta property="article:modified_time" content="2025-10-31T16:33:57+00:00" />
<meta name="twitter:card" content="summary_large_image" />
<script type="application/ld+json" class="yoast-schema-graph">{"@context":"https://schema.org","@graph":[{"@type":"WebSite","@id":"https://le-grenier.org/#website","url":"https://le-grenier.org/","name":"Le Grenier - brocante et am\u00e9nagement","description":"","potentialAction":[{"@type":"SearchAction","target":{"@type":"EntryPoint","urlTemplate":"https://le-grenier.org/?s={search_term_string}"},"query-input":"required name=search_term_string"}],"inLanguage":"fr-FR"},{"@type":"ImageObject","@id":"https://le-grenier.org/index.php/produit/paire-de-chaises-11/#primaryimage","inLanguage":"fr-FR","url":"https://le-grenier.org/wp-content/uploads/2025/10/img_3005.jpeg","contentUrl":"https://le-grenier.org/wp-content/uploads/2025/10/img_3005.jpeg","width":1170,"height":1422},{"@type":"WebPage","@id":"https://le-grenier.org/index.php/produit/paire-de-chaises-11/#webpage","url":"https://le-grenier.org/index.php/produit/paire-de-chaises-11/","name":"Paire de chaises - Le Grenier - brocante et am\u00e9nagement","isPartOf":{"@id":"https://le-grenier.org/#website"},"primaryImageOfPage":{"@id":"https://le-grenier.org/index.php/produit/paire-de-chaises-11/#primaryimage"},"datePublished":"2025-10-31T16:31:45+00:00","dateModified":"2025-10-31T16:33:57+00:00","breadcrumb":{"@id":"https://le-grenier.org/index.php/produit/paire-de-chaises-11/#breadcrumb"},"inLanguage":"fr-FR","potentialAction":[{"@type":"ReadAction","target":["https://le-grenier.org/index.php/produit/paire-de-chaises-11/"]}]},{"@type":"BreadcrumbList","@id":"https://le-grenier.org/index.php/produit/paire-de-chaises-11/#breadcrumb","itemListElement":[{"@type":"ListItem","position":1,"name":"Accueil","item":"https://le-grenier.org/"},{"@type":"ListItem","position":2,"name":"Boutique en ligne","item":"https://le-grenier.org/"},{"@type":"ListItem","position":3,"name":"Paire de chaises"}]}]}</script>
<!-- / Yoast SEO plugin. -->

Paire de chaises - Le Grenier - brocante et aménagement

Paire de chaises en Skaï vert Vers 1960 Piètement métal Largeur 39cm Profondeur 39cm Hauteur de l’assise 42cm Hauteur totale&hellip;

Le Grenier - brocante et aménagement
