{"id":58819,"date":"2025-11-16T20:50:13","date_gmt":"2025-11-16T19:50:13","guid":{"rendered":"https:\/\/le-grenier.org\/index.php\/produit\/affiche-jielde\/"},"modified":"2025-11-16T20:53:24","modified_gmt":"2025-11-16T19:53:24","slug":"affiche-jielde","status":"publish","type":"product","link":"https:\/\/le-grenier.org\/index.php\/produit\/affiche-jielde\/","title":{"rendered":"Affiche Jield\u00e9"},"content":{"rendered":"<p>Affiche publicitaire Jield\u00e9 encadr\u00e9e<\/p>\n<p>30x40cm<\/p>\n<p>\u2014-<\/p>\n<p>Derri\u00e8re le nom \u00e9trange de cette lampe articul\u00e9e, se cachent les initiales de son cr\u00e9ateur: jld pour jean-louis domecq (1920-1983). Ing\u00e9nieur en m\u00e9canique install\u00e9 dans la r\u00e9gion lyonnaise, celui-ci cherche en 1949 \u00e0 fabriquer un syst\u00e8me d\u2019\u00e9clairage id\u00e9al pour le travail en atelier des ouvriers, qui se servent alors de simples baladeuses.<\/p>\n<p>Les lampes Jield\u00e9, vou\u00e9es \u00e0 l&rsquo;origine \u00e0 une utilisation professionnelle dans les milieux industriels, sont aujourd&rsquo;hui devenues des \u00e9l\u00e9ments de d\u00e9coration tr\u00e8s recherch\u00e9s.<\/p>\n<p>\ud83c\udf81 Envoi soign\u00e9 et rapide, parfait pour un cadeau unique<\/p>\n","protected":false},"excerpt":{"rendered":"<p>Affiche publicitaire Jield\u00e9 encadr\u00e9e 30x40cm \u2014- Derri\u00e8re le nom \u00e9trange de cette lampe articul\u00e9e, se cachent les initiales de son&hellip;<\/p>\n","protected":false},"featured_media":58820,"template":"","meta":{"ngg_post_thumbnail":0},"product_cat":[39,55],"product_tag":[],"yoast_head":"<!-- This site is optimized with the Yoast SEO plugin v17.9 - https:\/\/yoast.com\/wordpress\/plugins\/seo\/ -->\n<title>Affiche Jield\u00e9 - Le Grenier - brocante et am\u00e9nagement<\/title>\n<meta name=\"robots\" content=\"index, follow, max-snippet:-1, max-image-preview:large, max-video-preview:-1\" \/>\n<link rel=\"canonical\" href=\"https:\/\/le-grenier.org\/index.php\/produit\/affiche-jielde\/\" \/>\n<meta property=\"og:locale\" content=\"fr_FR\" \/>\n<meta property=\"og:type\" content=\"article\" \/>\n<meta property=\"og:title\" content=\"Affiche Jield\u00e9 - Le Grenier - brocante et am\u00e9nagement\" \/>\n<meta property=\"og:description\" content=\"Affiche publicitaire Jield\u00e9 encadr\u00e9e 30x40cm \u2014- Derri\u00e8re le nom \u00e9trange de cette lampe articul\u00e9e, se cachent les initiales de son&hellip;\" \/>\n<meta property=\"og:url\" content=\"https:\/\/le-grenier.org\/index.php\/produit\/affiche-jielde\/\" \/>\n<meta property=\"og:site_name\" content=\"Le Grenier - brocante et am\u00e9nagement\" \/>\n<meta property=\"article:modified_time\" content=\"2025-11-16T19:53:24+00:00\" \/>\n<meta property=\"og:image\" content=\"https:\/\/le-grenier.org\/wp-content\/uploads\/2025\/11\/img_3214.jpeg\" \/>\n\t<meta property=\"og:image:width\" content=\"722\" \/>\n\t<meta property=\"og:image:height\" content=\"996\" \/>\n\t<meta property=\"og:image:type\" content=\"image\/jpeg\" \/>\n<meta name=\"twitter:card\" content=\"summary_large_image\" \/>\n<meta name=\"twitter:label1\" content=\"Dur\u00e9e de lecture estim\u00e9e\" \/>\n\t<meta name=\"twitter:data1\" content=\"1 minute\" \/>\n<script type=\"application\/ld+json\" class=\"yoast-schema-graph\">{\"@context\":\"https:\/\/schema.org\",\"@graph\":[{\"@type\":\"WebSite\",\"@id\":\"https:\/\/le-grenier.org\/#website\",\"url\":\"https:\/\/le-grenier.org\/\",\"name\":\"Le Grenier - brocante et am\\u00e9nagement\",\"description\":\"\",\"potentialAction\":[{\"@type\":\"SearchAction\",\"target\":{\"@type\":\"EntryPoint\",\"urlTemplate\":\"https:\/\/le-grenier.org\/?s={search_term_string}\"},\"query-input\":\"required name=search_term_string\"}],\"inLanguage\":\"fr-FR\"},{\"@type\":\"ImageObject\",\"@id\":\"https:\/\/le-grenier.org\/index.php\/produit\/affiche-jielde\/#primaryimage\",\"inLanguage\":\"fr-FR\",\"url\":\"https:\/\/le-grenier.org\/wp-content\/uploads\/2025\/11\/img_3214.jpeg\",\"contentUrl\":\"https:\/\/le-grenier.org\/wp-content\/uploads\/2025\/11\/img_3214.jpeg\",\"width\":722,\"height\":996},{\"@type\":\"WebPage\",\"@id\":\"https:\/\/le-grenier.org\/index.php\/produit\/affiche-jielde\/#webpage\",\"url\":\"https:\/\/le-grenier.org\/index.php\/produit\/affiche-jielde\/\",\"name\":\"Affiche Jield\\u00e9 - Le Grenier - brocante et am\\u00e9nagement\",\"isPartOf\":{\"@id\":\"https:\/\/le-grenier.org\/#website\"},\"primaryImageOfPage\":{\"@id\":\"https:\/\/le-grenier.org\/index.php\/produit\/affiche-jielde\/#primaryimage\"},\"datePublished\":\"2025-11-16T19:50:13+00:00\",\"dateModified\":\"2025-11-16T19:53:24+00:00\",\"breadcrumb\":{\"@id\":\"https:\/\/le-grenier.org\/index.php\/produit\/affiche-jielde\/#breadcrumb\"},\"inLanguage\":\"fr-FR\",\"potentialAction\":[{\"@type\":\"ReadAction\",\"target\":[\"https:\/\/le-grenier.org\/index.php\/produit\/affiche-jielde\/\"]}]},{\"@type\":\"BreadcrumbList\",\"@id\":\"https:\/\/le-grenier.org\/index.php\/produit\/affiche-jielde\/#breadcrumb\",\"itemListElement\":[{\"@type\":\"ListItem\",\"position\":1,\"name\":\"Accueil\",\"item\":\"https:\/\/le-grenier.org\/\"},{\"@type\":\"ListItem\",\"position\":2,\"name\":\"Boutique en ligne\",\"item\":\"https:\/\/le-grenier.org\/\"},{\"@type\":\"ListItem\",\"position\":3,\"name\":\"Affiche Jield\\u00e9\"}]}]}<\/script>\n<!-- \/ Yoast SEO plugin. -->","yoast_head_json":{"title":"Affiche Jield\u00e9 - Le Grenier - brocante et am\u00e9nagement","robots":{"index":"index","follow":"follow","max-snippet":"max-snippet:-1","max-image-preview":"max-image-preview:large","max-video-preview":"max-video-preview:-1"},"canonical":"https:\/\/le-grenier.org\/index.php\/produit\/affiche-jielde\/","og_locale":"fr_FR","og_type":"article","og_title":"Affiche Jield\u00e9 - Le Grenier - brocante et am\u00e9nagement","og_description":"Affiche publicitaire Jield\u00e9 encadr\u00e9e 30x40cm \u2014- Derri\u00e8re le nom \u00e9trange de cette lampe articul\u00e9e, se cachent les initiales de son&hellip;","og_url":"https:\/\/le-grenier.org\/index.php\/produit\/affiche-jielde\/","og_site_name":"Le Grenier - brocante et am\u00e9nagement","article_modified_time":"2025-11-16T19:53:24+00:00","og_image":[{"width":722,"height":996,"url":"https:\/\/le-grenier.org\/wp-content\/uploads\/2025\/11\/img_3214.jpeg","type":"image\/jpeg"}],"twitter_card":"summary_large_image","twitter_misc":{"Dur\u00e9e de lecture estim\u00e9e":"1 minute"},"schema":{"@context":"https:\/\/schema.org","@graph":[{"@type":"WebSite","@id":"https:\/\/le-grenier.org\/#website","url":"https:\/\/le-grenier.org\/","name":"Le Grenier - brocante et am\u00e9nagement","description":"","potentialAction":[{"@type":"SearchAction","target":{"@type":"EntryPoint","urlTemplate":"https:\/\/le-grenier.org\/?s={search_term_string}"},"query-input":"required name=search_term_string"}],"inLanguage":"fr-FR"},{"@type":"ImageObject","@id":"https:\/\/le-grenier.org\/index.php\/produit\/affiche-jielde\/#primaryimage","inLanguage":"fr-FR","url":"https:\/\/le-grenier.org\/wp-content\/uploads\/2025\/11\/img_3214.jpeg","contentUrl":"https:\/\/le-grenier.org\/wp-content\/uploads\/2025\/11\/img_3214.jpeg","width":722,"height":996},{"@type":"WebPage","@id":"https:\/\/le-grenier.org\/index.php\/produit\/affiche-jielde\/#webpage","url":"https:\/\/le-grenier.org\/index.php\/produit\/affiche-jielde\/","name":"Affiche Jield\u00e9 - Le Grenier - brocante et am\u00e9nagement","isPartOf":{"@id":"https:\/\/le-grenier.org\/#website"},"primaryImageOfPage":{"@id":"https:\/\/le-grenier.org\/index.php\/produit\/affiche-jielde\/#primaryimage"},"datePublished":"2025-11-16T19:50:13+00:00","dateModified":"2025-11-16T19:53:24+00:00","breadcrumb":{"@id":"https:\/\/le-grenier.org\/index.php\/produit\/affiche-jielde\/#breadcrumb"},"inLanguage":"fr-FR","potentialAction":[{"@type":"ReadAction","target":["https:\/\/le-grenier.org\/index.php\/produit\/affiche-jielde\/"]}]},{"@type":"BreadcrumbList","@id":"https:\/\/le-grenier.org\/index.php\/produit\/affiche-jielde\/#breadcrumb","itemListElement":[{"@type":"ListItem","position":1,"name":"Accueil","item":"https:\/\/le-grenier.org\/"},{"@type":"ListItem","position":2,"name":"Boutique en ligne","item":"https:\/\/le-grenier.org\/"},{"@type":"ListItem","position":3,"name":"Affiche Jield\u00e9"}]}]}},"_links":{"self":[{"href":"https:\/\/le-grenier.org\/index.php\/wp-json\/wp\/v2\/product\/58819"}],"collection":[{"href":"https:\/\/le-grenier.org\/index.php\/wp-json\/wp\/v2\/product"}],"about":[{"href":"https:\/\/le-grenier.org\/index.php\/wp-json\/wp\/v2\/types\/product"}],"wp:featuredmedia":[{"embeddable":true,"href":"https:\/\/le-grenier.org\/index.php\/wp-json\/wp\/v2\/media\/58820"}],"wp:attachment":[{"href":"https:\/\/le-grenier.org\/index.php\/wp-json\/wp\/v2\/media?parent=58819"}],"wp:term":[{"taxonomy":"product_cat","embeddable":true,"href":"https:\/\/le-grenier.org\/index.php\/wp-json\/wp\/v2\/product_cat?post=58819"},{"taxonomy":"product_tag","embeddable":true,"href":"https:\/\/le-grenier.org\/index.php\/wp-json\/wp\/v2\/product_tag?post=58819"}],"curies":[{"name":"wp","href":"https:\/\/api.w.org\/{rel}","templated":true}]}}

Affiche Jieldé

<p>Affiche publicitaire Jieldé encadrée</p>
<p>30x40cm</p>
<p>—-</p>
<p>Derrière le nom étrange de cette lampe articulée, se cachent les initiales de son créateur: jld pour jean-louis domecq (1920-1983). Ingénieur en mécanique installé dans la région lyonnaise, celui-ci cherche en 1949 à fabriquer un système d’éclairage idéal pour le travail en atelier des ouvriers, qui se servent alors de simples baladeuses.</p>
<p>Les lampes Jieldé, vouées à l&rsquo;origine à une utilisation professionnelle dans les milieux industriels, sont aujourd&rsquo;hui devenues des éléments de décoration très recherchés.</p>
<p>🎁 Envoi soigné et rapide, parfait pour un cadeau unique</p>

<p>Affiche publicitaire Jieldé encadrée 30x40cm —- Derrière le nom étrange de cette lampe articulée, se cachent les initiales de son&hellip;</p>

<!-- This site is optimized with the Yoast SEO plugin v17.9 - https://yoast.com/wordpress/plugins/seo/ -->
<title>Affiche Jieldé - Le Grenier - brocante et aménagement</title>
<meta name="robots" content="index, follow, max-snippet:-1, max-image-preview:large, max-video-preview:-1" />
<link rel="canonical" href="https://le-grenier.org/index.php/produit/affiche-jielde/" />
<meta property="og:locale" content="fr_FR" />
<meta property="og:type" content="article" />
<meta property="og:title" content="Affiche Jieldé - Le Grenier - brocante et aménagement" />
<meta property="og:description" content="Affiche publicitaire Jieldé encadrée 30x40cm —- Derrière le nom étrange de cette lampe articulée, se cachent les initiales de son&hellip;" />
<meta property="og:url" content="https://le-grenier.org/index.php/produit/affiche-jielde/" />
<meta property="og:site_name" content="Le Grenier - brocante et aménagement" />
<meta property="article:modified_time" content="2025-11-16T19:53:24+00:00" />
<meta property="og:image" content="https://le-grenier.org/wp-content/uploads/2025/11/img_3214.jpeg" />
	<meta property="og:image:width" content="722" />
	<meta property="og:image:height" content="996" />
	<meta property="og:image:type" content="image/jpeg" />
<meta name="twitter:card" content="summary_large_image" />
<meta name="twitter:label1" content="Durée de lecture estimée" />
	<meta name="twitter:data1" content="1 minute" />
<script type="application/ld+json" class="yoast-schema-graph">{"@context":"https://schema.org","@graph":[{"@type":"WebSite","@id":"https://le-grenier.org/#website","url":"https://le-grenier.org/","name":"Le Grenier - brocante et am\u00e9nagement","description":"","potentialAction":[{"@type":"SearchAction","target":{"@type":"EntryPoint","urlTemplate":"https://le-grenier.org/?s={search_term_string}"},"query-input":"required name=search_term_string"}],"inLanguage":"fr-FR"},{"@type":"ImageObject","@id":"https://le-grenier.org/index.php/produit/affiche-jielde/#primaryimage","inLanguage":"fr-FR","url":"https://le-grenier.org/wp-content/uploads/2025/11/img_3214.jpeg","contentUrl":"https://le-grenier.org/wp-content/uploads/2025/11/img_3214.jpeg","width":722,"height":996},{"@type":"WebPage","@id":"https://le-grenier.org/index.php/produit/affiche-jielde/#webpage","url":"https://le-grenier.org/index.php/produit/affiche-jielde/","name":"Affiche Jield\u00e9 - Le Grenier - brocante et am\u00e9nagement","isPartOf":{"@id":"https://le-grenier.org/#website"},"primaryImageOfPage":{"@id":"https://le-grenier.org/index.php/produit/affiche-jielde/#primaryimage"},"datePublished":"2025-11-16T19:50:13+00:00","dateModified":"2025-11-16T19:53:24+00:00","breadcrumb":{"@id":"https://le-grenier.org/index.php/produit/affiche-jielde/#breadcrumb"},"inLanguage":"fr-FR","potentialAction":[{"@type":"ReadAction","target":["https://le-grenier.org/index.php/produit/affiche-jielde/"]}]},{"@type":"BreadcrumbList","@id":"https://le-grenier.org/index.php/produit/affiche-jielde/#breadcrumb","itemListElement":[{"@type":"ListItem","position":1,"name":"Accueil","item":"https://le-grenier.org/"},{"@type":"ListItem","position":2,"name":"Boutique en ligne","item":"https://le-grenier.org/"},{"@type":"ListItem","position":3,"name":"Affiche Jield\u00e9"}]}]}</script>
<!-- / Yoast SEO plugin. -->

Affiche Jieldé - Le Grenier - brocante et aménagement

Affiche publicitaire Jieldé encadrée 30x40cm —- Derrière le nom étrange de cette lampe articulée, se cachent les initiales de son&hellip;

Le Grenier - brocante et aménagement
