{"id":58901,"date":"2025-11-26T15:17:06","date_gmt":"2025-11-26T14:17:06","guid":{"rendered":"https:\/\/le-grenier.org\/index.php\/produit\/bocal-ambre\/"},"modified":"2025-11-26T15:19:44","modified_gmt":"2025-11-26T14:19:44","slug":"bocal-ambre","status":"publish","type":"product","link":"https:\/\/le-grenier.org\/index.php\/produit\/bocal-ambre\/","title":{"rendered":"Bocal ambr\u00e9"},"content":{"rendered":"<p>Bocal ambr\u00e9 de Chicor\u00e9e Leroux.<br \/>\n20 cm de hauteur<\/p>\n<p>7 exemplaires disponibles<\/p>\n<p>Pi\u00e8ce iconique des ann\u00e9es 1970<\/p>\n<p>Bocal en verre ambr\u00e9 et couvercle en plastique blanc<\/p>\n<p>En cuisine ils seront votre alli\u00e9 z\u00e9ro d\u00e9chet ! \u00c0 assembler avec d\u2019autres bocaux pour une d\u00e9co tendance et d\u00e9su\u00e8te \u00e0 la fois.<\/p>\n<p>\u2014-<br \/>\nun peu d\u2019histoire :<\/p>\n<p>1858 : Achat de l\u2019usine Herbo par Jean-Baptiste Alphonse Leroux<\/p>\n<p>Jean-Baptiste Alphonse Leroux ach\u00e8te la manufacture Herbo fils&amp;Cie \u00e0 Orchies (59), devenant la marque Leroux. Cr\u00e9\u00e9e en 1840, l\u2019usine produit du chocolat, du tapioca, de la moutarde et de la chicor\u00e9e torr\u00e9fi\u00e9e, la c\u00e9l\u00e8bre \u00ab Chicor\u00e9e en Grains \u00bb. L\u2019usine dirig\u00e9e par son fils, compte 6 ouvriers.<\/p>\n<p>1871 : L\u2019entreprise Leroux se sp\u00e9cialise dans la chicor\u00e9e<\/p>\n<p>En ao\u00fbt 1871, l\u2019entreprise est d\u00e9truite par le feu. La nouvelle usine est reconstruite sur un nouveau site, le long d\u2019une ligne de chemin de fer. Alphonse-Henri-Fran\u00e7ois Leroux sp\u00e9cialise alors l\u2019entreprise dans la chicor\u00e9e et abandonne ses autres productions.<\/p>\n<p>\ud83c\udf81 Envoi soign\u00e9 et rapide, parfait pour un cadeau unique<\/p>\n<p>\u2014-<\/p>\n","protected":false},"excerpt":{"rendered":"<p>Bocal ambr\u00e9 de Chicor\u00e9e Leroux. 20 cm de hauteur 7 exemplaires disponibles Pi\u00e8ce iconique des ann\u00e9es 1970 Bocal en verre&hellip;<\/p>\n","protected":false},"featured_media":58902,"template":"","meta":{"ngg_post_thumbnail":0},"product_cat":[38,39,46,27],"product_tag":[],"yoast_head":"<!-- This site is optimized with the Yoast SEO plugin v17.9 - https:\/\/yoast.com\/wordpress\/plugins\/seo\/ -->\n<title>Bocal ambr\u00e9 - Le Grenier - brocante et am\u00e9nagement<\/title>\n<meta name=\"robots\" content=\"index, follow, max-snippet:-1, max-image-preview:large, max-video-preview:-1\" \/>\n<link rel=\"canonical\" href=\"https:\/\/le-grenier.org\/index.php\/produit\/bocal-ambre\/\" \/>\n<meta property=\"og:locale\" content=\"fr_FR\" \/>\n<meta property=\"og:type\" content=\"article\" \/>\n<meta property=\"og:title\" content=\"Bocal ambr\u00e9 - Le Grenier - brocante et am\u00e9nagement\" \/>\n<meta property=\"og:description\" content=\"Bocal ambr\u00e9 de Chicor\u00e9e Leroux. 20 cm de hauteur 7 exemplaires disponibles Pi\u00e8ce iconique des ann\u00e9es 1970 Bocal en verre&hellip;\" \/>\n<meta property=\"og:url\" content=\"https:\/\/le-grenier.org\/index.php\/produit\/bocal-ambre\/\" \/>\n<meta property=\"og:site_name\" content=\"Le Grenier - brocante et am\u00e9nagement\" \/>\n<meta property=\"article:modified_time\" content=\"2025-11-26T14:19:44+00:00\" \/>\n<meta name=\"twitter:card\" content=\"summary_large_image\" \/>\n<meta name=\"twitter:label1\" content=\"Dur\u00e9e de lecture estim\u00e9e\" \/>\n\t<meta name=\"twitter:data1\" content=\"1 minute\" \/>\n<script type=\"application\/ld+json\" class=\"yoast-schema-graph\">{\"@context\":\"https:\/\/schema.org\",\"@graph\":[{\"@type\":\"WebSite\",\"@id\":\"https:\/\/le-grenier.org\/#website\",\"url\":\"https:\/\/le-grenier.org\/\",\"name\":\"Le Grenier - brocante et am\\u00e9nagement\",\"description\":\"\",\"potentialAction\":[{\"@type\":\"SearchAction\",\"target\":{\"@type\":\"EntryPoint\",\"urlTemplate\":\"https:\/\/le-grenier.org\/?s={search_term_string}\"},\"query-input\":\"required name=search_term_string\"}],\"inLanguage\":\"fr-FR\"},{\"@type\":\"ImageObject\",\"@id\":\"https:\/\/le-grenier.org\/index.php\/produit\/bocal-ambre\/#primaryimage\",\"inLanguage\":\"fr-FR\",\"url\":\"https:\/\/le-grenier.org\/wp-content\/uploads\/2025\/11\/img_3369.jpeg\",\"contentUrl\":\"https:\/\/le-grenier.org\/wp-content\/uploads\/2025\/11\/img_3369.jpeg\",\"width\":1170,\"height\":1332,\"caption\":\"Screenshot\"},{\"@type\":\"WebPage\",\"@id\":\"https:\/\/le-grenier.org\/index.php\/produit\/bocal-ambre\/#webpage\",\"url\":\"https:\/\/le-grenier.org\/index.php\/produit\/bocal-ambre\/\",\"name\":\"Bocal ambr\\u00e9 - Le Grenier - brocante et am\\u00e9nagement\",\"isPartOf\":{\"@id\":\"https:\/\/le-grenier.org\/#website\"},\"primaryImageOfPage\":{\"@id\":\"https:\/\/le-grenier.org\/index.php\/produit\/bocal-ambre\/#primaryimage\"},\"datePublished\":\"2025-11-26T14:17:06+00:00\",\"dateModified\":\"2025-11-26T14:19:44+00:00\",\"breadcrumb\":{\"@id\":\"https:\/\/le-grenier.org\/index.php\/produit\/bocal-ambre\/#breadcrumb\"},\"inLanguage\":\"fr-FR\",\"potentialAction\":[{\"@type\":\"ReadAction\",\"target\":[\"https:\/\/le-grenier.org\/index.php\/produit\/bocal-ambre\/\"]}]},{\"@type\":\"BreadcrumbList\",\"@id\":\"https:\/\/le-grenier.org\/index.php\/produit\/bocal-ambre\/#breadcrumb\",\"itemListElement\":[{\"@type\":\"ListItem\",\"position\":1,\"name\":\"Accueil\",\"item\":\"https:\/\/le-grenier.org\/\"},{\"@type\":\"ListItem\",\"position\":2,\"name\":\"Boutique en ligne\",\"item\":\"https:\/\/le-grenier.org\/\"},{\"@type\":\"ListItem\",\"position\":3,\"name\":\"Bocal ambr\\u00e9\"}]}]}<\/script>\n<!-- \/ Yoast SEO plugin. -->","yoast_head_json":{"title":"Bocal ambr\u00e9 - Le Grenier - brocante et am\u00e9nagement","robots":{"index":"index","follow":"follow","max-snippet":"max-snippet:-1","max-image-preview":"max-image-preview:large","max-video-preview":"max-video-preview:-1"},"canonical":"https:\/\/le-grenier.org\/index.php\/produit\/bocal-ambre\/","og_locale":"fr_FR","og_type":"article","og_title":"Bocal ambr\u00e9 - Le Grenier - brocante et am\u00e9nagement","og_description":"Bocal ambr\u00e9 de Chicor\u00e9e Leroux. 20 cm de hauteur 7 exemplaires disponibles Pi\u00e8ce iconique des ann\u00e9es 1970 Bocal en verre&hellip;","og_url":"https:\/\/le-grenier.org\/index.php\/produit\/bocal-ambre\/","og_site_name":"Le Grenier - brocante et am\u00e9nagement","article_modified_time":"2025-11-26T14:19:44+00:00","twitter_card":"summary_large_image","twitter_misc":{"Dur\u00e9e de lecture estim\u00e9e":"1 minute"},"schema":{"@context":"https:\/\/schema.org","@graph":[{"@type":"WebSite","@id":"https:\/\/le-grenier.org\/#website","url":"https:\/\/le-grenier.org\/","name":"Le Grenier - brocante et am\u00e9nagement","description":"","potentialAction":[{"@type":"SearchAction","target":{"@type":"EntryPoint","urlTemplate":"https:\/\/le-grenier.org\/?s={search_term_string}"},"query-input":"required name=search_term_string"}],"inLanguage":"fr-FR"},{"@type":"ImageObject","@id":"https:\/\/le-grenier.org\/index.php\/produit\/bocal-ambre\/#primaryimage","inLanguage":"fr-FR","url":"https:\/\/le-grenier.org\/wp-content\/uploads\/2025\/11\/img_3369.jpeg","contentUrl":"https:\/\/le-grenier.org\/wp-content\/uploads\/2025\/11\/img_3369.jpeg","width":1170,"height":1332,"caption":"Screenshot"},{"@type":"WebPage","@id":"https:\/\/le-grenier.org\/index.php\/produit\/bocal-ambre\/#webpage","url":"https:\/\/le-grenier.org\/index.php\/produit\/bocal-ambre\/","name":"Bocal ambr\u00e9 - Le Grenier - brocante et am\u00e9nagement","isPartOf":{"@id":"https:\/\/le-grenier.org\/#website"},"primaryImageOfPage":{"@id":"https:\/\/le-grenier.org\/index.php\/produit\/bocal-ambre\/#primaryimage"},"datePublished":"2025-11-26T14:17:06+00:00","dateModified":"2025-11-26T14:19:44+00:00","breadcrumb":{"@id":"https:\/\/le-grenier.org\/index.php\/produit\/bocal-ambre\/#breadcrumb"},"inLanguage":"fr-FR","potentialAction":[{"@type":"ReadAction","target":["https:\/\/le-grenier.org\/index.php\/produit\/bocal-ambre\/"]}]},{"@type":"BreadcrumbList","@id":"https:\/\/le-grenier.org\/index.php\/produit\/bocal-ambre\/#breadcrumb","itemListElement":[{"@type":"ListItem","position":1,"name":"Accueil","item":"https:\/\/le-grenier.org\/"},{"@type":"ListItem","position":2,"name":"Boutique en ligne","item":"https:\/\/le-grenier.org\/"},{"@type":"ListItem","position":3,"name":"Bocal ambr\u00e9"}]}]}},"_links":{"self":[{"href":"https:\/\/le-grenier.org\/index.php\/wp-json\/wp\/v2\/product\/58901"}],"collection":[{"href":"https:\/\/le-grenier.org\/index.php\/wp-json\/wp\/v2\/product"}],"about":[{"href":"https:\/\/le-grenier.org\/index.php\/wp-json\/wp\/v2\/types\/product"}],"wp:featuredmedia":[{"embeddable":true,"href":"https:\/\/le-grenier.org\/index.php\/wp-json\/wp\/v2\/media\/58902"}],"wp:attachment":[{"href":"https:\/\/le-grenier.org\/index.php\/wp-json\/wp\/v2\/media?parent=58901"}],"wp:term":[{"taxonomy":"product_cat","embeddable":true,"href":"https:\/\/le-grenier.org\/index.php\/wp-json\/wp\/v2\/product_cat?post=58901"},{"taxonomy":"product_tag","embeddable":true,"href":"https:\/\/le-grenier.org\/index.php\/wp-json\/wp\/v2\/product_tag?post=58901"}],"curies":[{"name":"wp","href":"https:\/\/api.w.org\/{rel}","templated":true}]}}

Bocal ambré

<p>Bocal ambré de Chicorée Leroux.<br />
20 cm de hauteur</p>
<p>7 exemplaires disponibles</p>
<p>Pièce iconique des années 1970</p>
<p>Bocal en verre ambré et couvercle en plastique blanc</p>
<p>En cuisine ils seront votre allié zéro déchet ! À assembler avec d’autres bocaux pour une déco tendance et désuète à la fois.</p>
<p>—-<br />
un peu d’histoire :</p>
<p>1858 : Achat de l’usine Herbo par Jean-Baptiste Alphonse Leroux</p>
<p>Jean-Baptiste Alphonse Leroux achète la manufacture Herbo fils&amp;Cie à Orchies (59), devenant la marque Leroux. Créée en 1840, l’usine produit du chocolat, du tapioca, de la moutarde et de la chicorée torréfiée, la célèbre « Chicorée en Grains ». L’usine dirigée par son fils, compte 6 ouvriers.</p>
<p>1871 : L’entreprise Leroux se spécialise dans la chicorée</p>
<p>En août 1871, l’entreprise est détruite par le feu. La nouvelle usine est reconstruite sur un nouveau site, le long d’une ligne de chemin de fer. Alphonse-Henri-François Leroux spécialise alors l’entreprise dans la chicorée et abandonne ses autres productions.</p>
<p>🎁 Envoi soigné et rapide, parfait pour un cadeau unique</p>
<p>—-</p>

<p>Bocal ambré de Chicorée Leroux. 20 cm de hauteur 7 exemplaires disponibles Pièce iconique des années 1970 Bocal en verre&hellip;</p>

<!-- This site is optimized with the Yoast SEO plugin v17.9 - https://yoast.com/wordpress/plugins/seo/ -->
<title>Bocal ambré - Le Grenier - brocante et aménagement</title>
<meta name="robots" content="index, follow, max-snippet:-1, max-image-preview:large, max-video-preview:-1" />
<link rel="canonical" href="https://le-grenier.org/index.php/produit/bocal-ambre/" />
<meta property="og:locale" content="fr_FR" />
<meta property="og:type" content="article" />
<meta property="og:title" content="Bocal ambré - Le Grenier - brocante et aménagement" />
<meta property="og:description" content="Bocal ambré de Chicorée Leroux. 20 cm de hauteur 7 exemplaires disponibles Pièce iconique des années 1970 Bocal en verre&hellip;" />
<meta property="og:url" content="https://le-grenier.org/index.php/produit/bocal-ambre/" />
<meta property="og:site_name" content="Le Grenier - brocante et aménagement" />
<meta property="article:modified_time" content="2025-11-26T14:19:44+00:00" />
<meta name="twitter:card" content="summary_large_image" />
<meta name="twitter:label1" content="Durée de lecture estimée" />
	<meta name="twitter:data1" content="1 minute" />
<script type="application/ld+json" class="yoast-schema-graph">{"@context":"https://schema.org","@graph":[{"@type":"WebSite","@id":"https://le-grenier.org/#website","url":"https://le-grenier.org/","name":"Le Grenier - brocante et am\u00e9nagement","description":"","potentialAction":[{"@type":"SearchAction","target":{"@type":"EntryPoint","urlTemplate":"https://le-grenier.org/?s={search_term_string}"},"query-input":"required name=search_term_string"}],"inLanguage":"fr-FR"},{"@type":"ImageObject","@id":"https://le-grenier.org/index.php/produit/bocal-ambre/#primaryimage","inLanguage":"fr-FR","url":"https://le-grenier.org/wp-content/uploads/2025/11/img_3369.jpeg","contentUrl":"https://le-grenier.org/wp-content/uploads/2025/11/img_3369.jpeg","width":1170,"height":1332,"caption":"Screenshot"},{"@type":"WebPage","@id":"https://le-grenier.org/index.php/produit/bocal-ambre/#webpage","url":"https://le-grenier.org/index.php/produit/bocal-ambre/","name":"Bocal ambr\u00e9 - Le Grenier - brocante et am\u00e9nagement","isPartOf":{"@id":"https://le-grenier.org/#website"},"primaryImageOfPage":{"@id":"https://le-grenier.org/index.php/produit/bocal-ambre/#primaryimage"},"datePublished":"2025-11-26T14:17:06+00:00","dateModified":"2025-11-26T14:19:44+00:00","breadcrumb":{"@id":"https://le-grenier.org/index.php/produit/bocal-ambre/#breadcrumb"},"inLanguage":"fr-FR","potentialAction":[{"@type":"ReadAction","target":["https://le-grenier.org/index.php/produit/bocal-ambre/"]}]},{"@type":"BreadcrumbList","@id":"https://le-grenier.org/index.php/produit/bocal-ambre/#breadcrumb","itemListElement":[{"@type":"ListItem","position":1,"name":"Accueil","item":"https://le-grenier.org/"},{"@type":"ListItem","position":2,"name":"Boutique en ligne","item":"https://le-grenier.org/"},{"@type":"ListItem","position":3,"name":"Bocal ambr\u00e9"}]}]}</script>
<!-- / Yoast SEO plugin. -->

Bocal ambré - Le Grenier - brocante et aménagement

Bocal ambré de Chicorée Leroux. 20 cm de hauteur 7 exemplaires disponibles Pièce iconique des années 1970 Bocal en verre&hellip;

Le Grenier - brocante et aménagement
