{"id":58987,"date":"2025-12-06T15:12:44","date_gmt":"2025-12-06T14:12:44","guid":{"rendered":"https:\/\/le-grenier.org\/index.php\/produit\/produit-8\/"},"modified":"2026-01-13T11:18:52","modified_gmt":"2026-01-13T10:18:52","slug":"produit-8","status":"publish","type":"product","link":"https:\/\/le-grenier.org\/index.php\/produit\/produit-8\/","title":{"rendered":"Petit panier"},"content":{"rendered":"<p>\u2728 Charmant petit panier en osier tress\u00e9 \u2728<\/p>\n<p>Diam\u00e8tre : 25 cm<\/p>\n<p>Hauteur avec anse : 35 cm<\/p>\n<p>\u00c9tat : Tr\u00e8s bon \u00e9tat, solide et plein de charme vintage<\/p>\n<p>Id\u00e9al pour :<\/p>\n<p>\u2022 D\u00e9coration authentique<\/p>\n<p>\u2022 Pr\u00e9sentation de fruits ou fleurs s\u00e9ch\u00e9es<\/p>\n<p>\u2022 Mise en sc\u00e8ne pour table ou \u00e9tag\u00e8re<\/p>\n<p>\u2022 Cadeau original au style r\u00e9tro \ud83c\udf3f<\/p>\n<p>\ud83d\udce6 Envoi rapide et soign\u00e9, parfait pour offrir ou se faire plaisir !<\/p>\n","protected":false},"excerpt":{"rendered":"<p>\u2728 Charmant petit panier en osier tress\u00e9 \u2728 Diam\u00e8tre : 25 cm Hauteur avec anse : 35 cm \u00c9tat :&hellip;<\/p>\n","protected":false},"featured_media":58988,"template":"","meta":{"ngg_post_thumbnail":0},"product_cat":[40,44,46,35],"product_tag":[],"yoast_head":"<!-- This site is optimized with the Yoast SEO plugin v17.9 - https:\/\/yoast.com\/wordpress\/plugins\/seo\/ -->\n<title>Petit panier - Le Grenier - brocante et am\u00e9nagement<\/title>\n<meta name=\"robots\" content=\"index, follow, max-snippet:-1, max-image-preview:large, max-video-preview:-1\" \/>\n<link rel=\"canonical\" href=\"https:\/\/le-grenier.org\/index.php\/produit\/produit-8\/\" \/>\n<meta property=\"og:locale\" content=\"fr_FR\" \/>\n<meta property=\"og:type\" content=\"article\" \/>\n<meta property=\"og:title\" content=\"Petit panier - Le Grenier - brocante et am\u00e9nagement\" \/>\n<meta property=\"og:description\" content=\"\u2728 Charmant petit panier en osier tress\u00e9 \u2728 Diam\u00e8tre : 25 cm Hauteur avec anse : 35 cm \u00c9tat :&hellip;\" \/>\n<meta property=\"og:url\" content=\"https:\/\/le-grenier.org\/index.php\/produit\/produit-8\/\" \/>\n<meta property=\"og:site_name\" content=\"Le Grenier - brocante et am\u00e9nagement\" \/>\n<meta property=\"article:modified_time\" content=\"2026-01-13T10:18:52+00:00\" \/>\n<meta property=\"og:image\" content=\"http:\/\/le-grenier.org\/wp-content\/uploads\/2025\/12\/img_3490.jpeg\" \/>\n\t<meta property=\"og:image:width\" content=\"1170\" \/>\n\t<meta property=\"og:image:height\" content=\"1490\" \/>\n\t<meta property=\"og:image:type\" content=\"image\/jpeg\" \/>\n<meta name=\"twitter:card\" content=\"summary_large_image\" \/>\n<script type=\"application\/ld+json\" class=\"yoast-schema-graph\">{\"@context\":\"https:\/\/schema.org\",\"@graph\":[{\"@type\":\"WebSite\",\"@id\":\"https:\/\/le-grenier.org\/#website\",\"url\":\"https:\/\/le-grenier.org\/\",\"name\":\"Le Grenier - brocante et am\\u00e9nagement\",\"description\":\"\",\"potentialAction\":[{\"@type\":\"SearchAction\",\"target\":{\"@type\":\"EntryPoint\",\"urlTemplate\":\"https:\/\/le-grenier.org\/?s={search_term_string}\"},\"query-input\":\"required name=search_term_string\"}],\"inLanguage\":\"fr-FR\"},{\"@type\":\"ImageObject\",\"@id\":\"https:\/\/le-grenier.org\/index.php\/produit\/produit-8\/#primaryimage\",\"inLanguage\":\"fr-FR\",\"url\":\"https:\/\/le-grenier.org\/wp-content\/uploads\/2025\/12\/img_3490.jpeg\",\"contentUrl\":\"https:\/\/le-grenier.org\/wp-content\/uploads\/2025\/12\/img_3490.jpeg\",\"width\":1170,\"height\":1490,\"caption\":\"Screenshot\"},{\"@type\":\"WebPage\",\"@id\":\"https:\/\/le-grenier.org\/index.php\/produit\/produit-8\/#webpage\",\"url\":\"https:\/\/le-grenier.org\/index.php\/produit\/produit-8\/\",\"name\":\"Petit panier - Le Grenier - brocante et am\\u00e9nagement\",\"isPartOf\":{\"@id\":\"https:\/\/le-grenier.org\/#website\"},\"primaryImageOfPage\":{\"@id\":\"https:\/\/le-grenier.org\/index.php\/produit\/produit-8\/#primaryimage\"},\"datePublished\":\"2025-12-06T14:12:44+00:00\",\"dateModified\":\"2026-01-13T10:18:52+00:00\",\"breadcrumb\":{\"@id\":\"https:\/\/le-grenier.org\/index.php\/produit\/produit-8\/#breadcrumb\"},\"inLanguage\":\"fr-FR\",\"potentialAction\":[{\"@type\":\"ReadAction\",\"target\":[\"https:\/\/le-grenier.org\/index.php\/produit\/produit-8\/\"]}]},{\"@type\":\"BreadcrumbList\",\"@id\":\"https:\/\/le-grenier.org\/index.php\/produit\/produit-8\/#breadcrumb\",\"itemListElement\":[{\"@type\":\"ListItem\",\"position\":1,\"name\":\"Accueil\",\"item\":\"https:\/\/le-grenier.org\/\"},{\"@type\":\"ListItem\",\"position\":2,\"name\":\"Boutique en ligne\",\"item\":\"https:\/\/le-grenier.org\/\"},{\"@type\":\"ListItem\",\"position\":3,\"name\":\"Petit panier\"}]}]}<\/script>\n<!-- \/ Yoast SEO plugin. -->","yoast_head_json":{"title":"Petit panier - Le Grenier - brocante et am\u00e9nagement","robots":{"index":"index","follow":"follow","max-snippet":"max-snippet:-1","max-image-preview":"max-image-preview:large","max-video-preview":"max-video-preview:-1"},"canonical":"https:\/\/le-grenier.org\/index.php\/produit\/produit-8\/","og_locale":"fr_FR","og_type":"article","og_title":"Petit panier - Le Grenier - brocante et am\u00e9nagement","og_description":"\u2728 Charmant petit panier en osier tress\u00e9 \u2728 Diam\u00e8tre : 25 cm Hauteur avec anse : 35 cm \u00c9tat :&hellip;","og_url":"https:\/\/le-grenier.org\/index.php\/produit\/produit-8\/","og_site_name":"Le Grenier - brocante et am\u00e9nagement","article_modified_time":"2026-01-13T10:18:52+00:00","og_image":[{"width":1170,"height":1490,"url":"http:\/\/le-grenier.org\/wp-content\/uploads\/2025\/12\/img_3490.jpeg","type":"image\/jpeg"}],"twitter_card":"summary_large_image","schema":{"@context":"https:\/\/schema.org","@graph":[{"@type":"WebSite","@id":"https:\/\/le-grenier.org\/#website","url":"https:\/\/le-grenier.org\/","name":"Le Grenier - brocante et am\u00e9nagement","description":"","potentialAction":[{"@type":"SearchAction","target":{"@type":"EntryPoint","urlTemplate":"https:\/\/le-grenier.org\/?s={search_term_string}"},"query-input":"required name=search_term_string"}],"inLanguage":"fr-FR"},{"@type":"ImageObject","@id":"https:\/\/le-grenier.org\/index.php\/produit\/produit-8\/#primaryimage","inLanguage":"fr-FR","url":"https:\/\/le-grenier.org\/wp-content\/uploads\/2025\/12\/img_3490.jpeg","contentUrl":"https:\/\/le-grenier.org\/wp-content\/uploads\/2025\/12\/img_3490.jpeg","width":1170,"height":1490,"caption":"Screenshot"},{"@type":"WebPage","@id":"https:\/\/le-grenier.org\/index.php\/produit\/produit-8\/#webpage","url":"https:\/\/le-grenier.org\/index.php\/produit\/produit-8\/","name":"Petit panier - Le Grenier - brocante et am\u00e9nagement","isPartOf":{"@id":"https:\/\/le-grenier.org\/#website"},"primaryImageOfPage":{"@id":"https:\/\/le-grenier.org\/index.php\/produit\/produit-8\/#primaryimage"},"datePublished":"2025-12-06T14:12:44+00:00","dateModified":"2026-01-13T10:18:52+00:00","breadcrumb":{"@id":"https:\/\/le-grenier.org\/index.php\/produit\/produit-8\/#breadcrumb"},"inLanguage":"fr-FR","potentialAction":[{"@type":"ReadAction","target":["https:\/\/le-grenier.org\/index.php\/produit\/produit-8\/"]}]},{"@type":"BreadcrumbList","@id":"https:\/\/le-grenier.org\/index.php\/produit\/produit-8\/#breadcrumb","itemListElement":[{"@type":"ListItem","position":1,"name":"Accueil","item":"https:\/\/le-grenier.org\/"},{"@type":"ListItem","position":2,"name":"Boutique en ligne","item":"https:\/\/le-grenier.org\/"},{"@type":"ListItem","position":3,"name":"Petit panier"}]}]}},"_links":{"self":[{"href":"https:\/\/le-grenier.org\/index.php\/wp-json\/wp\/v2\/product\/58987"}],"collection":[{"href":"https:\/\/le-grenier.org\/index.php\/wp-json\/wp\/v2\/product"}],"about":[{"href":"https:\/\/le-grenier.org\/index.php\/wp-json\/wp\/v2\/types\/product"}],"wp:featuredmedia":[{"embeddable":true,"href":"https:\/\/le-grenier.org\/index.php\/wp-json\/wp\/v2\/media\/58988"}],"wp:attachment":[{"href":"https:\/\/le-grenier.org\/index.php\/wp-json\/wp\/v2\/media?parent=58987"}],"wp:term":[{"taxonomy":"product_cat","embeddable":true,"href":"https:\/\/le-grenier.org\/index.php\/wp-json\/wp\/v2\/product_cat?post=58987"},{"taxonomy":"product_tag","embeddable":true,"href":"https:\/\/le-grenier.org\/index.php\/wp-json\/wp\/v2\/product_tag?post=58987"}],"curies":[{"name":"wp","href":"https:\/\/api.w.org\/{rel}","templated":true}]}}

<p>✨ Charmant petit panier en osier tressé ✨</p>
<p>Diamètre : 25 cm</p>
<p>Hauteur avec anse : 35 cm</p>
<p>État : Très bon état, solide et plein de charme vintage</p>
<p>Idéal pour :</p>
<p>• Décoration authentique</p>
<p>• Présentation de fruits ou fleurs séchées</p>
<p>• Mise en scène pour table ou étagère</p>
<p>• Cadeau original au style rétro 🌿</p>
<p>📦 Envoi rapide et soigné, parfait pour offrir ou se faire plaisir !</p>

<p>✨ Charmant petit panier en osier tressé ✨ Diamètre : 25 cm Hauteur avec anse : 35 cm État :&hellip;</p>

<!-- This site is optimized with the Yoast SEO plugin v17.9 - https://yoast.com/wordpress/plugins/seo/ -->
<title>Petit panier - Le Grenier - brocante et aménagement</title>
<meta name="robots" content="index, follow, max-snippet:-1, max-image-preview:large, max-video-preview:-1" />
<link rel="canonical" href="https://le-grenier.org/index.php/produit/produit-8/" />
<meta property="og:locale" content="fr_FR" />
<meta property="og:type" content="article" />
<meta property="og:title" content="Petit panier - Le Grenier - brocante et aménagement" />
<meta property="og:description" content="✨ Charmant petit panier en osier tressé ✨ Diamètre : 25 cm Hauteur avec anse : 35 cm État :&hellip;" />
<meta property="og:url" content="https://le-grenier.org/index.php/produit/produit-8/" />
<meta property="og:site_name" content="Le Grenier - brocante et aménagement" />
<meta property="article:modified_time" content="2026-01-13T10:18:52+00:00" />
<meta property="og:image" content="http://le-grenier.org/wp-content/uploads/2025/12/img_3490.jpeg" />
	<meta property="og:image:width" content="1170" />
	<meta property="og:image:height" content="1490" />
	<meta property="og:image:type" content="image/jpeg" />
<meta name="twitter:card" content="summary_large_image" />
<script type="application/ld+json" class="yoast-schema-graph">{"@context":"https://schema.org","@graph":[{"@type":"WebSite","@id":"https://le-grenier.org/#website","url":"https://le-grenier.org/","name":"Le Grenier - brocante et am\u00e9nagement","description":"","potentialAction":[{"@type":"SearchAction","target":{"@type":"EntryPoint","urlTemplate":"https://le-grenier.org/?s={search_term_string}"},"query-input":"required name=search_term_string"}],"inLanguage":"fr-FR"},{"@type":"ImageObject","@id":"https://le-grenier.org/index.php/produit/produit-8/#primaryimage","inLanguage":"fr-FR","url":"https://le-grenier.org/wp-content/uploads/2025/12/img_3490.jpeg","contentUrl":"https://le-grenier.org/wp-content/uploads/2025/12/img_3490.jpeg","width":1170,"height":1490,"caption":"Screenshot"},{"@type":"WebPage","@id":"https://le-grenier.org/index.php/produit/produit-8/#webpage","url":"https://le-grenier.org/index.php/produit/produit-8/","name":"Petit panier - Le Grenier - brocante et am\u00e9nagement","isPartOf":{"@id":"https://le-grenier.org/#website"},"primaryImageOfPage":{"@id":"https://le-grenier.org/index.php/produit/produit-8/#primaryimage"},"datePublished":"2025-12-06T14:12:44+00:00","dateModified":"2026-01-13T10:18:52+00:00","breadcrumb":{"@id":"https://le-grenier.org/index.php/produit/produit-8/#breadcrumb"},"inLanguage":"fr-FR","potentialAction":[{"@type":"ReadAction","target":["https://le-grenier.org/index.php/produit/produit-8/"]}]},{"@type":"BreadcrumbList","@id":"https://le-grenier.org/index.php/produit/produit-8/#breadcrumb","itemListElement":[{"@type":"ListItem","position":1,"name":"Accueil","item":"https://le-grenier.org/"},{"@type":"ListItem","position":2,"name":"Boutique en ligne","item":"https://le-grenier.org/"},{"@type":"ListItem","position":3,"name":"Petit panier"}]}]}</script>
<!-- / Yoast SEO plugin. -->

Petit panier - Le Grenier - brocante et aménagement

✨ Charmant petit panier en osier tressé ✨ Diamètre : 25 cm Hauteur avec anse : 35 cm État :&hellip;

Le Grenier - brocante et aménagement
