{"id":59075,"date":"2026-01-03T18:45:01","date_gmt":"2026-01-03T17:45:01","guid":{"rendered":"https:\/\/le-grenier.org\/index.php\/produit\/banc-3m-en-chene\/"},"modified":"2026-01-04T19:07:57","modified_gmt":"2026-01-04T18:07:57","slug":"banc-3m-en-chene","status":"publish","type":"product","link":"https:\/\/le-grenier.org\/index.php\/produit\/banc-3m-en-chene\/","title":{"rendered":"Banc 3m en ch\u00eane"},"content":{"rendered":"<p>Magnifique banc long en ch\u00eane massif brut, au charme authentique et \u00e0 la patine naturelle. Sa ligne sobre et rustique en fait une pi\u00e8ce forte, id\u00e9ale pour apporter du caract\u00e8re \u00e0 votre int\u00e9rieur.<\/p>\n<p>\ud83d\udccf Dimensions :<\/p>\n<p>\u2022 Longueur : 300 cm<\/p>\n<p>\u2022 Hauteur : 46 cm<\/p>\n<p>\u2022 Largeur : 25 cm<\/p>\n<p>\ud83e\ude91 Usages possibles :<\/p>\n<p>\u2013 Dans un long couloir<\/p>\n<p>\u2013 Le long d\u2019une table de ferme familiale<\/p>\n<p>\u2013 En assise d\u2019appoint dans une entr\u00e9e, une v\u00e9randa ou une pi\u00e8ce de vie<\/p>\n<p>\u2714\ufe0f Stable, robuste et fonctionnel<\/p>\n<p>\u2714\ufe0f Tr\u00e8s bon \u00e9tat g\u00e9n\u00e9ral<\/p>\n<p>\u2714\ufe0f Bois massif, fabrication ancienne<\/p>\n<p>\ud83c\udf81 Une superbe id\u00e9e cadeau pour les amateurs de mobilier r\u00e9tro, de d\u00e9coration authentique et de design vintage.<\/p>\n","protected":false},"excerpt":{"rendered":"<p>Magnifique banc long en ch\u00eane massif brut, au charme authentique et \u00e0 la patine naturelle. Sa ligne sobre et rustique&hellip;<\/p>\n","protected":false},"featured_media":59095,"template":"","meta":{"ngg_post_thumbnail":0},"product_cat":[40,24],"product_tag":[],"yoast_head":"<!-- This site is optimized with the Yoast SEO plugin v17.9 - https:\/\/yoast.com\/wordpress\/plugins\/seo\/ -->\n<title>Banc 3m en ch\u00eane - Le Grenier - brocante et am\u00e9nagement<\/title>\n<meta name=\"robots\" content=\"index, follow, max-snippet:-1, max-image-preview:large, max-video-preview:-1\" \/>\n<link rel=\"canonical\" href=\"https:\/\/le-grenier.org\/index.php\/produit\/banc-3m-en-chene\/\" \/>\n<meta property=\"og:locale\" content=\"fr_FR\" \/>\n<meta property=\"og:type\" content=\"article\" \/>\n<meta property=\"og:title\" content=\"Banc 3m en ch\u00eane - Le Grenier - brocante et am\u00e9nagement\" \/>\n<meta property=\"og:description\" content=\"Magnifique banc long en ch\u00eane massif brut, au charme authentique et \u00e0 la patine naturelle. Sa ligne sobre et rustique&hellip;\" \/>\n<meta property=\"og:url\" content=\"https:\/\/le-grenier.org\/index.php\/produit\/banc-3m-en-chene\/\" \/>\n<meta property=\"og:site_name\" content=\"Le Grenier - brocante et am\u00e9nagement\" \/>\n<meta property=\"article:modified_time\" content=\"2026-01-04T18:07:57+00:00\" \/>\n<meta name=\"twitter:card\" content=\"summary_large_image\" \/>\n<meta name=\"twitter:label1\" content=\"Dur\u00e9e de lecture estim\u00e9e\" \/>\n\t<meta name=\"twitter:data1\" content=\"1 minute\" \/>\n<script type=\"application\/ld+json\" class=\"yoast-schema-graph\">{\"@context\":\"https:\/\/schema.org\",\"@graph\":[{\"@type\":\"WebSite\",\"@id\":\"https:\/\/le-grenier.org\/#website\",\"url\":\"https:\/\/le-grenier.org\/\",\"name\":\"Le Grenier - brocante et am\\u00e9nagement\",\"description\":\"\",\"potentialAction\":[{\"@type\":\"SearchAction\",\"target\":{\"@type\":\"EntryPoint\",\"urlTemplate\":\"https:\/\/le-grenier.org\/?s={search_term_string}\"},\"query-input\":\"required name=search_term_string\"}],\"inLanguage\":\"fr-FR\"},{\"@type\":\"ImageObject\",\"@id\":\"https:\/\/le-grenier.org\/index.php\/produit\/banc-3m-en-chene\/#primaryimage\",\"inLanguage\":\"fr-FR\",\"url\":\"https:\/\/le-grenier.org\/wp-content\/uploads\/2026\/01\/img_3762.jpeg\",\"contentUrl\":\"https:\/\/le-grenier.org\/wp-content\/uploads\/2026\/01\/img_3762.jpeg\",\"width\":1170,\"height\":1308,\"caption\":\"Screenshot\"},{\"@type\":\"WebPage\",\"@id\":\"https:\/\/le-grenier.org\/index.php\/produit\/banc-3m-en-chene\/#webpage\",\"url\":\"https:\/\/le-grenier.org\/index.php\/produit\/banc-3m-en-chene\/\",\"name\":\"Banc 3m en ch\\u00eane - Le Grenier - brocante et am\\u00e9nagement\",\"isPartOf\":{\"@id\":\"https:\/\/le-grenier.org\/#website\"},\"primaryImageOfPage\":{\"@id\":\"https:\/\/le-grenier.org\/index.php\/produit\/banc-3m-en-chene\/#primaryimage\"},\"datePublished\":\"2026-01-03T17:45:01+00:00\",\"dateModified\":\"2026-01-04T18:07:57+00:00\",\"breadcrumb\":{\"@id\":\"https:\/\/le-grenier.org\/index.php\/produit\/banc-3m-en-chene\/#breadcrumb\"},\"inLanguage\":\"fr-FR\",\"potentialAction\":[{\"@type\":\"ReadAction\",\"target\":[\"https:\/\/le-grenier.org\/index.php\/produit\/banc-3m-en-chene\/\"]}]},{\"@type\":\"BreadcrumbList\",\"@id\":\"https:\/\/le-grenier.org\/index.php\/produit\/banc-3m-en-chene\/#breadcrumb\",\"itemListElement\":[{\"@type\":\"ListItem\",\"position\":1,\"name\":\"Accueil\",\"item\":\"https:\/\/le-grenier.org\/\"},{\"@type\":\"ListItem\",\"position\":2,\"name\":\"Boutique en ligne\",\"item\":\"https:\/\/le-grenier.org\/\"},{\"@type\":\"ListItem\",\"position\":3,\"name\":\"Banc 3m en ch\\u00eane\"}]}]}<\/script>\n<!-- \/ Yoast SEO plugin. -->","yoast_head_json":{"title":"Banc 3m en ch\u00eane - Le Grenier - brocante et am\u00e9nagement","robots":{"index":"index","follow":"follow","max-snippet":"max-snippet:-1","max-image-preview":"max-image-preview:large","max-video-preview":"max-video-preview:-1"},"canonical":"https:\/\/le-grenier.org\/index.php\/produit\/banc-3m-en-chene\/","og_locale":"fr_FR","og_type":"article","og_title":"Banc 3m en ch\u00eane - Le Grenier - brocante et am\u00e9nagement","og_description":"Magnifique banc long en ch\u00eane massif brut, au charme authentique et \u00e0 la patine naturelle. Sa ligne sobre et rustique&hellip;","og_url":"https:\/\/le-grenier.org\/index.php\/produit\/banc-3m-en-chene\/","og_site_name":"Le Grenier - brocante et am\u00e9nagement","article_modified_time":"2026-01-04T18:07:57+00:00","twitter_card":"summary_large_image","twitter_misc":{"Dur\u00e9e de lecture estim\u00e9e":"1 minute"},"schema":{"@context":"https:\/\/schema.org","@graph":[{"@type":"WebSite","@id":"https:\/\/le-grenier.org\/#website","url":"https:\/\/le-grenier.org\/","name":"Le Grenier - brocante et am\u00e9nagement","description":"","potentialAction":[{"@type":"SearchAction","target":{"@type":"EntryPoint","urlTemplate":"https:\/\/le-grenier.org\/?s={search_term_string}"},"query-input":"required name=search_term_string"}],"inLanguage":"fr-FR"},{"@type":"ImageObject","@id":"https:\/\/le-grenier.org\/index.php\/produit\/banc-3m-en-chene\/#primaryimage","inLanguage":"fr-FR","url":"https:\/\/le-grenier.org\/wp-content\/uploads\/2026\/01\/img_3762.jpeg","contentUrl":"https:\/\/le-grenier.org\/wp-content\/uploads\/2026\/01\/img_3762.jpeg","width":1170,"height":1308,"caption":"Screenshot"},{"@type":"WebPage","@id":"https:\/\/le-grenier.org\/index.php\/produit\/banc-3m-en-chene\/#webpage","url":"https:\/\/le-grenier.org\/index.php\/produit\/banc-3m-en-chene\/","name":"Banc 3m en ch\u00eane - Le Grenier - brocante et am\u00e9nagement","isPartOf":{"@id":"https:\/\/le-grenier.org\/#website"},"primaryImageOfPage":{"@id":"https:\/\/le-grenier.org\/index.php\/produit\/banc-3m-en-chene\/#primaryimage"},"datePublished":"2026-01-03T17:45:01+00:00","dateModified":"2026-01-04T18:07:57+00:00","breadcrumb":{"@id":"https:\/\/le-grenier.org\/index.php\/produit\/banc-3m-en-chene\/#breadcrumb"},"inLanguage":"fr-FR","potentialAction":[{"@type":"ReadAction","target":["https:\/\/le-grenier.org\/index.php\/produit\/banc-3m-en-chene\/"]}]},{"@type":"BreadcrumbList","@id":"https:\/\/le-grenier.org\/index.php\/produit\/banc-3m-en-chene\/#breadcrumb","itemListElement":[{"@type":"ListItem","position":1,"name":"Accueil","item":"https:\/\/le-grenier.org\/"},{"@type":"ListItem","position":2,"name":"Boutique en ligne","item":"https:\/\/le-grenier.org\/"},{"@type":"ListItem","position":3,"name":"Banc 3m en ch\u00eane"}]}]}},"_links":{"self":[{"href":"https:\/\/le-grenier.org\/index.php\/wp-json\/wp\/v2\/product\/59075"}],"collection":[{"href":"https:\/\/le-grenier.org\/index.php\/wp-json\/wp\/v2\/product"}],"about":[{"href":"https:\/\/le-grenier.org\/index.php\/wp-json\/wp\/v2\/types\/product"}],"wp:featuredmedia":[{"embeddable":true,"href":"https:\/\/le-grenier.org\/index.php\/wp-json\/wp\/v2\/media\/59095"}],"wp:attachment":[{"href":"https:\/\/le-grenier.org\/index.php\/wp-json\/wp\/v2\/media?parent=59075"}],"wp:term":[{"taxonomy":"product_cat","embeddable":true,"href":"https:\/\/le-grenier.org\/index.php\/wp-json\/wp\/v2\/product_cat?post=59075"},{"taxonomy":"product_tag","embeddable":true,"href":"https:\/\/le-grenier.org\/index.php\/wp-json\/wp\/v2\/product_tag?post=59075"}],"curies":[{"name":"wp","href":"https:\/\/api.w.org\/{rel}","templated":true}]}}