{"id":59104,"date":"2026-01-06T17:47:08","date_gmt":"2026-01-06T16:47:08","guid":{"rendered":"https:\/\/le-grenier.org\/index.php\/produit\/2-assiettes\/"},"modified":"2026-01-06T17:49:30","modified_gmt":"2026-01-06T16:49:30","slug":"2-assiettes","status":"publish","type":"product","link":"https:\/\/le-grenier.org\/index.php\/produit\/2-assiettes\/","title":{"rendered":"2 assiettes"},"content":{"rendered":"<p>\u2728 Lot de 2 assiettes vintage en c\u00e9ramique beige fleurie<\/p>\n<p>Bel ensemble de 2 assiettes :<\/p>\n<p>\u2022\tMotif floral stylis\u00e9 orange\/brun, tr\u00e8s typique du design fran\u00e7ais d\u2019apr\u00e8s-guerre<\/p>\n<p>\u2022\tFond cr\u00e8me, d\u00e9cor r\u00e9p\u00e9t\u00e9 en bordure<\/p>\n<p>\u2022\tForme creuse assez simple, production utilitaire plut\u00f4t que luxe<\/p>\n<p>\ud83d\udd39 Diam\u00e8tre : 23 cm<\/p>\n<p>\ud83d\udd39 Style : classique, intemporel, vintage<\/p>\n<p>Ces assiettes se distinguent par leur ligne raffin\u00e9e et leur qualit\u00e9 de fabrication, id\u00e9ales aussi bien pour une table \u00e9l\u00e9gante que pour une pr\u00e9sentation en vitrine ou en d\u00e9coration murale.<\/p>\n<p>\ud83e\udde1 Parfaites pour les amateurs de vaisselle ancienne, de porcelaine fran\u00e7aise et de pi\u00e8ces de caract\u00e8re.<\/p>\n<p>\ud83d\udce6 Envoi rapide et soign\u00e9<\/p>\n<p>\ud83c\udf81 Excellente id\u00e9e cadeau pour les passionn\u00e9s de brocante et d\u2019art de la table<\/p>\n","protected":false},"excerpt":{"rendered":"<p>\u2728 Lot de 2 assiettes vintage en c\u00e9ramique beige fleurie Bel ensemble de 2 assiettes : \u2022 Motif floral stylis\u00e9&hellip;<\/p>\n","protected":false},"featured_media":59105,"template":"","meta":{"ngg_post_thumbnail":0},"product_cat":[23],"product_tag":[],"yoast_head":"<!-- This site is optimized with the Yoast SEO plugin v17.9 - https:\/\/yoast.com\/wordpress\/plugins\/seo\/ -->\n<title>2 assiettes - Le Grenier - brocante et am\u00e9nagement<\/title>\n<meta name=\"robots\" content=\"index, follow, max-snippet:-1, max-image-preview:large, max-video-preview:-1\" \/>\n<link rel=\"canonical\" href=\"https:\/\/le-grenier.org\/index.php\/produit\/2-assiettes\/\" \/>\n<meta property=\"og:locale\" content=\"fr_FR\" \/>\n<meta property=\"og:type\" content=\"article\" \/>\n<meta property=\"og:title\" content=\"2 assiettes - Le Grenier - brocante et am\u00e9nagement\" \/>\n<meta property=\"og:description\" content=\"\u2728 Lot de 2 assiettes vintage en c\u00e9ramique beige fleurie Bel ensemble de 2 assiettes : \u2022 Motif floral stylis\u00e9&hellip;\" \/>\n<meta property=\"og:url\" content=\"https:\/\/le-grenier.org\/index.php\/produit\/2-assiettes\/\" \/>\n<meta property=\"og:site_name\" content=\"Le Grenier - brocante et am\u00e9nagement\" \/>\n<meta property=\"article:modified_time\" content=\"2026-01-06T16:49:30+00:00\" \/>\n<meta name=\"twitter:card\" content=\"summary_large_image\" \/>\n<meta name=\"twitter:label1\" content=\"Dur\u00e9e de lecture estim\u00e9e\" \/>\n\t<meta name=\"twitter:data1\" content=\"1 minute\" \/>\n<script type=\"application\/ld+json\" class=\"yoast-schema-graph\">{\"@context\":\"https:\/\/schema.org\",\"@graph\":[{\"@type\":\"WebSite\",\"@id\":\"https:\/\/le-grenier.org\/#website\",\"url\":\"https:\/\/le-grenier.org\/\",\"name\":\"Le Grenier - brocante et am\\u00e9nagement\",\"description\":\"\",\"potentialAction\":[{\"@type\":\"SearchAction\",\"target\":{\"@type\":\"EntryPoint\",\"urlTemplate\":\"https:\/\/le-grenier.org\/?s={search_term_string}\"},\"query-input\":\"required name=search_term_string\"}],\"inLanguage\":\"fr-FR\"},{\"@type\":\"ImageObject\",\"@id\":\"https:\/\/le-grenier.org\/index.php\/produit\/2-assiettes\/#primaryimage\",\"inLanguage\":\"fr-FR\",\"url\":\"https:\/\/le-grenier.org\/wp-content\/uploads\/2026\/01\/img_3769.jpeg\",\"contentUrl\":\"https:\/\/le-grenier.org\/wp-content\/uploads\/2026\/01\/img_3769.jpeg\",\"width\":1170,\"height\":1471,\"caption\":\"Screenshot\"},{\"@type\":\"WebPage\",\"@id\":\"https:\/\/le-grenier.org\/index.php\/produit\/2-assiettes\/#webpage\",\"url\":\"https:\/\/le-grenier.org\/index.php\/produit\/2-assiettes\/\",\"name\":\"2 assiettes - Le Grenier - brocante et am\\u00e9nagement\",\"isPartOf\":{\"@id\":\"https:\/\/le-grenier.org\/#website\"},\"primaryImageOfPage\":{\"@id\":\"https:\/\/le-grenier.org\/index.php\/produit\/2-assiettes\/#primaryimage\"},\"datePublished\":\"2026-01-06T16:47:08+00:00\",\"dateModified\":\"2026-01-06T16:49:30+00:00\",\"breadcrumb\":{\"@id\":\"https:\/\/le-grenier.org\/index.php\/produit\/2-assiettes\/#breadcrumb\"},\"inLanguage\":\"fr-FR\",\"potentialAction\":[{\"@type\":\"ReadAction\",\"target\":[\"https:\/\/le-grenier.org\/index.php\/produit\/2-assiettes\/\"]}]},{\"@type\":\"BreadcrumbList\",\"@id\":\"https:\/\/le-grenier.org\/index.php\/produit\/2-assiettes\/#breadcrumb\",\"itemListElement\":[{\"@type\":\"ListItem\",\"position\":1,\"name\":\"Accueil\",\"item\":\"https:\/\/le-grenier.org\/\"},{\"@type\":\"ListItem\",\"position\":2,\"name\":\"Boutique en ligne\",\"item\":\"https:\/\/le-grenier.org\/\"},{\"@type\":\"ListItem\",\"position\":3,\"name\":\"2 assiettes\"}]}]}<\/script>\n<!-- \/ Yoast SEO plugin. -->","yoast_head_json":{"title":"2 assiettes - Le Grenier - brocante et am\u00e9nagement","robots":{"index":"index","follow":"follow","max-snippet":"max-snippet:-1","max-image-preview":"max-image-preview:large","max-video-preview":"max-video-preview:-1"},"canonical":"https:\/\/le-grenier.org\/index.php\/produit\/2-assiettes\/","og_locale":"fr_FR","og_type":"article","og_title":"2 assiettes - Le Grenier - brocante et am\u00e9nagement","og_description":"\u2728 Lot de 2 assiettes vintage en c\u00e9ramique beige fleurie Bel ensemble de 2 assiettes : \u2022 Motif floral stylis\u00e9&hellip;","og_url":"https:\/\/le-grenier.org\/index.php\/produit\/2-assiettes\/","og_site_name":"Le Grenier - brocante et am\u00e9nagement","article_modified_time":"2026-01-06T16:49:30+00:00","twitter_card":"summary_large_image","twitter_misc":{"Dur\u00e9e de lecture estim\u00e9e":"1 minute"},"schema":{"@context":"https:\/\/schema.org","@graph":[{"@type":"WebSite","@id":"https:\/\/le-grenier.org\/#website","url":"https:\/\/le-grenier.org\/","name":"Le Grenier - brocante et am\u00e9nagement","description":"","potentialAction":[{"@type":"SearchAction","target":{"@type":"EntryPoint","urlTemplate":"https:\/\/le-grenier.org\/?s={search_term_string}"},"query-input":"required name=search_term_string"}],"inLanguage":"fr-FR"},{"@type":"ImageObject","@id":"https:\/\/le-grenier.org\/index.php\/produit\/2-assiettes\/#primaryimage","inLanguage":"fr-FR","url":"https:\/\/le-grenier.org\/wp-content\/uploads\/2026\/01\/img_3769.jpeg","contentUrl":"https:\/\/le-grenier.org\/wp-content\/uploads\/2026\/01\/img_3769.jpeg","width":1170,"height":1471,"caption":"Screenshot"},{"@type":"WebPage","@id":"https:\/\/le-grenier.org\/index.php\/produit\/2-assiettes\/#webpage","url":"https:\/\/le-grenier.org\/index.php\/produit\/2-assiettes\/","name":"2 assiettes - Le Grenier - brocante et am\u00e9nagement","isPartOf":{"@id":"https:\/\/le-grenier.org\/#website"},"primaryImageOfPage":{"@id":"https:\/\/le-grenier.org\/index.php\/produit\/2-assiettes\/#primaryimage"},"datePublished":"2026-01-06T16:47:08+00:00","dateModified":"2026-01-06T16:49:30+00:00","breadcrumb":{"@id":"https:\/\/le-grenier.org\/index.php\/produit\/2-assiettes\/#breadcrumb"},"inLanguage":"fr-FR","potentialAction":[{"@type":"ReadAction","target":["https:\/\/le-grenier.org\/index.php\/produit\/2-assiettes\/"]}]},{"@type":"BreadcrumbList","@id":"https:\/\/le-grenier.org\/index.php\/produit\/2-assiettes\/#breadcrumb","itemListElement":[{"@type":"ListItem","position":1,"name":"Accueil","item":"https:\/\/le-grenier.org\/"},{"@type":"ListItem","position":2,"name":"Boutique en ligne","item":"https:\/\/le-grenier.org\/"},{"@type":"ListItem","position":3,"name":"2 assiettes"}]}]}},"_links":{"self":[{"href":"https:\/\/le-grenier.org\/index.php\/wp-json\/wp\/v2\/product\/59104"}],"collection":[{"href":"https:\/\/le-grenier.org\/index.php\/wp-json\/wp\/v2\/product"}],"about":[{"href":"https:\/\/le-grenier.org\/index.php\/wp-json\/wp\/v2\/types\/product"}],"wp:featuredmedia":[{"embeddable":true,"href":"https:\/\/le-grenier.org\/index.php\/wp-json\/wp\/v2\/media\/59105"}],"wp:attachment":[{"href":"https:\/\/le-grenier.org\/index.php\/wp-json\/wp\/v2\/media?parent=59104"}],"wp:term":[{"taxonomy":"product_cat","embeddable":true,"href":"https:\/\/le-grenier.org\/index.php\/wp-json\/wp\/v2\/product_cat?post=59104"},{"taxonomy":"product_tag","embeddable":true,"href":"https:\/\/le-grenier.org\/index.php\/wp-json\/wp\/v2\/product_tag?post=59104"}],"curies":[{"name":"wp","href":"https:\/\/api.w.org\/{rel}","templated":true}]}}

<p>✨ Lot de 2 assiettes vintage en céramique beige fleurie</p>
<p>Bel ensemble de 2 assiettes :</p>
<p>•	Motif floral stylisé orange/brun, très typique du design français d’après-guerre</p>
<p>•	Fond crème, décor répété en bordure</p>
<p>•	Forme creuse assez simple, production utilitaire plutôt que luxe</p>
<p>🔹 Diamètre : 23 cm</p>
<p>🔹 Style : classique, intemporel, vintage</p>
<p>Ces assiettes se distinguent par leur ligne raffinée et leur qualité de fabrication, idéales aussi bien pour une table élégante que pour une présentation en vitrine ou en décoration murale.</p>
<p>🧡 Parfaites pour les amateurs de vaisselle ancienne, de porcelaine française et de pièces de caractère.</p>
<p>📦 Envoi rapide et soigné</p>
<p>🎁 Excellente idée cadeau pour les passionnés de brocante et d’art de la table</p>

<p>✨ Lot de 2 assiettes vintage en céramique beige fleurie Bel ensemble de 2 assiettes : • Motif floral stylisé&hellip;</p>

<!-- This site is optimized with the Yoast SEO plugin v17.9 - https://yoast.com/wordpress/plugins/seo/ -->
<title>2 assiettes - Le Grenier - brocante et aménagement</title>
<meta name="robots" content="index, follow, max-snippet:-1, max-image-preview:large, max-video-preview:-1" />
<link rel="canonical" href="https://le-grenier.org/index.php/produit/2-assiettes/" />
<meta property="og:locale" content="fr_FR" />
<meta property="og:type" content="article" />
<meta property="og:title" content="2 assiettes - Le Grenier - brocante et aménagement" />
<meta property="og:description" content="✨ Lot de 2 assiettes vintage en céramique beige fleurie Bel ensemble de 2 assiettes : • Motif floral stylisé&hellip;" />
<meta property="og:url" content="https://le-grenier.org/index.php/produit/2-assiettes/" />
<meta property="og:site_name" content="Le Grenier - brocante et aménagement" />
<meta property="article:modified_time" content="2026-01-06T16:49:30+00:00" />
<meta name="twitter:card" content="summary_large_image" />
<meta name="twitter:label1" content="Durée de lecture estimée" />
	<meta name="twitter:data1" content="1 minute" />
<script type="application/ld+json" class="yoast-schema-graph">{"@context":"https://schema.org","@graph":[{"@type":"WebSite","@id":"https://le-grenier.org/#website","url":"https://le-grenier.org/","name":"Le Grenier - brocante et am\u00e9nagement","description":"","potentialAction":[{"@type":"SearchAction","target":{"@type":"EntryPoint","urlTemplate":"https://le-grenier.org/?s={search_term_string}"},"query-input":"required name=search_term_string"}],"inLanguage":"fr-FR"},{"@type":"ImageObject","@id":"https://le-grenier.org/index.php/produit/2-assiettes/#primaryimage","inLanguage":"fr-FR","url":"https://le-grenier.org/wp-content/uploads/2026/01/img_3769.jpeg","contentUrl":"https://le-grenier.org/wp-content/uploads/2026/01/img_3769.jpeg","width":1170,"height":1471,"caption":"Screenshot"},{"@type":"WebPage","@id":"https://le-grenier.org/index.php/produit/2-assiettes/#webpage","url":"https://le-grenier.org/index.php/produit/2-assiettes/","name":"2 assiettes - Le Grenier - brocante et am\u00e9nagement","isPartOf":{"@id":"https://le-grenier.org/#website"},"primaryImageOfPage":{"@id":"https://le-grenier.org/index.php/produit/2-assiettes/#primaryimage"},"datePublished":"2026-01-06T16:47:08+00:00","dateModified":"2026-01-06T16:49:30+00:00","breadcrumb":{"@id":"https://le-grenier.org/index.php/produit/2-assiettes/#breadcrumb"},"inLanguage":"fr-FR","potentialAction":[{"@type":"ReadAction","target":["https://le-grenier.org/index.php/produit/2-assiettes/"]}]},{"@type":"BreadcrumbList","@id":"https://le-grenier.org/index.php/produit/2-assiettes/#breadcrumb","itemListElement":[{"@type":"ListItem","position":1,"name":"Accueil","item":"https://le-grenier.org/"},{"@type":"ListItem","position":2,"name":"Boutique en ligne","item":"https://le-grenier.org/"},{"@type":"ListItem","position":3,"name":"2 assiettes"}]}]}</script>
<!-- / Yoast SEO plugin. -->

2 assiettes - Le Grenier - brocante et aménagement

✨ Lot de 2 assiettes vintage en céramique beige fleurie Bel ensemble de 2 assiettes : • Motif floral stylisé&hellip;

Le Grenier - brocante et aménagement
