{"id":59270,"date":"2026-01-19T11:36:13","date_gmt":"2026-01-19T10:36:13","guid":{"rendered":"https:\/\/le-grenier.org\/index.php\/produit\/etagere-de-cuisine-2\/"},"modified":"2026-01-19T11:40:45","modified_gmt":"2026-01-19T10:40:45","slug":"etagere-de-cuisine-2","status":"publish","type":"product","link":"https:\/\/le-grenier.org\/index.php\/produit\/etagere-de-cuisine-2\/","title":{"rendered":"\u00c9tag\u00e8re de cuisine"},"content":{"rendered":"<p>\ud83e\udeb5 \u00c9tag\u00e8re murale rustique en bois massif \u2013 style campagne chic<\/p>\n<p>Charmante \u00e9tag\u00e8re ancienne en bois massif, au style campagne chic, id\u00e9ale pour apporter une touche chaleureuse et authentique \u00e0 votre cuisine, entr\u00e9e ou salle de bain.<\/p>\n<p>Dot\u00e9e de 5 pat\u00e8res m\u00e9talliques, elle permet de suspendre torchons, tasses, cl\u00e9s ou ustensiles tout en offrant une tablette pour objets d\u00e9co, bocaux ou \u00e9pices.<\/p>\n<p>\ud83d\udc49 Pi\u00e8ce unique avec belle patine d\u2019origine, traces du temps qui font tout son charme.<\/p>\n<p>Dimensions :<\/p>\n<p>\u2022 Hauteur : 49 cm<\/p>\n<p>\u2022 Largeur : 104 cm<\/p>\n<p>\u2022 Profondeur : 25 cm<\/p>\n<p>\u2714\ufe0f Fixation murale facile gr\u00e2ce \u00e0 deux accroches solides \u00e0 l\u2019arri\u00e8re<\/p>\n<p>\u2714\ufe0f Bois brut, robuste et stable, sans trous<\/p>\n<p>\ud83c\udf81 Id\u00e9ale pour les amateurs de d\u00e9coration vintage, maison de campagne, int\u00e9rieur boh\u00e8me ou esprit brocante.<\/p>\n","protected":false},"excerpt":{"rendered":"<p>\ud83e\udeb5 \u00c9tag\u00e8re murale rustique en bois massif \u2013 style campagne chic Charmante \u00e9tag\u00e8re ancienne en bois massif, au style campagne&hellip;<\/p>\n","protected":false},"featured_media":59271,"template":"","meta":{"ngg_post_thumbnail":0},"product_cat":[40,22],"product_tag":[],"yoast_head":"<!-- This site is optimized with the Yoast SEO plugin v17.9 - https:\/\/yoast.com\/wordpress\/plugins\/seo\/ -->\n<title>\u00c9tag\u00e8re de cuisine - Le Grenier - brocante et am\u00e9nagement<\/title>\n<meta name=\"robots\" content=\"index, follow, max-snippet:-1, max-image-preview:large, max-video-preview:-1\" \/>\n<link rel=\"canonical\" href=\"https:\/\/le-grenier.org\/index.php\/produit\/etagere-de-cuisine-2\/\" \/>\n<meta property=\"og:locale\" content=\"fr_FR\" \/>\n<meta property=\"og:type\" content=\"article\" \/>\n<meta property=\"og:title\" content=\"\u00c9tag\u00e8re de cuisine - Le Grenier - brocante et am\u00e9nagement\" \/>\n<meta property=\"og:description\" content=\"\ud83e\udeb5 \u00c9tag\u00e8re murale rustique en bois massif \u2013 style campagne chic Charmante \u00e9tag\u00e8re ancienne en bois massif, au style campagne&hellip;\" \/>\n<meta property=\"og:url\" content=\"https:\/\/le-grenier.org\/index.php\/produit\/etagere-de-cuisine-2\/\" \/>\n<meta property=\"og:site_name\" content=\"Le Grenier - brocante et am\u00e9nagement\" \/>\n<meta property=\"article:modified_time\" content=\"2026-01-19T10:40:45+00:00\" \/>\n<meta name=\"twitter:card\" content=\"summary_large_image\" \/>\n<meta name=\"twitter:label1\" content=\"Dur\u00e9e de lecture estim\u00e9e\" \/>\n\t<meta name=\"twitter:data1\" content=\"1 minute\" \/>\n<script type=\"application\/ld+json\" class=\"yoast-schema-graph\">{\"@context\":\"https:\/\/schema.org\",\"@graph\":[{\"@type\":\"WebSite\",\"@id\":\"https:\/\/le-grenier.org\/#website\",\"url\":\"https:\/\/le-grenier.org\/\",\"name\":\"Le Grenier - brocante et am\\u00e9nagement\",\"description\":\"\",\"potentialAction\":[{\"@type\":\"SearchAction\",\"target\":{\"@type\":\"EntryPoint\",\"urlTemplate\":\"https:\/\/le-grenier.org\/?s={search_term_string}\"},\"query-input\":\"required name=search_term_string\"}],\"inLanguage\":\"fr-FR\"},{\"@type\":\"ImageObject\",\"@id\":\"https:\/\/le-grenier.org\/index.php\/produit\/etagere-de-cuisine-2\/#primaryimage\",\"inLanguage\":\"fr-FR\",\"url\":\"https:\/\/le-grenier.org\/wp-content\/uploads\/2026\/01\/img_3983.jpeg\",\"contentUrl\":\"https:\/\/le-grenier.org\/wp-content\/uploads\/2026\/01\/img_3983.jpeg\",\"width\":1170,\"height\":1059,\"caption\":\"Screenshot\"},{\"@type\":\"WebPage\",\"@id\":\"https:\/\/le-grenier.org\/index.php\/produit\/etagere-de-cuisine-2\/#webpage\",\"url\":\"https:\/\/le-grenier.org\/index.php\/produit\/etagere-de-cuisine-2\/\",\"name\":\"\\u00c9tag\\u00e8re de cuisine - Le Grenier - brocante et am\\u00e9nagement\",\"isPartOf\":{\"@id\":\"https:\/\/le-grenier.org\/#website\"},\"primaryImageOfPage\":{\"@id\":\"https:\/\/le-grenier.org\/index.php\/produit\/etagere-de-cuisine-2\/#primaryimage\"},\"datePublished\":\"2026-01-19T10:36:13+00:00\",\"dateModified\":\"2026-01-19T10:40:45+00:00\",\"breadcrumb\":{\"@id\":\"https:\/\/le-grenier.org\/index.php\/produit\/etagere-de-cuisine-2\/#breadcrumb\"},\"inLanguage\":\"fr-FR\",\"potentialAction\":[{\"@type\":\"ReadAction\",\"target\":[\"https:\/\/le-grenier.org\/index.php\/produit\/etagere-de-cuisine-2\/\"]}]},{\"@type\":\"BreadcrumbList\",\"@id\":\"https:\/\/le-grenier.org\/index.php\/produit\/etagere-de-cuisine-2\/#breadcrumb\",\"itemListElement\":[{\"@type\":\"ListItem\",\"position\":1,\"name\":\"Accueil\",\"item\":\"https:\/\/le-grenier.org\/\"},{\"@type\":\"ListItem\",\"position\":2,\"name\":\"Boutique en ligne\",\"item\":\"https:\/\/le-grenier.org\/\"},{\"@type\":\"ListItem\",\"position\":3,\"name\":\"\\u00c9tag\\u00e8re de cuisine\"}]}]}<\/script>\n<!-- \/ Yoast SEO plugin. -->","yoast_head_json":{"title":"\u00c9tag\u00e8re de cuisine - Le Grenier - brocante et am\u00e9nagement","robots":{"index":"index","follow":"follow","max-snippet":"max-snippet:-1","max-image-preview":"max-image-preview:large","max-video-preview":"max-video-preview:-1"},"canonical":"https:\/\/le-grenier.org\/index.php\/produit\/etagere-de-cuisine-2\/","og_locale":"fr_FR","og_type":"article","og_title":"\u00c9tag\u00e8re de cuisine - Le Grenier - brocante et am\u00e9nagement","og_description":"\ud83e\udeb5 \u00c9tag\u00e8re murale rustique en bois massif \u2013 style campagne chic Charmante \u00e9tag\u00e8re ancienne en bois massif, au style campagne&hellip;","og_url":"https:\/\/le-grenier.org\/index.php\/produit\/etagere-de-cuisine-2\/","og_site_name":"Le Grenier - brocante et am\u00e9nagement","article_modified_time":"2026-01-19T10:40:45+00:00","twitter_card":"summary_large_image","twitter_misc":{"Dur\u00e9e de lecture estim\u00e9e":"1 minute"},"schema":{"@context":"https:\/\/schema.org","@graph":[{"@type":"WebSite","@id":"https:\/\/le-grenier.org\/#website","url":"https:\/\/le-grenier.org\/","name":"Le Grenier - brocante et am\u00e9nagement","description":"","potentialAction":[{"@type":"SearchAction","target":{"@type":"EntryPoint","urlTemplate":"https:\/\/le-grenier.org\/?s={search_term_string}"},"query-input":"required name=search_term_string"}],"inLanguage":"fr-FR"},{"@type":"ImageObject","@id":"https:\/\/le-grenier.org\/index.php\/produit\/etagere-de-cuisine-2\/#primaryimage","inLanguage":"fr-FR","url":"https:\/\/le-grenier.org\/wp-content\/uploads\/2026\/01\/img_3983.jpeg","contentUrl":"https:\/\/le-grenier.org\/wp-content\/uploads\/2026\/01\/img_3983.jpeg","width":1170,"height":1059,"caption":"Screenshot"},{"@type":"WebPage","@id":"https:\/\/le-grenier.org\/index.php\/produit\/etagere-de-cuisine-2\/#webpage","url":"https:\/\/le-grenier.org\/index.php\/produit\/etagere-de-cuisine-2\/","name":"\u00c9tag\u00e8re de cuisine - Le Grenier - brocante et am\u00e9nagement","isPartOf":{"@id":"https:\/\/le-grenier.org\/#website"},"primaryImageOfPage":{"@id":"https:\/\/le-grenier.org\/index.php\/produit\/etagere-de-cuisine-2\/#primaryimage"},"datePublished":"2026-01-19T10:36:13+00:00","dateModified":"2026-01-19T10:40:45+00:00","breadcrumb":{"@id":"https:\/\/le-grenier.org\/index.php\/produit\/etagere-de-cuisine-2\/#breadcrumb"},"inLanguage":"fr-FR","potentialAction":[{"@type":"ReadAction","target":["https:\/\/le-grenier.org\/index.php\/produit\/etagere-de-cuisine-2\/"]}]},{"@type":"BreadcrumbList","@id":"https:\/\/le-grenier.org\/index.php\/produit\/etagere-de-cuisine-2\/#breadcrumb","itemListElement":[{"@type":"ListItem","position":1,"name":"Accueil","item":"https:\/\/le-grenier.org\/"},{"@type":"ListItem","position":2,"name":"Boutique en ligne","item":"https:\/\/le-grenier.org\/"},{"@type":"ListItem","position":3,"name":"\u00c9tag\u00e8re de cuisine"}]}]}},"_links":{"self":[{"href":"https:\/\/le-grenier.org\/index.php\/wp-json\/wp\/v2\/product\/59270"}],"collection":[{"href":"https:\/\/le-grenier.org\/index.php\/wp-json\/wp\/v2\/product"}],"about":[{"href":"https:\/\/le-grenier.org\/index.php\/wp-json\/wp\/v2\/types\/product"}],"wp:featuredmedia":[{"embeddable":true,"href":"https:\/\/le-grenier.org\/index.php\/wp-json\/wp\/v2\/media\/59271"}],"wp:attachment":[{"href":"https:\/\/le-grenier.org\/index.php\/wp-json\/wp\/v2\/media?parent=59270"}],"wp:term":[{"taxonomy":"product_cat","embeddable":true,"href":"https:\/\/le-grenier.org\/index.php\/wp-json\/wp\/v2\/product_cat?post=59270"},{"taxonomy":"product_tag","embeddable":true,"href":"https:\/\/le-grenier.org\/index.php\/wp-json\/wp\/v2\/product_tag?post=59270"}],"curies":[{"name":"wp","href":"https:\/\/api.w.org\/{rel}","templated":true}]}}

Étagère de cuisine

<p>🪵 Étagère murale rustique en bois massif – style campagne chic</p>
<p>Charmante étagère ancienne en bois massif, au style campagne chic, idéale pour apporter une touche chaleureuse et authentique à votre cuisine, entrée ou salle de bain.</p>
<p>Dotée de 5 patères métalliques, elle permet de suspendre torchons, tasses, clés ou ustensiles tout en offrant une tablette pour objets déco, bocaux ou épices.</p>
<p>👉 Pièce unique avec belle patine d’origine, traces du temps qui font tout son charme.</p>
<p>Dimensions :</p>
<p>• Hauteur : 49 cm</p>
<p>• Largeur : 104 cm</p>
<p>• Profondeur : 25 cm</p>
<p>✔️ Fixation murale facile grâce à deux accroches solides à l’arrière</p>
<p>✔️ Bois brut, robuste et stable, sans trous</p>
<p>🎁 Idéale pour les amateurs de décoration vintage, maison de campagne, intérieur bohème ou esprit brocante.</p>

<p>🪵 Étagère murale rustique en bois massif – style campagne chic Charmante étagère ancienne en bois massif, au style campagne&hellip;</p>

<!-- This site is optimized with the Yoast SEO plugin v17.9 - https://yoast.com/wordpress/plugins/seo/ -->
<title>Étagère de cuisine - Le Grenier - brocante et aménagement</title>
<meta name="robots" content="index, follow, max-snippet:-1, max-image-preview:large, max-video-preview:-1" />
<link rel="canonical" href="https://le-grenier.org/index.php/produit/etagere-de-cuisine-2/" />
<meta property="og:locale" content="fr_FR" />
<meta property="og:type" content="article" />
<meta property="og:title" content="Étagère de cuisine - Le Grenier - brocante et aménagement" />
<meta property="og:description" content="🪵 Étagère murale rustique en bois massif – style campagne chic Charmante étagère ancienne en bois massif, au style campagne&hellip;" />
<meta property="og:url" content="https://le-grenier.org/index.php/produit/etagere-de-cuisine-2/" />
<meta property="og:site_name" content="Le Grenier - brocante et aménagement" />
<meta property="article:modified_time" content="2026-01-19T10:40:45+00:00" />
<meta name="twitter:card" content="summary_large_image" />
<meta name="twitter:label1" content="Durée de lecture estimée" />
	<meta name="twitter:data1" content="1 minute" />
<script type="application/ld+json" class="yoast-schema-graph">{"@context":"https://schema.org","@graph":[{"@type":"WebSite","@id":"https://le-grenier.org/#website","url":"https://le-grenier.org/","name":"Le Grenier - brocante et am\u00e9nagement","description":"","potentialAction":[{"@type":"SearchAction","target":{"@type":"EntryPoint","urlTemplate":"https://le-grenier.org/?s={search_term_string}"},"query-input":"required name=search_term_string"}],"inLanguage":"fr-FR"},{"@type":"ImageObject","@id":"https://le-grenier.org/index.php/produit/etagere-de-cuisine-2/#primaryimage","inLanguage":"fr-FR","url":"https://le-grenier.org/wp-content/uploads/2026/01/img_3983.jpeg","contentUrl":"https://le-grenier.org/wp-content/uploads/2026/01/img_3983.jpeg","width":1170,"height":1059,"caption":"Screenshot"},{"@type":"WebPage","@id":"https://le-grenier.org/index.php/produit/etagere-de-cuisine-2/#webpage","url":"https://le-grenier.org/index.php/produit/etagere-de-cuisine-2/","name":"\u00c9tag\u00e8re de cuisine - Le Grenier - brocante et am\u00e9nagement","isPartOf":{"@id":"https://le-grenier.org/#website"},"primaryImageOfPage":{"@id":"https://le-grenier.org/index.php/produit/etagere-de-cuisine-2/#primaryimage"},"datePublished":"2026-01-19T10:36:13+00:00","dateModified":"2026-01-19T10:40:45+00:00","breadcrumb":{"@id":"https://le-grenier.org/index.php/produit/etagere-de-cuisine-2/#breadcrumb"},"inLanguage":"fr-FR","potentialAction":[{"@type":"ReadAction","target":["https://le-grenier.org/index.php/produit/etagere-de-cuisine-2/"]}]},{"@type":"BreadcrumbList","@id":"https://le-grenier.org/index.php/produit/etagere-de-cuisine-2/#breadcrumb","itemListElement":[{"@type":"ListItem","position":1,"name":"Accueil","item":"https://le-grenier.org/"},{"@type":"ListItem","position":2,"name":"Boutique en ligne","item":"https://le-grenier.org/"},{"@type":"ListItem","position":3,"name":"\u00c9tag\u00e8re de cuisine"}]}]}</script>
<!-- / Yoast SEO plugin. -->

Étagère de cuisine - Le Grenier - brocante et aménagement

🪵 Étagère murale rustique en bois massif – style campagne chic Charmante étagère ancienne en bois massif, au style campagne&hellip;

Le Grenier - brocante et aménagement
