{"id":59286,"date":"2026-01-20T10:51:59","date_gmt":"2026-01-20T09:51:59","guid":{"rendered":"https:\/\/le-grenier.org\/index.php\/produit\/pots-a-epices-3\/"},"modified":"2026-01-20T10:55:18","modified_gmt":"2026-01-20T09:55:18","slug":"pots-a-epices-3","status":"publish","type":"product","link":"https:\/\/le-grenier.org\/index.php\/produit\/pots-a-epices-3\/","title":{"rendered":"Pots \u00e0 \u00e9pices"},"content":{"rendered":"<p>\u2728 S\u00e9rie de 4 pots \u00e0 \u00e9pices Art D\u00e9co \u2013 en barbotine \u2728<\/p>\n<p>\ud83d\udccd France \u2022 vers 1920-1930<\/p>\n<p>\ud83d\udce6 Description :<\/p>\n<p>Magnifique s\u00e9rie vintage de quatre pots \u00e0 \u00e9pices en barbotine d\u2019\u00e9poque Art D\u00e9co, orn\u00e9s d\u2019un d\u00e9cor floral peint en relief dans des tons vert et rose, typique des c\u00e9ramiques fran\u00e7aises de l\u2019entre-deux-guerres.<\/p>\n<p>Chaque pot porte son inscription d\u2019usage (Caf\u00e9, P\u00e2tes, Th\u00e9, \u00c9pices), parfaite pour une d\u00e9co cuisine r\u00e9tro chic ou une collection d\u2019objets anciens.<\/p>\n<p>\ud83d\udd0e \u00c9tat :<\/p>\n<p>\u2705 Tr\u00e8s belle patine d\u2019usage<\/p>\n<p>\u26a0\ufe0f Un petit \u00e9clat \u00e0 noter sur le pot le plus grand (visuel disponible)<\/p>\n<p>\ud83d\udccf Hauteurs : env. 12 cm, 15 cm, 16 cm et 18 cm<\/p>\n<p>\ud83d\udee0 \u00c0 savoir :<\/p>\n<p>Ces pi\u00e8ces ont \u00e9t\u00e9 chin\u00e9es et sont vendues en l\u2019\u00e9tat avec leurs signes d\u2019anciennet\u00e9, ce qui ajoute \u00e0 leur charme authentique.<\/p>\n<p>\ud83c\udf81 Id\u00e9e cadeau :<\/p>\n<p>Un cadeau parfait pour les amateurs de brocante, de d\u00e9coration naturelle, ou d\u2019art de la table vintage.<\/p>\n<p>\ud83d\udce6 Exp\u00e9dition :<\/p>\n<p>Envoi rapide, soign\u00e9 et s\u00e9curis\u00e9, avec protection renforc\u00e9e des pi\u00e8ces fragiles.<\/p>\n","protected":false},"excerpt":{"rendered":"<p>\u2728 S\u00e9rie de 4 pots \u00e0 \u00e9pices Art D\u00e9co \u2013 en barbotine \u2728 \ud83d\udccd France \u2022 vers 1920-1930 \ud83d\udce6 Description&hellip;<\/p>\n","protected":false},"featured_media":59287,"template":"","meta":{"ngg_post_thumbnail":0},"product_cat":[56,46],"product_tag":[],"yoast_head":"<!-- This site is optimized with the Yoast SEO plugin v17.9 - https:\/\/yoast.com\/wordpress\/plugins\/seo\/ -->\n<title>Pots \u00e0 \u00e9pices - Le Grenier - brocante et am\u00e9nagement<\/title>\n<meta name=\"robots\" content=\"index, follow, max-snippet:-1, max-image-preview:large, max-video-preview:-1\" \/>\n<link rel=\"canonical\" href=\"https:\/\/le-grenier.org\/index.php\/produit\/pots-a-epices-3\/\" \/>\n<meta property=\"og:locale\" content=\"fr_FR\" \/>\n<meta property=\"og:type\" content=\"article\" \/>\n<meta property=\"og:title\" content=\"Pots \u00e0 \u00e9pices - Le Grenier - brocante et am\u00e9nagement\" \/>\n<meta property=\"og:description\" content=\"\u2728 S\u00e9rie de 4 pots \u00e0 \u00e9pices Art D\u00e9co \u2013 en barbotine \u2728 \ud83d\udccd France \u2022 vers 1920-1930 \ud83d\udce6 Description&hellip;\" \/>\n<meta property=\"og:url\" content=\"https:\/\/le-grenier.org\/index.php\/produit\/pots-a-epices-3\/\" \/>\n<meta property=\"og:site_name\" content=\"Le Grenier - brocante et am\u00e9nagement\" \/>\n<meta property=\"article:modified_time\" content=\"2026-01-20T09:55:18+00:00\" \/>\n<meta name=\"twitter:card\" content=\"summary_large_image\" \/>\n<meta name=\"twitter:label1\" content=\"Dur\u00e9e de lecture estim\u00e9e\" \/>\n\t<meta name=\"twitter:data1\" content=\"1 minute\" \/>\n<script type=\"application\/ld+json\" class=\"yoast-schema-graph\">{\"@context\":\"https:\/\/schema.org\",\"@graph\":[{\"@type\":\"WebSite\",\"@id\":\"https:\/\/le-grenier.org\/#website\",\"url\":\"https:\/\/le-grenier.org\/\",\"name\":\"Le Grenier - brocante et am\\u00e9nagement\",\"description\":\"\",\"potentialAction\":[{\"@type\":\"SearchAction\",\"target\":{\"@type\":\"EntryPoint\",\"urlTemplate\":\"https:\/\/le-grenier.org\/?s={search_term_string}\"},\"query-input\":\"required name=search_term_string\"}],\"inLanguage\":\"fr-FR\"},{\"@type\":\"ImageObject\",\"@id\":\"https:\/\/le-grenier.org\/index.php\/produit\/pots-a-epices-3\/#primaryimage\",\"inLanguage\":\"fr-FR\",\"url\":\"https:\/\/le-grenier.org\/wp-content\/uploads\/2026\/01\/img_3999.jpeg\",\"contentUrl\":\"https:\/\/le-grenier.org\/wp-content\/uploads\/2026\/01\/img_3999.jpeg\",\"width\":1170,\"height\":1173,\"caption\":\"Screenshot\"},{\"@type\":\"WebPage\",\"@id\":\"https:\/\/le-grenier.org\/index.php\/produit\/pots-a-epices-3\/#webpage\",\"url\":\"https:\/\/le-grenier.org\/index.php\/produit\/pots-a-epices-3\/\",\"name\":\"Pots \\u00e0 \\u00e9pices - Le Grenier - brocante et am\\u00e9nagement\",\"isPartOf\":{\"@id\":\"https:\/\/le-grenier.org\/#website\"},\"primaryImageOfPage\":{\"@id\":\"https:\/\/le-grenier.org\/index.php\/produit\/pots-a-epices-3\/#primaryimage\"},\"datePublished\":\"2026-01-20T09:51:59+00:00\",\"dateModified\":\"2026-01-20T09:55:18+00:00\",\"breadcrumb\":{\"@id\":\"https:\/\/le-grenier.org\/index.php\/produit\/pots-a-epices-3\/#breadcrumb\"},\"inLanguage\":\"fr-FR\",\"potentialAction\":[{\"@type\":\"ReadAction\",\"target\":[\"https:\/\/le-grenier.org\/index.php\/produit\/pots-a-epices-3\/\"]}]},{\"@type\":\"BreadcrumbList\",\"@id\":\"https:\/\/le-grenier.org\/index.php\/produit\/pots-a-epices-3\/#breadcrumb\",\"itemListElement\":[{\"@type\":\"ListItem\",\"position\":1,\"name\":\"Accueil\",\"item\":\"https:\/\/le-grenier.org\/\"},{\"@type\":\"ListItem\",\"position\":2,\"name\":\"Boutique en ligne\",\"item\":\"https:\/\/le-grenier.org\/\"},{\"@type\":\"ListItem\",\"position\":3,\"name\":\"Pots \\u00e0 \\u00e9pices\"}]}]}<\/script>\n<!-- \/ Yoast SEO plugin. -->","yoast_head_json":{"title":"Pots \u00e0 \u00e9pices - Le Grenier - brocante et am\u00e9nagement","robots":{"index":"index","follow":"follow","max-snippet":"max-snippet:-1","max-image-preview":"max-image-preview:large","max-video-preview":"max-video-preview:-1"},"canonical":"https:\/\/le-grenier.org\/index.php\/produit\/pots-a-epices-3\/","og_locale":"fr_FR","og_type":"article","og_title":"Pots \u00e0 \u00e9pices - Le Grenier - brocante et am\u00e9nagement","og_description":"\u2728 S\u00e9rie de 4 pots \u00e0 \u00e9pices Art D\u00e9co \u2013 en barbotine \u2728 \ud83d\udccd France \u2022 vers 1920-1930 \ud83d\udce6 Description&hellip;","og_url":"https:\/\/le-grenier.org\/index.php\/produit\/pots-a-epices-3\/","og_site_name":"Le Grenier - brocante et am\u00e9nagement","article_modified_time":"2026-01-20T09:55:18+00:00","twitter_card":"summary_large_image","twitter_misc":{"Dur\u00e9e de lecture estim\u00e9e":"1 minute"},"schema":{"@context":"https:\/\/schema.org","@graph":[{"@type":"WebSite","@id":"https:\/\/le-grenier.org\/#website","url":"https:\/\/le-grenier.org\/","name":"Le Grenier - brocante et am\u00e9nagement","description":"","potentialAction":[{"@type":"SearchAction","target":{"@type":"EntryPoint","urlTemplate":"https:\/\/le-grenier.org\/?s={search_term_string}"},"query-input":"required name=search_term_string"}],"inLanguage":"fr-FR"},{"@type":"ImageObject","@id":"https:\/\/le-grenier.org\/index.php\/produit\/pots-a-epices-3\/#primaryimage","inLanguage":"fr-FR","url":"https:\/\/le-grenier.org\/wp-content\/uploads\/2026\/01\/img_3999.jpeg","contentUrl":"https:\/\/le-grenier.org\/wp-content\/uploads\/2026\/01\/img_3999.jpeg","width":1170,"height":1173,"caption":"Screenshot"},{"@type":"WebPage","@id":"https:\/\/le-grenier.org\/index.php\/produit\/pots-a-epices-3\/#webpage","url":"https:\/\/le-grenier.org\/index.php\/produit\/pots-a-epices-3\/","name":"Pots \u00e0 \u00e9pices - Le Grenier - brocante et am\u00e9nagement","isPartOf":{"@id":"https:\/\/le-grenier.org\/#website"},"primaryImageOfPage":{"@id":"https:\/\/le-grenier.org\/index.php\/produit\/pots-a-epices-3\/#primaryimage"},"datePublished":"2026-01-20T09:51:59+00:00","dateModified":"2026-01-20T09:55:18+00:00","breadcrumb":{"@id":"https:\/\/le-grenier.org\/index.php\/produit\/pots-a-epices-3\/#breadcrumb"},"inLanguage":"fr-FR","potentialAction":[{"@type":"ReadAction","target":["https:\/\/le-grenier.org\/index.php\/produit\/pots-a-epices-3\/"]}]},{"@type":"BreadcrumbList","@id":"https:\/\/le-grenier.org\/index.php\/produit\/pots-a-epices-3\/#breadcrumb","itemListElement":[{"@type":"ListItem","position":1,"name":"Accueil","item":"https:\/\/le-grenier.org\/"},{"@type":"ListItem","position":2,"name":"Boutique en ligne","item":"https:\/\/le-grenier.org\/"},{"@type":"ListItem","position":3,"name":"Pots \u00e0 \u00e9pices"}]}]}},"_links":{"self":[{"href":"https:\/\/le-grenier.org\/index.php\/wp-json\/wp\/v2\/product\/59286"}],"collection":[{"href":"https:\/\/le-grenier.org\/index.php\/wp-json\/wp\/v2\/product"}],"about":[{"href":"https:\/\/le-grenier.org\/index.php\/wp-json\/wp\/v2\/types\/product"}],"wp:featuredmedia":[{"embeddable":true,"href":"https:\/\/le-grenier.org\/index.php\/wp-json\/wp\/v2\/media\/59287"}],"wp:attachment":[{"href":"https:\/\/le-grenier.org\/index.php\/wp-json\/wp\/v2\/media?parent=59286"}],"wp:term":[{"taxonomy":"product_cat","embeddable":true,"href":"https:\/\/le-grenier.org\/index.php\/wp-json\/wp\/v2\/product_cat?post=59286"},{"taxonomy":"product_tag","embeddable":true,"href":"https:\/\/le-grenier.org\/index.php\/wp-json\/wp\/v2\/product_tag?post=59286"}],"curies":[{"name":"wp","href":"https:\/\/api.w.org\/{rel}","templated":true}]}}

Pots à épices

<p>✨ Série de 4 pots à épices Art Déco – en barbotine ✨</p>
<p>📍 France • vers 1920-1930</p>
<p>📦 Description :</p>
<p>Magnifique série vintage de quatre pots à épices en barbotine d’époque Art Déco, ornés d’un décor floral peint en relief dans des tons vert et rose, typique des céramiques françaises de l’entre-deux-guerres.</p>
<p>Chaque pot porte son inscription d’usage (Café, Pâtes, Thé, Épices), parfaite pour une déco cuisine rétro chic ou une collection d’objets anciens.</p>
<p>🔎 État :</p>
<p>✅ Très belle patine d’usage</p>
<p>⚠️ Un petit éclat à noter sur le pot le plus grand (visuel disponible)</p>
<p>📏 Hauteurs : env. 12 cm, 15 cm, 16 cm et 18 cm</p>
<p>🛠 À savoir :</p>
<p>Ces pièces ont été chinées et sont vendues en l’état avec leurs signes d’ancienneté, ce qui ajoute à leur charme authentique.</p>
<p>🎁 Idée cadeau :</p>
<p>Un cadeau parfait pour les amateurs de brocante, de décoration naturelle, ou d’art de la table vintage.</p>
<p>📦 Expédition :</p>
<p>Envoi rapide, soigné et sécurisé, avec protection renforcée des pièces fragiles.</p>

<p>✨ Série de 4 pots à épices Art Déco – en barbotine ✨ 📍 France • vers 1920-1930 📦 Description&hellip;</p>

<!-- This site is optimized with the Yoast SEO plugin v17.9 - https://yoast.com/wordpress/plugins/seo/ -->
<title>Pots à épices - Le Grenier - brocante et aménagement</title>
<meta name="robots" content="index, follow, max-snippet:-1, max-image-preview:large, max-video-preview:-1" />
<link rel="canonical" href="https://le-grenier.org/index.php/produit/pots-a-epices-3/" />
<meta property="og:locale" content="fr_FR" />
<meta property="og:type" content="article" />
<meta property="og:title" content="Pots à épices - Le Grenier - brocante et aménagement" />
<meta property="og:description" content="✨ Série de 4 pots à épices Art Déco – en barbotine ✨ 📍 France • vers 1920-1930 📦 Description&hellip;" />
<meta property="og:url" content="https://le-grenier.org/index.php/produit/pots-a-epices-3/" />
<meta property="og:site_name" content="Le Grenier - brocante et aménagement" />
<meta property="article:modified_time" content="2026-01-20T09:55:18+00:00" />
<meta name="twitter:card" content="summary_large_image" />
<meta name="twitter:label1" content="Durée de lecture estimée" />
	<meta name="twitter:data1" content="1 minute" />
<script type="application/ld+json" class="yoast-schema-graph">{"@context":"https://schema.org","@graph":[{"@type":"WebSite","@id":"https://le-grenier.org/#website","url":"https://le-grenier.org/","name":"Le Grenier - brocante et am\u00e9nagement","description":"","potentialAction":[{"@type":"SearchAction","target":{"@type":"EntryPoint","urlTemplate":"https://le-grenier.org/?s={search_term_string}"},"query-input":"required name=search_term_string"}],"inLanguage":"fr-FR"},{"@type":"ImageObject","@id":"https://le-grenier.org/index.php/produit/pots-a-epices-3/#primaryimage","inLanguage":"fr-FR","url":"https://le-grenier.org/wp-content/uploads/2026/01/img_3999.jpeg","contentUrl":"https://le-grenier.org/wp-content/uploads/2026/01/img_3999.jpeg","width":1170,"height":1173,"caption":"Screenshot"},{"@type":"WebPage","@id":"https://le-grenier.org/index.php/produit/pots-a-epices-3/#webpage","url":"https://le-grenier.org/index.php/produit/pots-a-epices-3/","name":"Pots \u00e0 \u00e9pices - Le Grenier - brocante et am\u00e9nagement","isPartOf":{"@id":"https://le-grenier.org/#website"},"primaryImageOfPage":{"@id":"https://le-grenier.org/index.php/produit/pots-a-epices-3/#primaryimage"},"datePublished":"2026-01-20T09:51:59+00:00","dateModified":"2026-01-20T09:55:18+00:00","breadcrumb":{"@id":"https://le-grenier.org/index.php/produit/pots-a-epices-3/#breadcrumb"},"inLanguage":"fr-FR","potentialAction":[{"@type":"ReadAction","target":["https://le-grenier.org/index.php/produit/pots-a-epices-3/"]}]},{"@type":"BreadcrumbList","@id":"https://le-grenier.org/index.php/produit/pots-a-epices-3/#breadcrumb","itemListElement":[{"@type":"ListItem","position":1,"name":"Accueil","item":"https://le-grenier.org/"},{"@type":"ListItem","position":2,"name":"Boutique en ligne","item":"https://le-grenier.org/"},{"@type":"ListItem","position":3,"name":"Pots \u00e0 \u00e9pices"}]}]}</script>
<!-- / Yoast SEO plugin. -->

Pots à épices - Le Grenier - brocante et aménagement

✨ Série de 4 pots à épices Art Déco – en barbotine ✨ 📍 France • vers 1920-1930 📦 Description&hellip;

Le Grenier - brocante et aménagement
