{"id":59302,"date":"2026-01-21T15:25:33","date_gmt":"2026-01-21T14:25:33","guid":{"rendered":"https:\/\/le-grenier.org\/index.php\/produit\/paire-de-chandeliers-3\/"},"modified":"2026-01-21T15:29:00","modified_gmt":"2026-01-21T14:29:00","slug":"paire-de-chandeliers-3","status":"publish","type":"product","link":"https:\/\/le-grenier.org\/index.php\/produit\/paire-de-chandeliers-3\/","title":{"rendered":"Paire de chandeliers"},"content":{"rendered":"<p>\ud83d\udd6f\ufe0f Paire de chandeliers en verre \u2013 Fabrication italienne \u2013 Neufs<\/p>\n<p>\u00c9l\u00e9gante paire de chandeliers en verre transparent, au design classique et intemporel.<\/p>\n<p>Parfaits pour sublimer une table de f\u00eate, une chemin\u00e9e ou une d\u00e9coration r\u00e9tro chic.<\/p>\n<p>\u2714\ufe0f Fabriqu\u00e9s en Italie<\/p>\n<p>\u2714\ufe0f Neufs, dans leur bo\u00eete d\u2019origine<\/p>\n<p>\u2714\ufe0f Accueillent des bougies longues (non fournies)<\/p>\n<p>\u2714\ufe0f Style vintage \/ art de la table<\/p>\n<p>\ud83c\udf81 Une tr\u00e8s belle id\u00e9e cadeau pour les amateurs de brocante, de d\u00e9coration r\u00e9tro et d\u2019objets de charme.<\/p>\n<p>\ud83d\udce6 Envoi rapide et emballage particuli\u00e8rement soign\u00e9<\/p>\n","protected":false},"excerpt":{"rendered":"<p>\ud83d\udd6f\ufe0f Paire de chandeliers en verre \u2013 Fabrication italienne \u2013 Neufs \u00c9l\u00e9gante paire de chandeliers en verre transparent, au design&hellip;<\/p>\n","protected":false},"featured_media":59303,"template":"","meta":{"ngg_post_thumbnail":0},"product_cat":[46,25],"product_tag":[],"yoast_head":"<!-- This site is optimized with the Yoast SEO plugin v17.9 - https:\/\/yoast.com\/wordpress\/plugins\/seo\/ -->\n<title>Paire de chandeliers - Le Grenier - brocante et am\u00e9nagement<\/title>\n<meta name=\"robots\" content=\"index, follow, max-snippet:-1, max-image-preview:large, max-video-preview:-1\" \/>\n<link rel=\"canonical\" href=\"https:\/\/le-grenier.org\/index.php\/produit\/paire-de-chandeliers-3\/\" \/>\n<meta property=\"og:locale\" content=\"fr_FR\" \/>\n<meta property=\"og:type\" content=\"article\" \/>\n<meta property=\"og:title\" content=\"Paire de chandeliers - Le Grenier - brocante et am\u00e9nagement\" \/>\n<meta property=\"og:description\" content=\"\ud83d\udd6f\ufe0f Paire de chandeliers en verre \u2013 Fabrication italienne \u2013 Neufs \u00c9l\u00e9gante paire de chandeliers en verre transparent, au design&hellip;\" \/>\n<meta property=\"og:url\" content=\"https:\/\/le-grenier.org\/index.php\/produit\/paire-de-chandeliers-3\/\" \/>\n<meta property=\"og:site_name\" content=\"Le Grenier - brocante et am\u00e9nagement\" \/>\n<meta property=\"article:modified_time\" content=\"2026-01-21T14:29:00+00:00\" \/>\n<meta name=\"twitter:card\" content=\"summary_large_image\" \/>\n<script type=\"application\/ld+json\" class=\"yoast-schema-graph\">{\"@context\":\"https:\/\/schema.org\",\"@graph\":[{\"@type\":\"WebSite\",\"@id\":\"https:\/\/le-grenier.org\/#website\",\"url\":\"https:\/\/le-grenier.org\/\",\"name\":\"Le Grenier - brocante et am\\u00e9nagement\",\"description\":\"\",\"potentialAction\":[{\"@type\":\"SearchAction\",\"target\":{\"@type\":\"EntryPoint\",\"urlTemplate\":\"https:\/\/le-grenier.org\/?s={search_term_string}\"},\"query-input\":\"required name=search_term_string\"}],\"inLanguage\":\"fr-FR\"},{\"@type\":\"ImageObject\",\"@id\":\"https:\/\/le-grenier.org\/index.php\/produit\/paire-de-chandeliers-3\/#primaryimage\",\"inLanguage\":\"fr-FR\",\"url\":\"https:\/\/le-grenier.org\/wp-content\/uploads\/2026\/01\/img_4041.jpeg\",\"contentUrl\":\"https:\/\/le-grenier.org\/wp-content\/uploads\/2026\/01\/img_4041.jpeg\",\"width\":1170,\"height\":1315,\"caption\":\"Screenshot\"},{\"@type\":\"WebPage\",\"@id\":\"https:\/\/le-grenier.org\/index.php\/produit\/paire-de-chandeliers-3\/#webpage\",\"url\":\"https:\/\/le-grenier.org\/index.php\/produit\/paire-de-chandeliers-3\/\",\"name\":\"Paire de chandeliers - Le Grenier - brocante et am\\u00e9nagement\",\"isPartOf\":{\"@id\":\"https:\/\/le-grenier.org\/#website\"},\"primaryImageOfPage\":{\"@id\":\"https:\/\/le-grenier.org\/index.php\/produit\/paire-de-chandeliers-3\/#primaryimage\"},\"datePublished\":\"2026-01-21T14:25:33+00:00\",\"dateModified\":\"2026-01-21T14:29:00+00:00\",\"breadcrumb\":{\"@id\":\"https:\/\/le-grenier.org\/index.php\/produit\/paire-de-chandeliers-3\/#breadcrumb\"},\"inLanguage\":\"fr-FR\",\"potentialAction\":[{\"@type\":\"ReadAction\",\"target\":[\"https:\/\/le-grenier.org\/index.php\/produit\/paire-de-chandeliers-3\/\"]}]},{\"@type\":\"BreadcrumbList\",\"@id\":\"https:\/\/le-grenier.org\/index.php\/produit\/paire-de-chandeliers-3\/#breadcrumb\",\"itemListElement\":[{\"@type\":\"ListItem\",\"position\":1,\"name\":\"Accueil\",\"item\":\"https:\/\/le-grenier.org\/\"},{\"@type\":\"ListItem\",\"position\":2,\"name\":\"Boutique en ligne\",\"item\":\"https:\/\/le-grenier.org\/\"},{\"@type\":\"ListItem\",\"position\":3,\"name\":\"Paire de chandeliers\"}]}]}<\/script>\n<!-- \/ Yoast SEO plugin. -->","yoast_head_json":{"title":"Paire de chandeliers - Le Grenier - brocante et am\u00e9nagement","robots":{"index":"index","follow":"follow","max-snippet":"max-snippet:-1","max-image-preview":"max-image-preview:large","max-video-preview":"max-video-preview:-1"},"canonical":"https:\/\/le-grenier.org\/index.php\/produit\/paire-de-chandeliers-3\/","og_locale":"fr_FR","og_type":"article","og_title":"Paire de chandeliers - Le Grenier - brocante et am\u00e9nagement","og_description":"\ud83d\udd6f\ufe0f Paire de chandeliers en verre \u2013 Fabrication italienne \u2013 Neufs \u00c9l\u00e9gante paire de chandeliers en verre transparent, au design&hellip;","og_url":"https:\/\/le-grenier.org\/index.php\/produit\/paire-de-chandeliers-3\/","og_site_name":"Le Grenier - brocante et am\u00e9nagement","article_modified_time":"2026-01-21T14:29:00+00:00","twitter_card":"summary_large_image","schema":{"@context":"https:\/\/schema.org","@graph":[{"@type":"WebSite","@id":"https:\/\/le-grenier.org\/#website","url":"https:\/\/le-grenier.org\/","name":"Le Grenier - brocante et am\u00e9nagement","description":"","potentialAction":[{"@type":"SearchAction","target":{"@type":"EntryPoint","urlTemplate":"https:\/\/le-grenier.org\/?s={search_term_string}"},"query-input":"required name=search_term_string"}],"inLanguage":"fr-FR"},{"@type":"ImageObject","@id":"https:\/\/le-grenier.org\/index.php\/produit\/paire-de-chandeliers-3\/#primaryimage","inLanguage":"fr-FR","url":"https:\/\/le-grenier.org\/wp-content\/uploads\/2026\/01\/img_4041.jpeg","contentUrl":"https:\/\/le-grenier.org\/wp-content\/uploads\/2026\/01\/img_4041.jpeg","width":1170,"height":1315,"caption":"Screenshot"},{"@type":"WebPage","@id":"https:\/\/le-grenier.org\/index.php\/produit\/paire-de-chandeliers-3\/#webpage","url":"https:\/\/le-grenier.org\/index.php\/produit\/paire-de-chandeliers-3\/","name":"Paire de chandeliers - Le Grenier - brocante et am\u00e9nagement","isPartOf":{"@id":"https:\/\/le-grenier.org\/#website"},"primaryImageOfPage":{"@id":"https:\/\/le-grenier.org\/index.php\/produit\/paire-de-chandeliers-3\/#primaryimage"},"datePublished":"2026-01-21T14:25:33+00:00","dateModified":"2026-01-21T14:29:00+00:00","breadcrumb":{"@id":"https:\/\/le-grenier.org\/index.php\/produit\/paire-de-chandeliers-3\/#breadcrumb"},"inLanguage":"fr-FR","potentialAction":[{"@type":"ReadAction","target":["https:\/\/le-grenier.org\/index.php\/produit\/paire-de-chandeliers-3\/"]}]},{"@type":"BreadcrumbList","@id":"https:\/\/le-grenier.org\/index.php\/produit\/paire-de-chandeliers-3\/#breadcrumb","itemListElement":[{"@type":"ListItem","position":1,"name":"Accueil","item":"https:\/\/le-grenier.org\/"},{"@type":"ListItem","position":2,"name":"Boutique en ligne","item":"https:\/\/le-grenier.org\/"},{"@type":"ListItem","position":3,"name":"Paire de chandeliers"}]}]}},"_links":{"self":[{"href":"https:\/\/le-grenier.org\/index.php\/wp-json\/wp\/v2\/product\/59302"}],"collection":[{"href":"https:\/\/le-grenier.org\/index.php\/wp-json\/wp\/v2\/product"}],"about":[{"href":"https:\/\/le-grenier.org\/index.php\/wp-json\/wp\/v2\/types\/product"}],"wp:featuredmedia":[{"embeddable":true,"href":"https:\/\/le-grenier.org\/index.php\/wp-json\/wp\/v2\/media\/59303"}],"wp:attachment":[{"href":"https:\/\/le-grenier.org\/index.php\/wp-json\/wp\/v2\/media?parent=59302"}],"wp:term":[{"taxonomy":"product_cat","embeddable":true,"href":"https:\/\/le-grenier.org\/index.php\/wp-json\/wp\/v2\/product_cat?post=59302"},{"taxonomy":"product_tag","embeddable":true,"href":"https:\/\/le-grenier.org\/index.php\/wp-json\/wp\/v2\/product_tag?post=59302"}],"curies":[{"name":"wp","href":"https:\/\/api.w.org\/{rel}","templated":true}]}}

<p>🕯️ Paire de chandeliers en verre – Fabrication italienne – Neufs</p>
<p>Élégante paire de chandeliers en verre transparent, au design classique et intemporel.</p>
<p>Parfaits pour sublimer une table de fête, une cheminée ou une décoration rétro chic.</p>
<p>✔️ Fabriqués en Italie</p>
<p>✔️ Neufs, dans leur boîte d’origine</p>
<p>✔️ Accueillent des bougies longues (non fournies)</p>
<p>✔️ Style vintage / art de la table</p>
<p>🎁 Une très belle idée cadeau pour les amateurs de brocante, de décoration rétro et d’objets de charme.</p>
<p>📦 Envoi rapide et emballage particulièrement soigné</p>

<p>🕯️ Paire de chandeliers en verre – Fabrication italienne – Neufs Élégante paire de chandeliers en verre transparent, au design&hellip;</p>

<!-- This site is optimized with the Yoast SEO plugin v17.9 - https://yoast.com/wordpress/plugins/seo/ -->
<title>Paire de chandeliers - Le Grenier - brocante et aménagement</title>
<meta name="robots" content="index, follow, max-snippet:-1, max-image-preview:large, max-video-preview:-1" />
<link rel="canonical" href="https://le-grenier.org/index.php/produit/paire-de-chandeliers-3/" />
<meta property="og:locale" content="fr_FR" />
<meta property="og:type" content="article" />
<meta property="og:title" content="Paire de chandeliers - Le Grenier - brocante et aménagement" />
<meta property="og:description" content="🕯️ Paire de chandeliers en verre – Fabrication italienne – Neufs Élégante paire de chandeliers en verre transparent, au design&hellip;" />
<meta property="og:url" content="https://le-grenier.org/index.php/produit/paire-de-chandeliers-3/" />
<meta property="og:site_name" content="Le Grenier - brocante et aménagement" />
<meta property="article:modified_time" content="2026-01-21T14:29:00+00:00" />
<meta name="twitter:card" content="summary_large_image" />
<script type="application/ld+json" class="yoast-schema-graph">{"@context":"https://schema.org","@graph":[{"@type":"WebSite","@id":"https://le-grenier.org/#website","url":"https://le-grenier.org/","name":"Le Grenier - brocante et am\u00e9nagement","description":"","potentialAction":[{"@type":"SearchAction","target":{"@type":"EntryPoint","urlTemplate":"https://le-grenier.org/?s={search_term_string}"},"query-input":"required name=search_term_string"}],"inLanguage":"fr-FR"},{"@type":"ImageObject","@id":"https://le-grenier.org/index.php/produit/paire-de-chandeliers-3/#primaryimage","inLanguage":"fr-FR","url":"https://le-grenier.org/wp-content/uploads/2026/01/img_4041.jpeg","contentUrl":"https://le-grenier.org/wp-content/uploads/2026/01/img_4041.jpeg","width":1170,"height":1315,"caption":"Screenshot"},{"@type":"WebPage","@id":"https://le-grenier.org/index.php/produit/paire-de-chandeliers-3/#webpage","url":"https://le-grenier.org/index.php/produit/paire-de-chandeliers-3/","name":"Paire de chandeliers - Le Grenier - brocante et am\u00e9nagement","isPartOf":{"@id":"https://le-grenier.org/#website"},"primaryImageOfPage":{"@id":"https://le-grenier.org/index.php/produit/paire-de-chandeliers-3/#primaryimage"},"datePublished":"2026-01-21T14:25:33+00:00","dateModified":"2026-01-21T14:29:00+00:00","breadcrumb":{"@id":"https://le-grenier.org/index.php/produit/paire-de-chandeliers-3/#breadcrumb"},"inLanguage":"fr-FR","potentialAction":[{"@type":"ReadAction","target":["https://le-grenier.org/index.php/produit/paire-de-chandeliers-3/"]}]},{"@type":"BreadcrumbList","@id":"https://le-grenier.org/index.php/produit/paire-de-chandeliers-3/#breadcrumb","itemListElement":[{"@type":"ListItem","position":1,"name":"Accueil","item":"https://le-grenier.org/"},{"@type":"ListItem","position":2,"name":"Boutique en ligne","item":"https://le-grenier.org/"},{"@type":"ListItem","position":3,"name":"Paire de chandeliers"}]}]}</script>
<!-- / Yoast SEO plugin. -->

Paire de chandeliers - Le Grenier - brocante et aménagement

🕯️ Paire de chandeliers en verre – Fabrication italienne – Neufs Élégante paire de chandeliers en verre transparent, au design&hellip;

Le Grenier - brocante et aménagement
