{"id":59308,"date":"2026-01-24T15:29:20","date_gmt":"2026-01-24T14:29:20","guid":{"rendered":"https:\/\/le-grenier.org\/index.php\/produit\/miroir-art-deco-5\/"},"modified":"2026-01-24T22:54:16","modified_gmt":"2026-01-24T21:54:16","slug":"miroir-art-deco-5","status":"publish","type":"product","link":"https:\/\/le-grenier.org\/index.php\/produit\/miroir-art-deco-5\/","title":{"rendered":"Miroir Art D\u00e9co"},"content":{"rendered":"<p>Miroir biseaut\u00e9 Art D\u00e9co en bois \u2013 \u00e0 poser \u2013 vintage<\/p>\n<p>Superbe miroir ancien de style Art D\u00e9co, avec verre biseaut\u00e9 et encadrement en bois sculpt\u00e9 \u00e0 d\u00e9cor floral.<\/p>\n<p>Un objet d\u00e9coratif \u00e9l\u00e9gant, id\u00e9al pour une entr\u00e9e, une chambre ou une coiffeuse.<\/p>\n<p>\ud83e\udeb5 Bois avec belle patine d\u2019origine<\/p>\n<p>\ud83e\ude9e Miroir biseaut\u00e9 d\u2019\u00e9poque<\/p>\n<p>\ud83d\udccf Dimensions : 66 \u00d7 63 cm<\/p>\n<p>\ud83d\udccc \u00c0 poser (peut aussi \u00eatre d\u00e9tourn\u00e9 en miroir mural avec syst\u00e8me adapt\u00e9)<\/p>\n<p>\u00c9tat : bon \u00e9tat g\u00e9n\u00e9ral, l\u00e9g\u00e8res traces du temps qui font tout son charme vintage (voir photos).<\/p>\n<p>\ud83d\udce6 Envoi rapide et soign\u00e9<\/p>\n<p>\ud83c\udf81 Parfait pour les amateurs de d\u00e9co vintage, brocante et int\u00e9rieur de caract\u00e8re<\/p>\n","protected":false},"excerpt":{"rendered":"<p>Miroir biseaut\u00e9 Art D\u00e9co en bois \u2013 \u00e0 poser \u2013 vintage Superbe miroir ancien de style Art D\u00e9co, avec verre&hellip;<\/p>\n","protected":false},"featured_media":59340,"template":"","meta":{"ngg_post_thumbnail":0},"product_cat":[56,33],"product_tag":[],"yoast_head":"<!-- This site is optimized with the Yoast SEO plugin v17.9 - https:\/\/yoast.com\/wordpress\/plugins\/seo\/ -->\n<title>Miroir Art D\u00e9co - Le Grenier - brocante et am\u00e9nagement<\/title>\n<meta name=\"robots\" content=\"index, follow, max-snippet:-1, max-image-preview:large, max-video-preview:-1\" \/>\n<link rel=\"canonical\" href=\"https:\/\/le-grenier.org\/index.php\/produit\/miroir-art-deco-5\/\" \/>\n<meta property=\"og:locale\" content=\"fr_FR\" \/>\n<meta property=\"og:type\" content=\"article\" \/>\n<meta property=\"og:title\" content=\"Miroir Art D\u00e9co - Le Grenier - brocante et am\u00e9nagement\" \/>\n<meta property=\"og:description\" content=\"Miroir biseaut\u00e9 Art D\u00e9co en bois \u2013 \u00e0 poser \u2013 vintage Superbe miroir ancien de style Art D\u00e9co, avec verre&hellip;\" \/>\n<meta property=\"og:url\" content=\"https:\/\/le-grenier.org\/index.php\/produit\/miroir-art-deco-5\/\" \/>\n<meta property=\"og:site_name\" content=\"Le Grenier - brocante et am\u00e9nagement\" \/>\n<meta property=\"article:modified_time\" content=\"2026-01-24T21:54:16+00:00\" \/>\n<meta name=\"twitter:card\" content=\"summary_large_image\" \/>\n<meta name=\"twitter:label1\" content=\"Dur\u00e9e de lecture estim\u00e9e\" \/>\n\t<meta name=\"twitter:data1\" content=\"1 minute\" \/>\n<script type=\"application\/ld+json\" class=\"yoast-schema-graph\">{\"@context\":\"https:\/\/schema.org\",\"@graph\":[{\"@type\":\"WebSite\",\"@id\":\"https:\/\/le-grenier.org\/#website\",\"url\":\"https:\/\/le-grenier.org\/\",\"name\":\"Le Grenier - brocante et am\\u00e9nagement\",\"description\":\"\",\"potentialAction\":[{\"@type\":\"SearchAction\",\"target\":{\"@type\":\"EntryPoint\",\"urlTemplate\":\"https:\/\/le-grenier.org\/?s={search_term_string}\"},\"query-input\":\"required name=search_term_string\"}],\"inLanguage\":\"fr-FR\"},{\"@type\":\"ImageObject\",\"@id\":\"https:\/\/le-grenier.org\/index.php\/produit\/miroir-art-deco-5\/#primaryimage\",\"inLanguage\":\"fr-FR\",\"url\":\"https:\/\/le-grenier.org\/wp-content\/uploads\/2026\/01\/img_4074.jpeg\",\"contentUrl\":\"https:\/\/le-grenier.org\/wp-content\/uploads\/2026\/01\/img_4074.jpeg\",\"width\":1170,\"height\":1283,\"caption\":\"Screenshot\"},{\"@type\":\"WebPage\",\"@id\":\"https:\/\/le-grenier.org\/index.php\/produit\/miroir-art-deco-5\/#webpage\",\"url\":\"https:\/\/le-grenier.org\/index.php\/produit\/miroir-art-deco-5\/\",\"name\":\"Miroir Art D\\u00e9co - Le Grenier - brocante et am\\u00e9nagement\",\"isPartOf\":{\"@id\":\"https:\/\/le-grenier.org\/#website\"},\"primaryImageOfPage\":{\"@id\":\"https:\/\/le-grenier.org\/index.php\/produit\/miroir-art-deco-5\/#primaryimage\"},\"datePublished\":\"2026-01-24T14:29:20+00:00\",\"dateModified\":\"2026-01-24T21:54:16+00:00\",\"breadcrumb\":{\"@id\":\"https:\/\/le-grenier.org\/index.php\/produit\/miroir-art-deco-5\/#breadcrumb\"},\"inLanguage\":\"fr-FR\",\"potentialAction\":[{\"@type\":\"ReadAction\",\"target\":[\"https:\/\/le-grenier.org\/index.php\/produit\/miroir-art-deco-5\/\"]}]},{\"@type\":\"BreadcrumbList\",\"@id\":\"https:\/\/le-grenier.org\/index.php\/produit\/miroir-art-deco-5\/#breadcrumb\",\"itemListElement\":[{\"@type\":\"ListItem\",\"position\":1,\"name\":\"Accueil\",\"item\":\"https:\/\/le-grenier.org\/\"},{\"@type\":\"ListItem\",\"position\":2,\"name\":\"Boutique en ligne\",\"item\":\"https:\/\/le-grenier.org\/\"},{\"@type\":\"ListItem\",\"position\":3,\"name\":\"Miroir Art D\\u00e9co\"}]}]}<\/script>\n<!-- \/ Yoast SEO plugin. -->","yoast_head_json":{"title":"Miroir Art D\u00e9co - Le Grenier - brocante et am\u00e9nagement","robots":{"index":"index","follow":"follow","max-snippet":"max-snippet:-1","max-image-preview":"max-image-preview:large","max-video-preview":"max-video-preview:-1"},"canonical":"https:\/\/le-grenier.org\/index.php\/produit\/miroir-art-deco-5\/","og_locale":"fr_FR","og_type":"article","og_title":"Miroir Art D\u00e9co - Le Grenier - brocante et am\u00e9nagement","og_description":"Miroir biseaut\u00e9 Art D\u00e9co en bois \u2013 \u00e0 poser \u2013 vintage Superbe miroir ancien de style Art D\u00e9co, avec verre&hellip;","og_url":"https:\/\/le-grenier.org\/index.php\/produit\/miroir-art-deco-5\/","og_site_name":"Le Grenier - brocante et am\u00e9nagement","article_modified_time":"2026-01-24T21:54:16+00:00","twitter_card":"summary_large_image","twitter_misc":{"Dur\u00e9e de lecture estim\u00e9e":"1 minute"},"schema":{"@context":"https:\/\/schema.org","@graph":[{"@type":"WebSite","@id":"https:\/\/le-grenier.org\/#website","url":"https:\/\/le-grenier.org\/","name":"Le Grenier - brocante et am\u00e9nagement","description":"","potentialAction":[{"@type":"SearchAction","target":{"@type":"EntryPoint","urlTemplate":"https:\/\/le-grenier.org\/?s={search_term_string}"},"query-input":"required name=search_term_string"}],"inLanguage":"fr-FR"},{"@type":"ImageObject","@id":"https:\/\/le-grenier.org\/index.php\/produit\/miroir-art-deco-5\/#primaryimage","inLanguage":"fr-FR","url":"https:\/\/le-grenier.org\/wp-content\/uploads\/2026\/01\/img_4074.jpeg","contentUrl":"https:\/\/le-grenier.org\/wp-content\/uploads\/2026\/01\/img_4074.jpeg","width":1170,"height":1283,"caption":"Screenshot"},{"@type":"WebPage","@id":"https:\/\/le-grenier.org\/index.php\/produit\/miroir-art-deco-5\/#webpage","url":"https:\/\/le-grenier.org\/index.php\/produit\/miroir-art-deco-5\/","name":"Miroir Art D\u00e9co - Le Grenier - brocante et am\u00e9nagement","isPartOf":{"@id":"https:\/\/le-grenier.org\/#website"},"primaryImageOfPage":{"@id":"https:\/\/le-grenier.org\/index.php\/produit\/miroir-art-deco-5\/#primaryimage"},"datePublished":"2026-01-24T14:29:20+00:00","dateModified":"2026-01-24T21:54:16+00:00","breadcrumb":{"@id":"https:\/\/le-grenier.org\/index.php\/produit\/miroir-art-deco-5\/#breadcrumb"},"inLanguage":"fr-FR","potentialAction":[{"@type":"ReadAction","target":["https:\/\/le-grenier.org\/index.php\/produit\/miroir-art-deco-5\/"]}]},{"@type":"BreadcrumbList","@id":"https:\/\/le-grenier.org\/index.php\/produit\/miroir-art-deco-5\/#breadcrumb","itemListElement":[{"@type":"ListItem","position":1,"name":"Accueil","item":"https:\/\/le-grenier.org\/"},{"@type":"ListItem","position":2,"name":"Boutique en ligne","item":"https:\/\/le-grenier.org\/"},{"@type":"ListItem","position":3,"name":"Miroir Art D\u00e9co"}]}]}},"_links":{"self":[{"href":"https:\/\/le-grenier.org\/index.php\/wp-json\/wp\/v2\/product\/59308"}],"collection":[{"href":"https:\/\/le-grenier.org\/index.php\/wp-json\/wp\/v2\/product"}],"about":[{"href":"https:\/\/le-grenier.org\/index.php\/wp-json\/wp\/v2\/types\/product"}],"wp:featuredmedia":[{"embeddable":true,"href":"https:\/\/le-grenier.org\/index.php\/wp-json\/wp\/v2\/media\/59340"}],"wp:attachment":[{"href":"https:\/\/le-grenier.org\/index.php\/wp-json\/wp\/v2\/media?parent=59308"}],"wp:term":[{"taxonomy":"product_cat","embeddable":true,"href":"https:\/\/le-grenier.org\/index.php\/wp-json\/wp\/v2\/product_cat?post=59308"},{"taxonomy":"product_tag","embeddable":true,"href":"https:\/\/le-grenier.org\/index.php\/wp-json\/wp\/v2\/product_tag?post=59308"}],"curies":[{"name":"wp","href":"https:\/\/api.w.org\/{rel}","templated":true}]}}

Miroir Art Déco

<p>Miroir biseauté Art Déco en bois – à poser – vintage</p>
<p>Superbe miroir ancien de style Art Déco, avec verre biseauté et encadrement en bois sculpté à décor floral.</p>
<p>Un objet décoratif élégant, idéal pour une entrée, une chambre ou une coiffeuse.</p>
<p>🪵 Bois avec belle patine d’origine</p>
<p>🪞 Miroir biseauté d’époque</p>
<p>📏 Dimensions : 66 × 63 cm</p>
<p>📌 À poser (peut aussi être détourné en miroir mural avec système adapté)</p>
<p>État : bon état général, légères traces du temps qui font tout son charme vintage (voir photos).</p>
<p>📦 Envoi rapide et soigné</p>
<p>🎁 Parfait pour les amateurs de déco vintage, brocante et intérieur de caractère</p>

<p>Miroir biseauté Art Déco en bois – à poser – vintage Superbe miroir ancien de style Art Déco, avec verre&hellip;</p>

<!-- This site is optimized with the Yoast SEO plugin v17.9 - https://yoast.com/wordpress/plugins/seo/ -->
<title>Miroir Art Déco - Le Grenier - brocante et aménagement</title>
<meta name="robots" content="index, follow, max-snippet:-1, max-image-preview:large, max-video-preview:-1" />
<link rel="canonical" href="https://le-grenier.org/index.php/produit/miroir-art-deco-5/" />
<meta property="og:locale" content="fr_FR" />
<meta property="og:type" content="article" />
<meta property="og:title" content="Miroir Art Déco - Le Grenier - brocante et aménagement" />
<meta property="og:description" content="Miroir biseauté Art Déco en bois – à poser – vintage Superbe miroir ancien de style Art Déco, avec verre&hellip;" />
<meta property="og:url" content="https://le-grenier.org/index.php/produit/miroir-art-deco-5/" />
<meta property="og:site_name" content="Le Grenier - brocante et aménagement" />
<meta property="article:modified_time" content="2026-01-24T21:54:16+00:00" />
<meta name="twitter:card" content="summary_large_image" />
<meta name="twitter:label1" content="Durée de lecture estimée" />
	<meta name="twitter:data1" content="1 minute" />
<script type="application/ld+json" class="yoast-schema-graph">{"@context":"https://schema.org","@graph":[{"@type":"WebSite","@id":"https://le-grenier.org/#website","url":"https://le-grenier.org/","name":"Le Grenier - brocante et am\u00e9nagement","description":"","potentialAction":[{"@type":"SearchAction","target":{"@type":"EntryPoint","urlTemplate":"https://le-grenier.org/?s={search_term_string}"},"query-input":"required name=search_term_string"}],"inLanguage":"fr-FR"},{"@type":"ImageObject","@id":"https://le-grenier.org/index.php/produit/miroir-art-deco-5/#primaryimage","inLanguage":"fr-FR","url":"https://le-grenier.org/wp-content/uploads/2026/01/img_4074.jpeg","contentUrl":"https://le-grenier.org/wp-content/uploads/2026/01/img_4074.jpeg","width":1170,"height":1283,"caption":"Screenshot"},{"@type":"WebPage","@id":"https://le-grenier.org/index.php/produit/miroir-art-deco-5/#webpage","url":"https://le-grenier.org/index.php/produit/miroir-art-deco-5/","name":"Miroir Art D\u00e9co - Le Grenier - brocante et am\u00e9nagement","isPartOf":{"@id":"https://le-grenier.org/#website"},"primaryImageOfPage":{"@id":"https://le-grenier.org/index.php/produit/miroir-art-deco-5/#primaryimage"},"datePublished":"2026-01-24T14:29:20+00:00","dateModified":"2026-01-24T21:54:16+00:00","breadcrumb":{"@id":"https://le-grenier.org/index.php/produit/miroir-art-deco-5/#breadcrumb"},"inLanguage":"fr-FR","potentialAction":[{"@type":"ReadAction","target":["https://le-grenier.org/index.php/produit/miroir-art-deco-5/"]}]},{"@type":"BreadcrumbList","@id":"https://le-grenier.org/index.php/produit/miroir-art-deco-5/#breadcrumb","itemListElement":[{"@type":"ListItem","position":1,"name":"Accueil","item":"https://le-grenier.org/"},{"@type":"ListItem","position":2,"name":"Boutique en ligne","item":"https://le-grenier.org/"},{"@type":"ListItem","position":3,"name":"Miroir Art D\u00e9co"}]}]}</script>
<!-- / Yoast SEO plugin. -->

Miroir Art Déco - Le Grenier - brocante et aménagement

Miroir biseauté Art Déco en bois – à poser – vintage Superbe miroir ancien de style Art Déco, avec verre&hellip;

Le Grenier - brocante et aménagement
