{"id":59346,"date":"2026-01-25T14:59:29","date_gmt":"2026-01-25T13:59:29","guid":{"rendered":"https:\/\/le-grenier.org\/index.php\/produit\/table-basse-scandinave\/"},"modified":"2026-01-25T15:02:36","modified_gmt":"2026-01-25T14:02:36","slug":"table-basse-scandinave","status":"publish","type":"product","link":"https:\/\/le-grenier.org\/index.php\/produit\/table-basse-scandinave\/","title":{"rendered":"Table basse scandinave"},"content":{"rendered":"<p>\ud83e\udeb5 Table d\u2019appoint vintage pieds compas \u2013 bois &amp; placage \u2013 ann\u00e9es 60<\/p>\n<p>Description :<\/p>\n<p>Charmante table d\u2019appoint vintage en bois et placage, reposant sur de jolis pieds biseaut\u00e9s forme compas, typiques des ann\u00e9es 50\/60.<\/p>\n<p>Format pratique, id\u00e9ale en bout de canap\u00e9, table de chevet ou support de plante.<\/p>\n<p>\ud83d\udccf Dimensions :<\/p>\n<p>\u2022 Longueur : 60 cm<\/p>\n<p>\u2022 Largeur : 40 cm<\/p>\n<p>\u2022 Hauteur : 52 cm<\/p>\n<p>\ud83e\udeb5 Mat\u00e9riaux : bois et placage<\/p>\n<p>\ud83d\udd70\ufe0f Style : vintage \/ mid-century<\/p>\n<p>\ud83d\udd0e \u00c9tat : tr\u00e8s bon \u00e9tat g\u00e9n\u00e9ral.<\/p>\n<p>\u00c0 noter : un \u00e9clat sur le chant du plateau (voir photo), sans incidence sur la solidit\u00e9, uniquement esth\u00e9tique.<\/p>\n<p>\ud83d\udce6 Envoi rapide et soign\u00e9 possible<\/p>\n<p>\ud83c\udf81 Parfait pour une d\u00e9coration vintage, scandinave ou brocante chic<\/p>\n<p>(en cas d&rsquo;envoi par colis, les pieds seront d\u00e9mont\u00e9s )<\/p>\n","protected":false},"excerpt":{"rendered":"<p>\ud83e\udeb5 Table d\u2019appoint vintage pieds compas \u2013 bois &amp; placage \u2013 ann\u00e9es 60 Description : Charmante table d\u2019appoint vintage en&hellip;<\/p>\n","protected":false},"featured_media":59347,"template":"","meta":{"ngg_post_thumbnail":0},"product_cat":[28,29],"product_tag":[],"yoast_head":"<!-- This site is optimized with the Yoast SEO plugin v17.9 - https:\/\/yoast.com\/wordpress\/plugins\/seo\/ -->\n<title>Table basse scandinave - Le Grenier - brocante et am\u00e9nagement<\/title>\n<meta name=\"robots\" content=\"index, follow, max-snippet:-1, max-image-preview:large, max-video-preview:-1\" \/>\n<link rel=\"canonical\" href=\"https:\/\/le-grenier.org\/index.php\/produit\/table-basse-scandinave\/\" \/>\n<meta property=\"og:locale\" content=\"fr_FR\" \/>\n<meta property=\"og:type\" content=\"article\" \/>\n<meta property=\"og:title\" content=\"Table basse scandinave - Le Grenier - brocante et am\u00e9nagement\" \/>\n<meta property=\"og:description\" content=\"\ud83e\udeb5 Table d\u2019appoint vintage pieds compas \u2013 bois &amp; placage \u2013 ann\u00e9es 60 Description : Charmante table d\u2019appoint vintage en&hellip;\" \/>\n<meta property=\"og:url\" content=\"https:\/\/le-grenier.org\/index.php\/produit\/table-basse-scandinave\/\" \/>\n<meta property=\"og:site_name\" content=\"Le Grenier - brocante et am\u00e9nagement\" \/>\n<meta property=\"article:modified_time\" content=\"2026-01-25T14:02:36+00:00\" \/>\n<meta property=\"og:image\" content=\"https:\/\/le-grenier.org\/wp-content\/uploads\/2026\/01\/img_4081-scaled.jpeg\" \/>\n\t<meta property=\"og:image:width\" content=\"1920\" \/>\n\t<meta property=\"og:image:height\" content=\"2560\" \/>\n\t<meta property=\"og:image:type\" content=\"image\/jpeg\" \/>\n<meta name=\"twitter:card\" content=\"summary_large_image\" \/>\n<meta name=\"twitter:label1\" content=\"Dur\u00e9e de lecture estim\u00e9e\" \/>\n\t<meta name=\"twitter:data1\" content=\"1 minute\" \/>\n<script type=\"application\/ld+json\" class=\"yoast-schema-graph\">{\"@context\":\"https:\/\/schema.org\",\"@graph\":[{\"@type\":\"WebSite\",\"@id\":\"https:\/\/le-grenier.org\/#website\",\"url\":\"https:\/\/le-grenier.org\/\",\"name\":\"Le Grenier - brocante et am\\u00e9nagement\",\"description\":\"\",\"potentialAction\":[{\"@type\":\"SearchAction\",\"target\":{\"@type\":\"EntryPoint\",\"urlTemplate\":\"https:\/\/le-grenier.org\/?s={search_term_string}\"},\"query-input\":\"required name=search_term_string\"}],\"inLanguage\":\"fr-FR\"},{\"@type\":\"ImageObject\",\"@id\":\"https:\/\/le-grenier.org\/index.php\/produit\/table-basse-scandinave\/#primaryimage\",\"inLanguage\":\"fr-FR\",\"url\":\"https:\/\/le-grenier.org\/wp-content\/uploads\/2026\/01\/img_4086.jpeg\",\"contentUrl\":\"https:\/\/le-grenier.org\/wp-content\/uploads\/2026\/01\/img_4086.jpeg\",\"width\":1170,\"height\":1556,\"caption\":\"Screenshot\"},{\"@type\":\"WebPage\",\"@id\":\"https:\/\/le-grenier.org\/index.php\/produit\/table-basse-scandinave\/#webpage\",\"url\":\"https:\/\/le-grenier.org\/index.php\/produit\/table-basse-scandinave\/\",\"name\":\"Table basse scandinave - Le Grenier - brocante et am\\u00e9nagement\",\"isPartOf\":{\"@id\":\"https:\/\/le-grenier.org\/#website\"},\"primaryImageOfPage\":{\"@id\":\"https:\/\/le-grenier.org\/index.php\/produit\/table-basse-scandinave\/#primaryimage\"},\"datePublished\":\"2026-01-25T13:59:29+00:00\",\"dateModified\":\"2026-01-25T14:02:36+00:00\",\"breadcrumb\":{\"@id\":\"https:\/\/le-grenier.org\/index.php\/produit\/table-basse-scandinave\/#breadcrumb\"},\"inLanguage\":\"fr-FR\",\"potentialAction\":[{\"@type\":\"ReadAction\",\"target\":[\"https:\/\/le-grenier.org\/index.php\/produit\/table-basse-scandinave\/\"]}]},{\"@type\":\"BreadcrumbList\",\"@id\":\"https:\/\/le-grenier.org\/index.php\/produit\/table-basse-scandinave\/#breadcrumb\",\"itemListElement\":[{\"@type\":\"ListItem\",\"position\":1,\"name\":\"Accueil\",\"item\":\"https:\/\/le-grenier.org\/\"},{\"@type\":\"ListItem\",\"position\":2,\"name\":\"Boutique en ligne\",\"item\":\"https:\/\/le-grenier.org\/\"},{\"@type\":\"ListItem\",\"position\":3,\"name\":\"Table basse scandinave\"}]}]}<\/script>\n<!-- \/ Yoast SEO plugin. -->","yoast_head_json":{"title":"Table basse scandinave - Le Grenier - brocante et am\u00e9nagement","robots":{"index":"index","follow":"follow","max-snippet":"max-snippet:-1","max-image-preview":"max-image-preview:large","max-video-preview":"max-video-preview:-1"},"canonical":"https:\/\/le-grenier.org\/index.php\/produit\/table-basse-scandinave\/","og_locale":"fr_FR","og_type":"article","og_title":"Table basse scandinave - Le Grenier - brocante et am\u00e9nagement","og_description":"\ud83e\udeb5 Table d\u2019appoint vintage pieds compas \u2013 bois &amp; placage \u2013 ann\u00e9es 60 Description : Charmante table d\u2019appoint vintage en&hellip;","og_url":"https:\/\/le-grenier.org\/index.php\/produit\/table-basse-scandinave\/","og_site_name":"Le Grenier - brocante et am\u00e9nagement","article_modified_time":"2026-01-25T14:02:36+00:00","og_image":[{"width":1920,"height":2560,"url":"https:\/\/le-grenier.org\/wp-content\/uploads\/2026\/01\/img_4081-scaled.jpeg","type":"image\/jpeg"}],"twitter_card":"summary_large_image","twitter_misc":{"Dur\u00e9e de lecture estim\u00e9e":"1 minute"},"schema":{"@context":"https:\/\/schema.org","@graph":[{"@type":"WebSite","@id":"https:\/\/le-grenier.org\/#website","url":"https:\/\/le-grenier.org\/","name":"Le Grenier - brocante et am\u00e9nagement","description":"","potentialAction":[{"@type":"SearchAction","target":{"@type":"EntryPoint","urlTemplate":"https:\/\/le-grenier.org\/?s={search_term_string}"},"query-input":"required name=search_term_string"}],"inLanguage":"fr-FR"},{"@type":"ImageObject","@id":"https:\/\/le-grenier.org\/index.php\/produit\/table-basse-scandinave\/#primaryimage","inLanguage":"fr-FR","url":"https:\/\/le-grenier.org\/wp-content\/uploads\/2026\/01\/img_4086.jpeg","contentUrl":"https:\/\/le-grenier.org\/wp-content\/uploads\/2026\/01\/img_4086.jpeg","width":1170,"height":1556,"caption":"Screenshot"},{"@type":"WebPage","@id":"https:\/\/le-grenier.org\/index.php\/produit\/table-basse-scandinave\/#webpage","url":"https:\/\/le-grenier.org\/index.php\/produit\/table-basse-scandinave\/","name":"Table basse scandinave - Le Grenier - brocante et am\u00e9nagement","isPartOf":{"@id":"https:\/\/le-grenier.org\/#website"},"primaryImageOfPage":{"@id":"https:\/\/le-grenier.org\/index.php\/produit\/table-basse-scandinave\/#primaryimage"},"datePublished":"2026-01-25T13:59:29+00:00","dateModified":"2026-01-25T14:02:36+00:00","breadcrumb":{"@id":"https:\/\/le-grenier.org\/index.php\/produit\/table-basse-scandinave\/#breadcrumb"},"inLanguage":"fr-FR","potentialAction":[{"@type":"ReadAction","target":["https:\/\/le-grenier.org\/index.php\/produit\/table-basse-scandinave\/"]}]},{"@type":"BreadcrumbList","@id":"https:\/\/le-grenier.org\/index.php\/produit\/table-basse-scandinave\/#breadcrumb","itemListElement":[{"@type":"ListItem","position":1,"name":"Accueil","item":"https:\/\/le-grenier.org\/"},{"@type":"ListItem","position":2,"name":"Boutique en ligne","item":"https:\/\/le-grenier.org\/"},{"@type":"ListItem","position":3,"name":"Table basse scandinave"}]}]}},"_links":{"self":[{"href":"https:\/\/le-grenier.org\/index.php\/wp-json\/wp\/v2\/product\/59346"}],"collection":[{"href":"https:\/\/le-grenier.org\/index.php\/wp-json\/wp\/v2\/product"}],"about":[{"href":"https:\/\/le-grenier.org\/index.php\/wp-json\/wp\/v2\/types\/product"}],"wp:featuredmedia":[{"embeddable":true,"href":"https:\/\/le-grenier.org\/index.php\/wp-json\/wp\/v2\/media\/59347"}],"wp:attachment":[{"href":"https:\/\/le-grenier.org\/index.php\/wp-json\/wp\/v2\/media?parent=59346"}],"wp:term":[{"taxonomy":"product_cat","embeddable":true,"href":"https:\/\/le-grenier.org\/index.php\/wp-json\/wp\/v2\/product_cat?post=59346"},{"taxonomy":"product_tag","embeddable":true,"href":"https:\/\/le-grenier.org\/index.php\/wp-json\/wp\/v2\/product_tag?post=59346"}],"curies":[{"name":"wp","href":"https:\/\/api.w.org\/{rel}","templated":true}]}}

<p>🪵 Table d’appoint vintage pieds compas – bois &amp; placage – années 60</p>
<p>Description :</p>
<p>Charmante table d’appoint vintage en bois et placage, reposant sur de jolis pieds biseautés forme compas, typiques des années 50/60.</p>
<p>Format pratique, idéale en bout de canapé, table de chevet ou support de plante.</p>
<p>📏 Dimensions :</p>
<p>• Longueur : 60 cm</p>
<p>• Largeur : 40 cm</p>
<p>• Hauteur : 52 cm</p>
<p>🪵 Matériaux : bois et placage</p>
<p>🕰️ Style : vintage / mid-century</p>
<p>🔎 État : très bon état général.</p>
<p>À noter : un éclat sur le chant du plateau (voir photo), sans incidence sur la solidité, uniquement esthétique.</p>
<p>📦 Envoi rapide et soigné possible</p>
<p>🎁 Parfait pour une décoration vintage, scandinave ou brocante chic</p>
<p>(en cas d&rsquo;envoi par colis, les pieds seront démontés )</p>

<p>🪵 Table d’appoint vintage pieds compas – bois &amp; placage – années 60 Description : Charmante table d’appoint vintage en&hellip;</p>

<!-- This site is optimized with the Yoast SEO plugin v17.9 - https://yoast.com/wordpress/plugins/seo/ -->
<title>Table basse scandinave - Le Grenier - brocante et aménagement</title>
<meta name="robots" content="index, follow, max-snippet:-1, max-image-preview:large, max-video-preview:-1" />
<link rel="canonical" href="https://le-grenier.org/index.php/produit/table-basse-scandinave/" />
<meta property="og:locale" content="fr_FR" />
<meta property="og:type" content="article" />
<meta property="og:title" content="Table basse scandinave - Le Grenier - brocante et aménagement" />
<meta property="og:description" content="🪵 Table d’appoint vintage pieds compas – bois &amp; placage – années 60 Description : Charmante table d’appoint vintage en&hellip;" />
<meta property="og:url" content="https://le-grenier.org/index.php/produit/table-basse-scandinave/" />
<meta property="og:site_name" content="Le Grenier - brocante et aménagement" />
<meta property="article:modified_time" content="2026-01-25T14:02:36+00:00" />
<meta property="og:image" content="https://le-grenier.org/wp-content/uploads/2026/01/img_4081-scaled.jpeg" />
	<meta property="og:image:width" content="1920" />
	<meta property="og:image:height" content="2560" />
	<meta property="og:image:type" content="image/jpeg" />
<meta name="twitter:card" content="summary_large_image" />
<meta name="twitter:label1" content="Durée de lecture estimée" />
	<meta name="twitter:data1" content="1 minute" />
<script type="application/ld+json" class="yoast-schema-graph">{"@context":"https://schema.org","@graph":[{"@type":"WebSite","@id":"https://le-grenier.org/#website","url":"https://le-grenier.org/","name":"Le Grenier - brocante et am\u00e9nagement","description":"","potentialAction":[{"@type":"SearchAction","target":{"@type":"EntryPoint","urlTemplate":"https://le-grenier.org/?s={search_term_string}"},"query-input":"required name=search_term_string"}],"inLanguage":"fr-FR"},{"@type":"ImageObject","@id":"https://le-grenier.org/index.php/produit/table-basse-scandinave/#primaryimage","inLanguage":"fr-FR","url":"https://le-grenier.org/wp-content/uploads/2026/01/img_4086.jpeg","contentUrl":"https://le-grenier.org/wp-content/uploads/2026/01/img_4086.jpeg","width":1170,"height":1556,"caption":"Screenshot"},{"@type":"WebPage","@id":"https://le-grenier.org/index.php/produit/table-basse-scandinave/#webpage","url":"https://le-grenier.org/index.php/produit/table-basse-scandinave/","name":"Table basse scandinave - Le Grenier - brocante et am\u00e9nagement","isPartOf":{"@id":"https://le-grenier.org/#website"},"primaryImageOfPage":{"@id":"https://le-grenier.org/index.php/produit/table-basse-scandinave/#primaryimage"},"datePublished":"2026-01-25T13:59:29+00:00","dateModified":"2026-01-25T14:02:36+00:00","breadcrumb":{"@id":"https://le-grenier.org/index.php/produit/table-basse-scandinave/#breadcrumb"},"inLanguage":"fr-FR","potentialAction":[{"@type":"ReadAction","target":["https://le-grenier.org/index.php/produit/table-basse-scandinave/"]}]},{"@type":"BreadcrumbList","@id":"https://le-grenier.org/index.php/produit/table-basse-scandinave/#breadcrumb","itemListElement":[{"@type":"ListItem","position":1,"name":"Accueil","item":"https://le-grenier.org/"},{"@type":"ListItem","position":2,"name":"Boutique en ligne","item":"https://le-grenier.org/"},{"@type":"ListItem","position":3,"name":"Table basse scandinave"}]}]}</script>
<!-- / Yoast SEO plugin. -->

Table basse scandinave - Le Grenier - brocante et aménagement

🪵 Table d’appoint vintage pieds compas – bois &amp; placage – années 60 Description : Charmante table d’appoint vintage en&hellip;

Le Grenier - brocante et aménagement
