{"id":59382,"date":"2026-02-03T17:45:25","date_gmt":"2026-02-03T16:45:25","guid":{"rendered":"https:\/\/le-grenier.org\/index.php\/produit\/produit-11\/"},"modified":"2026-02-03T17:50:12","modified_gmt":"2026-02-03T16:50:12","slug":"produit-11","status":"publish","type":"product","link":"https:\/\/le-grenier.org\/index.php\/produit\/produit-11\/","title":{"rendered":"4 assiettes poisson"},"content":{"rendered":"<p>\ud83d\udc1f Lot de 4 assiettes poisson \u2013 C\u00e9ramique bleu profond<\/p>\n<p>Apportez une touche marine et vintage \u00e0 votre table avec ce superbe ensemble de quatre assiettes en forme de poisson.<\/p>\n<p>\u2728 Caract\u00e9ristiques :<\/p>\n<p>Couleur : Bleu profond brillant<\/p>\n<p>Mati\u00e8re : C\u00e9ramique<\/p>\n<p>Dimensions : env. 40 \u00d7 22 cm<\/p>\n<p>\u00c9tat : Excellent \u00e9tat, aucune fissure ni \u00e9clat<\/p>\n<p>Style : Vintage \/ d\u00e9co bord de mer \/ brocante chic<\/p>\n<p>Id\u00e9ales pour le service, la d\u00e9coration murale ou une ambiance m\u00e9diterran\u00e9enne.<\/p>\n","protected":false},"excerpt":{"rendered":"<p>\ud83d\udc1f Lot de 4 assiettes poisson \u2013 C\u00e9ramique bleu profond Apportez une touche marine et vintage \u00e0 votre table avec&hellip;<\/p>\n","protected":false},"featured_media":59383,"template":"","meta":{"ngg_post_thumbnail":0},"product_cat":[61,53,46],"product_tag":[],"yoast_head":"<!-- This site is optimized with the Yoast SEO plugin v17.9 - https:\/\/yoast.com\/wordpress\/plugins\/seo\/ -->\n<title>4 assiettes poisson - Le Grenier - brocante et am\u00e9nagement<\/title>\n<meta name=\"robots\" content=\"index, follow, max-snippet:-1, max-image-preview:large, max-video-preview:-1\" \/>\n<link rel=\"canonical\" href=\"https:\/\/le-grenier.org\/index.php\/produit\/produit-11\/\" \/>\n<meta property=\"og:locale\" content=\"fr_FR\" \/>\n<meta property=\"og:type\" content=\"article\" \/>\n<meta property=\"og:title\" content=\"4 assiettes poisson - Le Grenier - brocante et am\u00e9nagement\" \/>\n<meta property=\"og:description\" content=\"\ud83d\udc1f Lot de 4 assiettes poisson \u2013 C\u00e9ramique bleu profond Apportez une touche marine et vintage \u00e0 votre table avec&hellip;\" \/>\n<meta property=\"og:url\" content=\"https:\/\/le-grenier.org\/index.php\/produit\/produit-11\/\" \/>\n<meta property=\"og:site_name\" content=\"Le Grenier - brocante et am\u00e9nagement\" \/>\n<meta property=\"article:modified_time\" content=\"2026-02-03T16:50:12+00:00\" \/>\n<meta property=\"og:image\" content=\"https:\/\/le-grenier.org\/wp-content\/uploads\/2026\/02\/img_4165-scaled.jpeg\" \/>\n\t<meta property=\"og:image:width\" content=\"2560\" \/>\n\t<meta property=\"og:image:height\" content=\"1920\" \/>\n\t<meta property=\"og:image:type\" content=\"image\/jpeg\" \/>\n<meta name=\"twitter:card\" content=\"summary_large_image\" \/>\n<script type=\"application\/ld+json\" class=\"yoast-schema-graph\">{\"@context\":\"https:\/\/schema.org\",\"@graph\":[{\"@type\":\"WebSite\",\"@id\":\"https:\/\/le-grenier.org\/#website\",\"url\":\"https:\/\/le-grenier.org\/\",\"name\":\"Le Grenier - brocante et am\\u00e9nagement\",\"description\":\"\",\"potentialAction\":[{\"@type\":\"SearchAction\",\"target\":{\"@type\":\"EntryPoint\",\"urlTemplate\":\"https:\/\/le-grenier.org\/?s={search_term_string}\"},\"query-input\":\"required name=search_term_string\"}],\"inLanguage\":\"fr-FR\"},{\"@type\":\"ImageObject\",\"@id\":\"https:\/\/le-grenier.org\/index.php\/produit\/produit-11\/#primaryimage\",\"inLanguage\":\"fr-FR\",\"url\":\"https:\/\/le-grenier.org\/wp-content\/uploads\/2026\/02\/img_4178.jpeg\",\"contentUrl\":\"https:\/\/le-grenier.org\/wp-content\/uploads\/2026\/02\/img_4178.jpeg\",\"width\":1170,\"height\":1328,\"caption\":\"Screenshot\"},{\"@type\":\"WebPage\",\"@id\":\"https:\/\/le-grenier.org\/index.php\/produit\/produit-11\/#webpage\",\"url\":\"https:\/\/le-grenier.org\/index.php\/produit\/produit-11\/\",\"name\":\"4 assiettes poisson - Le Grenier - brocante et am\\u00e9nagement\",\"isPartOf\":{\"@id\":\"https:\/\/le-grenier.org\/#website\"},\"primaryImageOfPage\":{\"@id\":\"https:\/\/le-grenier.org\/index.php\/produit\/produit-11\/#primaryimage\"},\"datePublished\":\"2026-02-03T16:45:25+00:00\",\"dateModified\":\"2026-02-03T16:50:12+00:00\",\"breadcrumb\":{\"@id\":\"https:\/\/le-grenier.org\/index.php\/produit\/produit-11\/#breadcrumb\"},\"inLanguage\":\"fr-FR\",\"potentialAction\":[{\"@type\":\"ReadAction\",\"target\":[\"https:\/\/le-grenier.org\/index.php\/produit\/produit-11\/\"]}]},{\"@type\":\"BreadcrumbList\",\"@id\":\"https:\/\/le-grenier.org\/index.php\/produit\/produit-11\/#breadcrumb\",\"itemListElement\":[{\"@type\":\"ListItem\",\"position\":1,\"name\":\"Accueil\",\"item\":\"https:\/\/le-grenier.org\/\"},{\"@type\":\"ListItem\",\"position\":2,\"name\":\"Boutique en ligne\",\"item\":\"https:\/\/le-grenier.org\/\"},{\"@type\":\"ListItem\",\"position\":3,\"name\":\"4 assiettes poisson\"}]}]}<\/script>\n<!-- \/ Yoast SEO plugin. -->","yoast_head_json":{"title":"4 assiettes poisson - Le Grenier - brocante et am\u00e9nagement","robots":{"index":"index","follow":"follow","max-snippet":"max-snippet:-1","max-image-preview":"max-image-preview:large","max-video-preview":"max-video-preview:-1"},"canonical":"https:\/\/le-grenier.org\/index.php\/produit\/produit-11\/","og_locale":"fr_FR","og_type":"article","og_title":"4 assiettes poisson - Le Grenier - brocante et am\u00e9nagement","og_description":"\ud83d\udc1f Lot de 4 assiettes poisson \u2013 C\u00e9ramique bleu profond Apportez une touche marine et vintage \u00e0 votre table avec&hellip;","og_url":"https:\/\/le-grenier.org\/index.php\/produit\/produit-11\/","og_site_name":"Le Grenier - brocante et am\u00e9nagement","article_modified_time":"2026-02-03T16:50:12+00:00","og_image":[{"width":2560,"height":1920,"url":"https:\/\/le-grenier.org\/wp-content\/uploads\/2026\/02\/img_4165-scaled.jpeg","type":"image\/jpeg"}],"twitter_card":"summary_large_image","schema":{"@context":"https:\/\/schema.org","@graph":[{"@type":"WebSite","@id":"https:\/\/le-grenier.org\/#website","url":"https:\/\/le-grenier.org\/","name":"Le Grenier - brocante et am\u00e9nagement","description":"","potentialAction":[{"@type":"SearchAction","target":{"@type":"EntryPoint","urlTemplate":"https:\/\/le-grenier.org\/?s={search_term_string}"},"query-input":"required name=search_term_string"}],"inLanguage":"fr-FR"},{"@type":"ImageObject","@id":"https:\/\/le-grenier.org\/index.php\/produit\/produit-11\/#primaryimage","inLanguage":"fr-FR","url":"https:\/\/le-grenier.org\/wp-content\/uploads\/2026\/02\/img_4178.jpeg","contentUrl":"https:\/\/le-grenier.org\/wp-content\/uploads\/2026\/02\/img_4178.jpeg","width":1170,"height":1328,"caption":"Screenshot"},{"@type":"WebPage","@id":"https:\/\/le-grenier.org\/index.php\/produit\/produit-11\/#webpage","url":"https:\/\/le-grenier.org\/index.php\/produit\/produit-11\/","name":"4 assiettes poisson - Le Grenier - brocante et am\u00e9nagement","isPartOf":{"@id":"https:\/\/le-grenier.org\/#website"},"primaryImageOfPage":{"@id":"https:\/\/le-grenier.org\/index.php\/produit\/produit-11\/#primaryimage"},"datePublished":"2026-02-03T16:45:25+00:00","dateModified":"2026-02-03T16:50:12+00:00","breadcrumb":{"@id":"https:\/\/le-grenier.org\/index.php\/produit\/produit-11\/#breadcrumb"},"inLanguage":"fr-FR","potentialAction":[{"@type":"ReadAction","target":["https:\/\/le-grenier.org\/index.php\/produit\/produit-11\/"]}]},{"@type":"BreadcrumbList","@id":"https:\/\/le-grenier.org\/index.php\/produit\/produit-11\/#breadcrumb","itemListElement":[{"@type":"ListItem","position":1,"name":"Accueil","item":"https:\/\/le-grenier.org\/"},{"@type":"ListItem","position":2,"name":"Boutique en ligne","item":"https:\/\/le-grenier.org\/"},{"@type":"ListItem","position":3,"name":"4 assiettes poisson"}]}]}},"_links":{"self":[{"href":"https:\/\/le-grenier.org\/index.php\/wp-json\/wp\/v2\/product\/59382"}],"collection":[{"href":"https:\/\/le-grenier.org\/index.php\/wp-json\/wp\/v2\/product"}],"about":[{"href":"https:\/\/le-grenier.org\/index.php\/wp-json\/wp\/v2\/types\/product"}],"wp:featuredmedia":[{"embeddable":true,"href":"https:\/\/le-grenier.org\/index.php\/wp-json\/wp\/v2\/media\/59383"}],"wp:attachment":[{"href":"https:\/\/le-grenier.org\/index.php\/wp-json\/wp\/v2\/media?parent=59382"}],"wp:term":[{"taxonomy":"product_cat","embeddable":true,"href":"https:\/\/le-grenier.org\/index.php\/wp-json\/wp\/v2\/product_cat?post=59382"},{"taxonomy":"product_tag","embeddable":true,"href":"https:\/\/le-grenier.org\/index.php\/wp-json\/wp\/v2\/product_tag?post=59382"}],"curies":[{"name":"wp","href":"https:\/\/api.w.org\/{rel}","templated":true}]}}