{"id":59735,"date":"2026-03-19T13:02:26","date_gmt":"2026-03-19T12:02:26","guid":{"rendered":"https:\/\/le-grenier.org\/index.php\/produit\/soupiere-dolly\/"},"modified":"2026-03-19T13:04:52","modified_gmt":"2026-03-19T12:04:52","slug":"soupiere-dolly","status":"publish","type":"product","link":"https:\/\/le-grenier.org\/index.php\/produit\/soupiere-dolly\/","title":{"rendered":"Soupi\u00e8re Dolly"},"content":{"rendered":"<p>\u2728 Soupi\u00e8re vintage \u201cDolly\u201d \u2013 Art d\u00e9co \u2013 Nouvelles Fa\u00efenceries de Givors \u2728<\/p>\n<p>\u00c9l\u00e9gante soupi\u00e8re ancienne au d\u00e9cor g\u00e9om\u00e9trique typique du style Art d\u00e9co, mod\u00e8le \u201cDolly\u201d, datant des ann\u00e9es 1920 \u00e0 1940.<\/p>\n<p>Son motif graphique bleu et orange apporte une touche r\u00e9tro tr\u00e8s tendance, id\u00e9ale pour une d\u00e9coration de table ou une vitrine vintage.<\/p>\n<p>La pi\u00e8ce pr\u00e9sente une belle brillance et est en tr\u00e8s bon \u00e9tat g\u00e9n\u00e9ral, parfaite pour les amateurs de vaisselle ancienne ou de design du d\u00e9but du XXe si\u00e8cle.<\/p>\n<p>\ud83d\udccf Dimensions :<\/p>\n<p>\u2022 Diam\u00e8tre : environ 23 cm<\/p>\n<p>\u2022 Hauteur : environ 8 cm (hors poign\u00e9es)<\/p>\n<p>\u2e3b<\/p>\n<p>\ud83c\udffa \u00c0 propos de la fa\u00efencerie<\/p>\n<p>Les Nouvelles Fa\u00efenceries de Givors, fond\u00e9e au XIXe si\u00e8cle dans le Rh\u00f4ne, est reconnue pour sa production de fa\u00efences de qualit\u00e9 alliant savoir-faire traditionnel et styles d\u00e9coratifs vari\u00e9s. Tr\u00e8s active durant la premi\u00e8re moiti\u00e9 du XXe si\u00e8cle, elle s\u2019est illustr\u00e9e notamment dans les cr\u00e9ations Art d\u00e9co, avec des motifs modernes et g\u00e9om\u00e9triques aujourd\u2019hui tr\u00e8s recherch\u00e9s par les collectionneurs.<\/p>\n<p>\u2e3b<\/p>\n<p>\ud83d\udccd Remise en main propre<\/p>\n<p>Amiens ou Th\u00e9zy-Glimont<\/p>\n<p>\ud83d\udce6 Exp\u00e9dition possible<\/p>\n<p>Envoi rapide et soign\u00e9 avec protection renforc\u00e9e<\/p>\n","protected":false},"excerpt":{"rendered":"<p>\u2728 Soupi\u00e8re vintage \u201cDolly\u201d \u2013 Art d\u00e9co \u2013 Nouvelles Fa\u00efenceries de Givors \u2728 \u00c9l\u00e9gante soupi\u00e8re ancienne au d\u00e9cor g\u00e9om\u00e9trique typique&hellip;<\/p>\n","protected":false},"featured_media":59736,"template":"","meta":{"ngg_post_thumbnail":0},"product_cat":[56,46,23],"product_tag":[],"yoast_head":"<!-- This site is optimized with the Yoast SEO plugin v17.9 - https:\/\/yoast.com\/wordpress\/plugins\/seo\/ -->\n<title>Soupi\u00e8re Dolly - Le Grenier - brocante et am\u00e9nagement<\/title>\n<meta name=\"robots\" content=\"index, follow, max-snippet:-1, max-image-preview:large, max-video-preview:-1\" \/>\n<link rel=\"canonical\" href=\"https:\/\/le-grenier.org\/index.php\/produit\/soupiere-dolly\/\" \/>\n<meta property=\"og:locale\" content=\"fr_FR\" \/>\n<meta property=\"og:type\" content=\"article\" \/>\n<meta property=\"og:title\" content=\"Soupi\u00e8re Dolly - Le Grenier - brocante et am\u00e9nagement\" \/>\n<meta property=\"og:description\" content=\"\u2728 Soupi\u00e8re vintage \u201cDolly\u201d \u2013 Art d\u00e9co \u2013 Nouvelles Fa\u00efenceries de Givors \u2728 \u00c9l\u00e9gante soupi\u00e8re ancienne au d\u00e9cor g\u00e9om\u00e9trique typique&hellip;\" \/>\n<meta property=\"og:url\" content=\"https:\/\/le-grenier.org\/index.php\/produit\/soupiere-dolly\/\" \/>\n<meta property=\"og:site_name\" content=\"Le Grenier - brocante et am\u00e9nagement\" \/>\n<meta property=\"article:modified_time\" content=\"2026-03-19T12:04:52+00:00\" \/>\n<meta name=\"twitter:card\" content=\"summary_large_image\" \/>\n<meta name=\"twitter:label1\" content=\"Dur\u00e9e de lecture estim\u00e9e\" \/>\n\t<meta name=\"twitter:data1\" content=\"1 minute\" \/>\n<script type=\"application\/ld+json\" class=\"yoast-schema-graph\">{\"@context\":\"https:\/\/schema.org\",\"@graph\":[{\"@type\":\"WebSite\",\"@id\":\"https:\/\/le-grenier.org\/#website\",\"url\":\"https:\/\/le-grenier.org\/\",\"name\":\"Le Grenier - brocante et am\\u00e9nagement\",\"description\":\"\",\"potentialAction\":[{\"@type\":\"SearchAction\",\"target\":{\"@type\":\"EntryPoint\",\"urlTemplate\":\"https:\/\/le-grenier.org\/?s={search_term_string}\"},\"query-input\":\"required name=search_term_string\"}],\"inLanguage\":\"fr-FR\"},{\"@type\":\"ImageObject\",\"@id\":\"https:\/\/le-grenier.org\/index.php\/produit\/soupiere-dolly\/#primaryimage\",\"inLanguage\":\"fr-FR\",\"url\":\"https:\/\/le-grenier.org\/wp-content\/uploads\/2026\/03\/img_4798.jpeg\",\"contentUrl\":\"https:\/\/le-grenier.org\/wp-content\/uploads\/2026\/03\/img_4798.jpeg\",\"width\":1170,\"height\":1488,\"caption\":\"Screenshot\"},{\"@type\":\"WebPage\",\"@id\":\"https:\/\/le-grenier.org\/index.php\/produit\/soupiere-dolly\/#webpage\",\"url\":\"https:\/\/le-grenier.org\/index.php\/produit\/soupiere-dolly\/\",\"name\":\"Soupi\\u00e8re Dolly - Le Grenier - brocante et am\\u00e9nagement\",\"isPartOf\":{\"@id\":\"https:\/\/le-grenier.org\/#website\"},\"primaryImageOfPage\":{\"@id\":\"https:\/\/le-grenier.org\/index.php\/produit\/soupiere-dolly\/#primaryimage\"},\"datePublished\":\"2026-03-19T12:02:26+00:00\",\"dateModified\":\"2026-03-19T12:04:52+00:00\",\"breadcrumb\":{\"@id\":\"https:\/\/le-grenier.org\/index.php\/produit\/soupiere-dolly\/#breadcrumb\"},\"inLanguage\":\"fr-FR\",\"potentialAction\":[{\"@type\":\"ReadAction\",\"target\":[\"https:\/\/le-grenier.org\/index.php\/produit\/soupiere-dolly\/\"]}]},{\"@type\":\"BreadcrumbList\",\"@id\":\"https:\/\/le-grenier.org\/index.php\/produit\/soupiere-dolly\/#breadcrumb\",\"itemListElement\":[{\"@type\":\"ListItem\",\"position\":1,\"name\":\"Accueil\",\"item\":\"https:\/\/le-grenier.org\/\"},{\"@type\":\"ListItem\",\"position\":2,\"name\":\"Boutique en ligne\",\"item\":\"https:\/\/le-grenier.org\/\"},{\"@type\":\"ListItem\",\"position\":3,\"name\":\"Soupi\\u00e8re Dolly\"}]}]}<\/script>\n<!-- \/ Yoast SEO plugin. -->","yoast_head_json":{"title":"Soupi\u00e8re Dolly - Le Grenier - brocante et am\u00e9nagement","robots":{"index":"index","follow":"follow","max-snippet":"max-snippet:-1","max-image-preview":"max-image-preview:large","max-video-preview":"max-video-preview:-1"},"canonical":"https:\/\/le-grenier.org\/index.php\/produit\/soupiere-dolly\/","og_locale":"fr_FR","og_type":"article","og_title":"Soupi\u00e8re Dolly - Le Grenier - brocante et am\u00e9nagement","og_description":"\u2728 Soupi\u00e8re vintage \u201cDolly\u201d \u2013 Art d\u00e9co \u2013 Nouvelles Fa\u00efenceries de Givors \u2728 \u00c9l\u00e9gante soupi\u00e8re ancienne au d\u00e9cor g\u00e9om\u00e9trique typique&hellip;","og_url":"https:\/\/le-grenier.org\/index.php\/produit\/soupiere-dolly\/","og_site_name":"Le Grenier - brocante et am\u00e9nagement","article_modified_time":"2026-03-19T12:04:52+00:00","twitter_card":"summary_large_image","twitter_misc":{"Dur\u00e9e de lecture estim\u00e9e":"1 minute"},"schema":{"@context":"https:\/\/schema.org","@graph":[{"@type":"WebSite","@id":"https:\/\/le-grenier.org\/#website","url":"https:\/\/le-grenier.org\/","name":"Le Grenier - brocante et am\u00e9nagement","description":"","potentialAction":[{"@type":"SearchAction","target":{"@type":"EntryPoint","urlTemplate":"https:\/\/le-grenier.org\/?s={search_term_string}"},"query-input":"required name=search_term_string"}],"inLanguage":"fr-FR"},{"@type":"ImageObject","@id":"https:\/\/le-grenier.org\/index.php\/produit\/soupiere-dolly\/#primaryimage","inLanguage":"fr-FR","url":"https:\/\/le-grenier.org\/wp-content\/uploads\/2026\/03\/img_4798.jpeg","contentUrl":"https:\/\/le-grenier.org\/wp-content\/uploads\/2026\/03\/img_4798.jpeg","width":1170,"height":1488,"caption":"Screenshot"},{"@type":"WebPage","@id":"https:\/\/le-grenier.org\/index.php\/produit\/soupiere-dolly\/#webpage","url":"https:\/\/le-grenier.org\/index.php\/produit\/soupiere-dolly\/","name":"Soupi\u00e8re Dolly - Le Grenier - brocante et am\u00e9nagement","isPartOf":{"@id":"https:\/\/le-grenier.org\/#website"},"primaryImageOfPage":{"@id":"https:\/\/le-grenier.org\/index.php\/produit\/soupiere-dolly\/#primaryimage"},"datePublished":"2026-03-19T12:02:26+00:00","dateModified":"2026-03-19T12:04:52+00:00","breadcrumb":{"@id":"https:\/\/le-grenier.org\/index.php\/produit\/soupiere-dolly\/#breadcrumb"},"inLanguage":"fr-FR","potentialAction":[{"@type":"ReadAction","target":["https:\/\/le-grenier.org\/index.php\/produit\/soupiere-dolly\/"]}]},{"@type":"BreadcrumbList","@id":"https:\/\/le-grenier.org\/index.php\/produit\/soupiere-dolly\/#breadcrumb","itemListElement":[{"@type":"ListItem","position":1,"name":"Accueil","item":"https:\/\/le-grenier.org\/"},{"@type":"ListItem","position":2,"name":"Boutique en ligne","item":"https:\/\/le-grenier.org\/"},{"@type":"ListItem","position":3,"name":"Soupi\u00e8re Dolly"}]}]}},"_links":{"self":[{"href":"https:\/\/le-grenier.org\/index.php\/wp-json\/wp\/v2\/product\/59735"}],"collection":[{"href":"https:\/\/le-grenier.org\/index.php\/wp-json\/wp\/v2\/product"}],"about":[{"href":"https:\/\/le-grenier.org\/index.php\/wp-json\/wp\/v2\/types\/product"}],"wp:featuredmedia":[{"embeddable":true,"href":"https:\/\/le-grenier.org\/index.php\/wp-json\/wp\/v2\/media\/59736"}],"wp:attachment":[{"href":"https:\/\/le-grenier.org\/index.php\/wp-json\/wp\/v2\/media?parent=59735"}],"wp:term":[{"taxonomy":"product_cat","embeddable":true,"href":"https:\/\/le-grenier.org\/index.php\/wp-json\/wp\/v2\/product_cat?post=59735"},{"taxonomy":"product_tag","embeddable":true,"href":"https:\/\/le-grenier.org\/index.php\/wp-json\/wp\/v2\/product_tag?post=59735"}],"curies":[{"name":"wp","href":"https:\/\/api.w.org\/{rel}","templated":true}]}}