{"id":59748,"date":"2026-03-19T13:18:35","date_gmt":"2026-03-19T12:18:35","guid":{"rendered":"https:\/\/le-grenier.org\/index.php\/produit\/torchon-capucine\/"},"modified":"2026-03-19T13:21:03","modified_gmt":"2026-03-19T12:21:03","slug":"torchon-capucine","status":"publish","type":"product","link":"https:\/\/le-grenier.org\/index.php\/produit\/torchon-capucine\/","title":{"rendered":"Torchon Capucine"},"content":{"rendered":"<p>\u2728 Aujourd\u2019hui, coup de c\u0153ur pour un travail d\u2019artiste \/ artisan !<\/p>\n<p>D\u00e9couvrez les torchons Capucine, dessin\u00e9s et s\u00e9rigraphi\u00e9s \u00e0 Sauve, au c\u0153ur des C\u00e9vennes, par Fred de l\u2019atelier Petite Louve.<\/p>\n<p>Confectionn\u00e9s en tissu 100 % coton certifi\u00e9 Oeko-Tex, ils sont imprim\u00e9s avec des encres respectueuses, adapt\u00e9es m\u00eame aux peaux les plus sensibles.<\/p>\n<p>\ud83c\udfa8 Coloris disponibles : violet ou rouge<\/p>\n<p>\ud83c\udf81 Une id\u00e9e cadeau originale, utile et pleine de charme !<\/p>\n<p>\ud83d\udccf Dimensions : 40 x 35 cm<\/p>\n<p>\ud83d\udccc \u00c9tat : neuf<\/p>\n<p>\ud83d\udce6 Exp\u00e9dition rapide, soign\u00e9e et s\u00e9curis\u00e9e (emballage renforc\u00e9)<\/p>\n<p>&#8212;-<\/p>\n<p>Veuillez m&rsquo;indiquer dans les notes de commande l couleur choisie.<\/p>\n","protected":false},"excerpt":{"rendered":"<p>\u2728 Aujourd\u2019hui, coup de c\u0153ur pour un travail d\u2019artiste \/ artisan ! D\u00e9couvrez les torchons Capucine, dessin\u00e9s et s\u00e9rigraphi\u00e9s \u00e0&hellip;<\/p>\n","protected":false},"featured_media":59749,"template":"","meta":{"ngg_post_thumbnail":0},"product_cat":[38,50,46],"product_tag":[],"yoast_head":"<!-- This site is optimized with the Yoast SEO plugin v17.9 - https:\/\/yoast.com\/wordpress\/plugins\/seo\/ -->\n<title>Torchon Capucine - Le Grenier - brocante et am\u00e9nagement<\/title>\n<meta name=\"robots\" content=\"index, follow, max-snippet:-1, max-image-preview:large, max-video-preview:-1\" \/>\n<link rel=\"canonical\" href=\"https:\/\/le-grenier.org\/index.php\/produit\/torchon-capucine\/\" \/>\n<meta property=\"og:locale\" content=\"fr_FR\" \/>\n<meta property=\"og:type\" content=\"article\" \/>\n<meta property=\"og:title\" content=\"Torchon Capucine - Le Grenier - brocante et am\u00e9nagement\" \/>\n<meta property=\"og:description\" content=\"\u2728 Aujourd\u2019hui, coup de c\u0153ur pour un travail d\u2019artiste \/ artisan ! D\u00e9couvrez les torchons Capucine, dessin\u00e9s et s\u00e9rigraphi\u00e9s \u00e0&hellip;\" \/>\n<meta property=\"og:url\" content=\"https:\/\/le-grenier.org\/index.php\/produit\/torchon-capucine\/\" \/>\n<meta property=\"og:site_name\" content=\"Le Grenier - brocante et am\u00e9nagement\" \/>\n<meta property=\"article:modified_time\" content=\"2026-03-19T12:21:03+00:00\" \/>\n<meta property=\"og:image\" content=\"https:\/\/le-grenier.org\/wp-content\/uploads\/2026\/03\/img_4770-scaled.jpeg\" \/>\n\t<meta property=\"og:image:width\" content=\"1920\" \/>\n\t<meta property=\"og:image:height\" content=\"2560\" \/>\n\t<meta property=\"og:image:type\" content=\"image\/jpeg\" \/>\n<meta name=\"twitter:card\" content=\"summary_large_image\" \/>\n<meta name=\"twitter:label1\" content=\"Dur\u00e9e de lecture estim\u00e9e\" \/>\n\t<meta name=\"twitter:data1\" content=\"1 minute\" \/>\n<script type=\"application\/ld+json\" class=\"yoast-schema-graph\">{\"@context\":\"https:\/\/schema.org\",\"@graph\":[{\"@type\":\"WebSite\",\"@id\":\"https:\/\/le-grenier.org\/#website\",\"url\":\"https:\/\/le-grenier.org\/\",\"name\":\"Le Grenier - brocante et am\\u00e9nagement\",\"description\":\"\",\"potentialAction\":[{\"@type\":\"SearchAction\",\"target\":{\"@type\":\"EntryPoint\",\"urlTemplate\":\"https:\/\/le-grenier.org\/?s={search_term_string}\"},\"query-input\":\"required name=search_term_string\"}],\"inLanguage\":\"fr-FR\"},{\"@type\":\"ImageObject\",\"@id\":\"https:\/\/le-grenier.org\/index.php\/produit\/torchon-capucine\/#primaryimage\",\"inLanguage\":\"fr-FR\",\"url\":\"https:\/\/le-grenier.org\/wp-content\/uploads\/2026\/03\/img_4799.jpeg\",\"contentUrl\":\"https:\/\/le-grenier.org\/wp-content\/uploads\/2026\/03\/img_4799.jpeg\",\"width\":1170,\"height\":1595,\"caption\":\"Screenshot\"},{\"@type\":\"WebPage\",\"@id\":\"https:\/\/le-grenier.org\/index.php\/produit\/torchon-capucine\/#webpage\",\"url\":\"https:\/\/le-grenier.org\/index.php\/produit\/torchon-capucine\/\",\"name\":\"Torchon Capucine - Le Grenier - brocante et am\\u00e9nagement\",\"isPartOf\":{\"@id\":\"https:\/\/le-grenier.org\/#website\"},\"primaryImageOfPage\":{\"@id\":\"https:\/\/le-grenier.org\/index.php\/produit\/torchon-capucine\/#primaryimage\"},\"datePublished\":\"2026-03-19T12:18:35+00:00\",\"dateModified\":\"2026-03-19T12:21:03+00:00\",\"breadcrumb\":{\"@id\":\"https:\/\/le-grenier.org\/index.php\/produit\/torchon-capucine\/#breadcrumb\"},\"inLanguage\":\"fr-FR\",\"potentialAction\":[{\"@type\":\"ReadAction\",\"target\":[\"https:\/\/le-grenier.org\/index.php\/produit\/torchon-capucine\/\"]}]},{\"@type\":\"BreadcrumbList\",\"@id\":\"https:\/\/le-grenier.org\/index.php\/produit\/torchon-capucine\/#breadcrumb\",\"itemListElement\":[{\"@type\":\"ListItem\",\"position\":1,\"name\":\"Accueil\",\"item\":\"https:\/\/le-grenier.org\/\"},{\"@type\":\"ListItem\",\"position\":2,\"name\":\"Boutique en ligne\",\"item\":\"https:\/\/le-grenier.org\/\"},{\"@type\":\"ListItem\",\"position\":3,\"name\":\"Torchon Capucine\"}]}]}<\/script>\n<!-- \/ Yoast SEO plugin. -->","yoast_head_json":{"title":"Torchon Capucine - Le Grenier - brocante et am\u00e9nagement","robots":{"index":"index","follow":"follow","max-snippet":"max-snippet:-1","max-image-preview":"max-image-preview:large","max-video-preview":"max-video-preview:-1"},"canonical":"https:\/\/le-grenier.org\/index.php\/produit\/torchon-capucine\/","og_locale":"fr_FR","og_type":"article","og_title":"Torchon Capucine - Le Grenier - brocante et am\u00e9nagement","og_description":"\u2728 Aujourd\u2019hui, coup de c\u0153ur pour un travail d\u2019artiste \/ artisan ! D\u00e9couvrez les torchons Capucine, dessin\u00e9s et s\u00e9rigraphi\u00e9s \u00e0&hellip;","og_url":"https:\/\/le-grenier.org\/index.php\/produit\/torchon-capucine\/","og_site_name":"Le Grenier - brocante et am\u00e9nagement","article_modified_time":"2026-03-19T12:21:03+00:00","og_image":[{"width":1920,"height":2560,"url":"https:\/\/le-grenier.org\/wp-content\/uploads\/2026\/03\/img_4770-scaled.jpeg","type":"image\/jpeg"}],"twitter_card":"summary_large_image","twitter_misc":{"Dur\u00e9e de lecture estim\u00e9e":"1 minute"},"schema":{"@context":"https:\/\/schema.org","@graph":[{"@type":"WebSite","@id":"https:\/\/le-grenier.org\/#website","url":"https:\/\/le-grenier.org\/","name":"Le Grenier - brocante et am\u00e9nagement","description":"","potentialAction":[{"@type":"SearchAction","target":{"@type":"EntryPoint","urlTemplate":"https:\/\/le-grenier.org\/?s={search_term_string}"},"query-input":"required name=search_term_string"}],"inLanguage":"fr-FR"},{"@type":"ImageObject","@id":"https:\/\/le-grenier.org\/index.php\/produit\/torchon-capucine\/#primaryimage","inLanguage":"fr-FR","url":"https:\/\/le-grenier.org\/wp-content\/uploads\/2026\/03\/img_4799.jpeg","contentUrl":"https:\/\/le-grenier.org\/wp-content\/uploads\/2026\/03\/img_4799.jpeg","width":1170,"height":1595,"caption":"Screenshot"},{"@type":"WebPage","@id":"https:\/\/le-grenier.org\/index.php\/produit\/torchon-capucine\/#webpage","url":"https:\/\/le-grenier.org\/index.php\/produit\/torchon-capucine\/","name":"Torchon Capucine - Le Grenier - brocante et am\u00e9nagement","isPartOf":{"@id":"https:\/\/le-grenier.org\/#website"},"primaryImageOfPage":{"@id":"https:\/\/le-grenier.org\/index.php\/produit\/torchon-capucine\/#primaryimage"},"datePublished":"2026-03-19T12:18:35+00:00","dateModified":"2026-03-19T12:21:03+00:00","breadcrumb":{"@id":"https:\/\/le-grenier.org\/index.php\/produit\/torchon-capucine\/#breadcrumb"},"inLanguage":"fr-FR","potentialAction":[{"@type":"ReadAction","target":["https:\/\/le-grenier.org\/index.php\/produit\/torchon-capucine\/"]}]},{"@type":"BreadcrumbList","@id":"https:\/\/le-grenier.org\/index.php\/produit\/torchon-capucine\/#breadcrumb","itemListElement":[{"@type":"ListItem","position":1,"name":"Accueil","item":"https:\/\/le-grenier.org\/"},{"@type":"ListItem","position":2,"name":"Boutique en ligne","item":"https:\/\/le-grenier.org\/"},{"@type":"ListItem","position":3,"name":"Torchon Capucine"}]}]}},"_links":{"self":[{"href":"https:\/\/le-grenier.org\/index.php\/wp-json\/wp\/v2\/product\/59748"}],"collection":[{"href":"https:\/\/le-grenier.org\/index.php\/wp-json\/wp\/v2\/product"}],"about":[{"href":"https:\/\/le-grenier.org\/index.php\/wp-json\/wp\/v2\/types\/product"}],"wp:featuredmedia":[{"embeddable":true,"href":"https:\/\/le-grenier.org\/index.php\/wp-json\/wp\/v2\/media\/59749"}],"wp:attachment":[{"href":"https:\/\/le-grenier.org\/index.php\/wp-json\/wp\/v2\/media?parent=59748"}],"wp:term":[{"taxonomy":"product_cat","embeddable":true,"href":"https:\/\/le-grenier.org\/index.php\/wp-json\/wp\/v2\/product_cat?post=59748"},{"taxonomy":"product_tag","embeddable":true,"href":"https:\/\/le-grenier.org\/index.php\/wp-json\/wp\/v2\/product_tag?post=59748"}],"curies":[{"name":"wp","href":"https:\/\/api.w.org\/{rel}","templated":true}]}}