{"id":59889,"date":"2026-05-06T14:04:14","date_gmt":"2026-05-06T12:04:14","guid":{"rendered":"https:\/\/le-grenier.org\/index.php\/produit\/plat-creux\/"},"modified":"2026-05-06T14:15:44","modified_gmt":"2026-05-06T12:15:44","slug":"plat-creux","status":"publish","type":"product","link":"https:\/\/le-grenier.org\/index.php\/produit\/plat-creux\/","title":{"rendered":"Plat creux"},"content":{"rendered":"<p>\u2728 Plat creux vintage jaune iris\u00e9 \u2728<br \/>\nApportez une touche r\u00e9tro et lumineuse \u00e0 votre table avec ce joli plat creux Made in France \ud83c\uddeb\ud83c\uddf7<br \/>\nSon coloris jaune iris\u00e9 capte la lumi\u00e8re et mettra en valeur vos plats, qu\u2019ils soient du quotidien ou de r\u00e9ception.<\/p>\n<p>\ud83d\udccf Dimensions :<br \/>\n\u2022 Diam\u00e8tre : 23 cm (hors poign\u00e9es)<br \/>\n\u2022 Hauteur : 7 cm<\/p>\n<p>\ud83d\udc9b Id\u00e9al pour servir soupes, salades ou plats en sauce<br \/>\n\ud83d\udd70\ufe0f Objet vintage plein de charme, parfait pour les amateurs de vaisselle ancienne et de d\u00e9coration authentique<\/p>\n<p>\u2e3b<\/p>\n<p>\ud83d\udccd Remise en main propre : Amiens ou Th\u00e9zy-Glimont<br \/>\n\ud83d\udce6 Exp\u00e9dition possible : envoi rapide et soigneusement prot\u00e9g\u00e9<\/p>\n","protected":false},"excerpt":{"rendered":"<p>\u2728 Plat creux vintage jaune iris\u00e9 \u2728 Apportez une touche r\u00e9tro et lumineuse \u00e0 votre table avec ce joli plat&hellip;<\/p>\n","protected":false},"featured_media":59890,"template":"","meta":{"ngg_post_thumbnail":0},"product_cat":[46,27],"product_tag":[],"yoast_head":"<!-- This site is optimized with the Yoast SEO plugin v17.9 - https:\/\/yoast.com\/wordpress\/plugins\/seo\/ -->\n<title>Plat creux - Le Grenier - brocante et am\u00e9nagement<\/title>\n<meta name=\"robots\" content=\"index, follow, max-snippet:-1, max-image-preview:large, max-video-preview:-1\" \/>\n<link rel=\"canonical\" href=\"https:\/\/le-grenier.org\/index.php\/produit\/plat-creux\/\" \/>\n<meta property=\"og:locale\" content=\"fr_FR\" \/>\n<meta property=\"og:type\" content=\"article\" \/>\n<meta property=\"og:title\" content=\"Plat creux - Le Grenier - brocante et am\u00e9nagement\" \/>\n<meta property=\"og:description\" content=\"\u2728 Plat creux vintage jaune iris\u00e9 \u2728 Apportez une touche r\u00e9tro et lumineuse \u00e0 votre table avec ce joli plat&hellip;\" \/>\n<meta property=\"og:url\" content=\"https:\/\/le-grenier.org\/index.php\/produit\/plat-creux\/\" \/>\n<meta property=\"og:site_name\" content=\"Le Grenier - brocante et am\u00e9nagement\" \/>\n<meta property=\"article:modified_time\" content=\"2026-05-06T12:15:44+00:00\" \/>\n<meta name=\"twitter:card\" content=\"summary_large_image\" \/>\n<script type=\"application\/ld+json\" class=\"yoast-schema-graph\">{\"@context\":\"https:\/\/schema.org\",\"@graph\":[{\"@type\":\"WebSite\",\"@id\":\"https:\/\/le-grenier.org\/#website\",\"url\":\"https:\/\/le-grenier.org\/\",\"name\":\"Le Grenier - brocante et am\\u00e9nagement\",\"description\":\"\",\"potentialAction\":[{\"@type\":\"SearchAction\",\"target\":{\"@type\":\"EntryPoint\",\"urlTemplate\":\"https:\/\/le-grenier.org\/?s={search_term_string}\"},\"query-input\":\"required name=search_term_string\"}],\"inLanguage\":\"fr-FR\"},{\"@type\":\"ImageObject\",\"@id\":\"https:\/\/le-grenier.org\/index.php\/produit\/plat-creux\/#primaryimage\",\"inLanguage\":\"fr-FR\",\"url\":\"https:\/\/le-grenier.org\/wp-content\/uploads\/2026\/05\/img_5564.jpeg\",\"contentUrl\":\"https:\/\/le-grenier.org\/wp-content\/uploads\/2026\/05\/img_5564.jpeg\",\"width\":1170,\"height\":1285,\"caption\":\"Screenshot\"},{\"@type\":\"WebPage\",\"@id\":\"https:\/\/le-grenier.org\/index.php\/produit\/plat-creux\/#webpage\",\"url\":\"https:\/\/le-grenier.org\/index.php\/produit\/plat-creux\/\",\"name\":\"Plat creux - Le Grenier - brocante et am\\u00e9nagement\",\"isPartOf\":{\"@id\":\"https:\/\/le-grenier.org\/#website\"},\"primaryImageOfPage\":{\"@id\":\"https:\/\/le-grenier.org\/index.php\/produit\/plat-creux\/#primaryimage\"},\"datePublished\":\"2026-05-06T12:04:14+00:00\",\"dateModified\":\"2026-05-06T12:15:44+00:00\",\"breadcrumb\":{\"@id\":\"https:\/\/le-grenier.org\/index.php\/produit\/plat-creux\/#breadcrumb\"},\"inLanguage\":\"fr-FR\",\"potentialAction\":[{\"@type\":\"ReadAction\",\"target\":[\"https:\/\/le-grenier.org\/index.php\/produit\/plat-creux\/\"]}]},{\"@type\":\"BreadcrumbList\",\"@id\":\"https:\/\/le-grenier.org\/index.php\/produit\/plat-creux\/#breadcrumb\",\"itemListElement\":[{\"@type\":\"ListItem\",\"position\":1,\"name\":\"Accueil\",\"item\":\"https:\/\/le-grenier.org\/\"},{\"@type\":\"ListItem\",\"position\":2,\"name\":\"Boutique en ligne\",\"item\":\"https:\/\/le-grenier.org\/\"},{\"@type\":\"ListItem\",\"position\":3,\"name\":\"Plat creux\"}]}]}<\/script>\n<!-- \/ Yoast SEO plugin. -->","yoast_head_json":{"title":"Plat creux - Le Grenier - brocante et am\u00e9nagement","robots":{"index":"index","follow":"follow","max-snippet":"max-snippet:-1","max-image-preview":"max-image-preview:large","max-video-preview":"max-video-preview:-1"},"canonical":"https:\/\/le-grenier.org\/index.php\/produit\/plat-creux\/","og_locale":"fr_FR","og_type":"article","og_title":"Plat creux - Le Grenier - brocante et am\u00e9nagement","og_description":"\u2728 Plat creux vintage jaune iris\u00e9 \u2728 Apportez une touche r\u00e9tro et lumineuse \u00e0 votre table avec ce joli plat&hellip;","og_url":"https:\/\/le-grenier.org\/index.php\/produit\/plat-creux\/","og_site_name":"Le Grenier - brocante et am\u00e9nagement","article_modified_time":"2026-05-06T12:15:44+00:00","twitter_card":"summary_large_image","schema":{"@context":"https:\/\/schema.org","@graph":[{"@type":"WebSite","@id":"https:\/\/le-grenier.org\/#website","url":"https:\/\/le-grenier.org\/","name":"Le Grenier - brocante et am\u00e9nagement","description":"","potentialAction":[{"@type":"SearchAction","target":{"@type":"EntryPoint","urlTemplate":"https:\/\/le-grenier.org\/?s={search_term_string}"},"query-input":"required name=search_term_string"}],"inLanguage":"fr-FR"},{"@type":"ImageObject","@id":"https:\/\/le-grenier.org\/index.php\/produit\/plat-creux\/#primaryimage","inLanguage":"fr-FR","url":"https:\/\/le-grenier.org\/wp-content\/uploads\/2026\/05\/img_5564.jpeg","contentUrl":"https:\/\/le-grenier.org\/wp-content\/uploads\/2026\/05\/img_5564.jpeg","width":1170,"height":1285,"caption":"Screenshot"},{"@type":"WebPage","@id":"https:\/\/le-grenier.org\/index.php\/produit\/plat-creux\/#webpage","url":"https:\/\/le-grenier.org\/index.php\/produit\/plat-creux\/","name":"Plat creux - Le Grenier - brocante et am\u00e9nagement","isPartOf":{"@id":"https:\/\/le-grenier.org\/#website"},"primaryImageOfPage":{"@id":"https:\/\/le-grenier.org\/index.php\/produit\/plat-creux\/#primaryimage"},"datePublished":"2026-05-06T12:04:14+00:00","dateModified":"2026-05-06T12:15:44+00:00","breadcrumb":{"@id":"https:\/\/le-grenier.org\/index.php\/produit\/plat-creux\/#breadcrumb"},"inLanguage":"fr-FR","potentialAction":[{"@type":"ReadAction","target":["https:\/\/le-grenier.org\/index.php\/produit\/plat-creux\/"]}]},{"@type":"BreadcrumbList","@id":"https:\/\/le-grenier.org\/index.php\/produit\/plat-creux\/#breadcrumb","itemListElement":[{"@type":"ListItem","position":1,"name":"Accueil","item":"https:\/\/le-grenier.org\/"},{"@type":"ListItem","position":2,"name":"Boutique en ligne","item":"https:\/\/le-grenier.org\/"},{"@type":"ListItem","position":3,"name":"Plat creux"}]}]}},"_links":{"self":[{"href":"https:\/\/le-grenier.org\/index.php\/wp-json\/wp\/v2\/product\/59889"}],"collection":[{"href":"https:\/\/le-grenier.org\/index.php\/wp-json\/wp\/v2\/product"}],"about":[{"href":"https:\/\/le-grenier.org\/index.php\/wp-json\/wp\/v2\/types\/product"}],"wp:featuredmedia":[{"embeddable":true,"href":"https:\/\/le-grenier.org\/index.php\/wp-json\/wp\/v2\/media\/59890"}],"wp:attachment":[{"href":"https:\/\/le-grenier.org\/index.php\/wp-json\/wp\/v2\/media?parent=59889"}],"wp:term":[{"taxonomy":"product_cat","embeddable":true,"href":"https:\/\/le-grenier.org\/index.php\/wp-json\/wp\/v2\/product_cat?post=59889"},{"taxonomy":"product_tag","embeddable":true,"href":"https:\/\/le-grenier.org\/index.php\/wp-json\/wp\/v2\/product_tag?post=59889"}],"curies":[{"name":"wp","href":"https:\/\/api.w.org\/{rel}","templated":true}]}}