{"id":59960,"date":"2026-05-14T18:36:18","date_gmt":"2026-05-14T16:36:18","guid":{"rendered":"https:\/\/le-grenier.org\/index.php\/produit\/boite-en-bois-5\/"},"modified":"2026-05-14T18:39:02","modified_gmt":"2026-05-14T16:39:02","slug":"boite-en-bois-5","status":"publish","type":"product","link":"https:\/\/le-grenier.org\/index.php\/produit\/boite-en-bois-5\/","title":{"rendered":"Bo\u00eete en bois"},"content":{"rendered":"<p>Bo\u00eete ancienne compartiment\u00e9e en bois \u2013 charme authentique<\/p>\n<p>Charmante petite bo\u00eete en bois ancien, patin\u00e9e par le temps, avec fermeture m\u00e9tallique d\u2019origine.<br \/>\nId\u00e9ale pour le rangement (couture, bijoux, petits objets) ou en \u00e9l\u00e9ment de d\u00e9coration vintage.<\/p>\n<p>On aime son aspect brut et authentique, parfait pour une ambiance brocante ou campagne chic.<\/p>\n<p>\ud83d\udccf Dimensions :<br \/>\n\u2022 Longueur : 25 cm<br \/>\n\u2022 Largeur : 16 cm<br \/>\n\u2022 Hauteur : 9 cm<\/p>\n<p>Bon \u00e9tat g\u00e9n\u00e9ral avec traces du temps qui font tout son charme.<\/p>\n<p>\u2e3b<\/p>\n<p>\ud83d\udccd Remise en main propre : Amiens ou Th\u00e9zy-Glimont<br \/>\n\ud83d\udce6 Exp\u00e9dition possible : envoi rapide et soigneusement prot\u00e9g\u00e9<\/p>\n","protected":false},"excerpt":{"rendered":"<p>Bo\u00eete ancienne compartiment\u00e9e en bois \u2013 charme authentique Charmante petite bo\u00eete en bois ancien, patin\u00e9e par le temps, avec fermeture&hellip;<\/p>\n","protected":false},"featured_media":59961,"template":"","meta":{"ngg_post_thumbnail":0},"product_cat":[40,35,27],"product_tag":[],"yoast_head":"<!-- This site is optimized with the Yoast SEO plugin v17.9 - https:\/\/yoast.com\/wordpress\/plugins\/seo\/ -->\n<title>Bo\u00eete en bois - Le Grenier - brocante et am\u00e9nagement<\/title>\n<meta name=\"robots\" content=\"index, follow, max-snippet:-1, max-image-preview:large, max-video-preview:-1\" \/>\n<link rel=\"canonical\" href=\"https:\/\/le-grenier.org\/index.php\/produit\/boite-en-bois-5\/\" \/>\n<meta property=\"og:locale\" content=\"fr_FR\" \/>\n<meta property=\"og:type\" content=\"article\" \/>\n<meta property=\"og:title\" content=\"Bo\u00eete en bois - Le Grenier - brocante et am\u00e9nagement\" \/>\n<meta property=\"og:description\" content=\"Bo\u00eete ancienne compartiment\u00e9e en bois \u2013 charme authentique Charmante petite bo\u00eete en bois ancien, patin\u00e9e par le temps, avec fermeture&hellip;\" \/>\n<meta property=\"og:url\" content=\"https:\/\/le-grenier.org\/index.php\/produit\/boite-en-bois-5\/\" \/>\n<meta property=\"og:site_name\" content=\"Le Grenier - brocante et am\u00e9nagement\" \/>\n<meta property=\"article:modified_time\" content=\"2026-05-14T16:39:02+00:00\" \/>\n<meta name=\"twitter:card\" content=\"summary_large_image\" \/>\n<script type=\"application\/ld+json\" class=\"yoast-schema-graph\">{\"@context\":\"https:\/\/schema.org\",\"@graph\":[{\"@type\":\"WebSite\",\"@id\":\"https:\/\/le-grenier.org\/#website\",\"url\":\"https:\/\/le-grenier.org\/\",\"name\":\"Le Grenier - brocante et am\\u00e9nagement\",\"description\":\"\",\"potentialAction\":[{\"@type\":\"SearchAction\",\"target\":{\"@type\":\"EntryPoint\",\"urlTemplate\":\"https:\/\/le-grenier.org\/?s={search_term_string}\"},\"query-input\":\"required name=search_term_string\"}],\"inLanguage\":\"fr-FR\"},{\"@type\":\"ImageObject\",\"@id\":\"https:\/\/le-grenier.org\/index.php\/produit\/boite-en-bois-5\/#primaryimage\",\"inLanguage\":\"fr-FR\",\"url\":\"https:\/\/le-grenier.org\/wp-content\/uploads\/2026\/05\/img_5670.jpeg\",\"contentUrl\":\"https:\/\/le-grenier.org\/wp-content\/uploads\/2026\/05\/img_5670.jpeg\",\"width\":1170,\"height\":1232,\"caption\":\"Screenshot\"},{\"@type\":\"WebPage\",\"@id\":\"https:\/\/le-grenier.org\/index.php\/produit\/boite-en-bois-5\/#webpage\",\"url\":\"https:\/\/le-grenier.org\/index.php\/produit\/boite-en-bois-5\/\",\"name\":\"Bo\\u00eete en bois - Le Grenier - brocante et am\\u00e9nagement\",\"isPartOf\":{\"@id\":\"https:\/\/le-grenier.org\/#website\"},\"primaryImageOfPage\":{\"@id\":\"https:\/\/le-grenier.org\/index.php\/produit\/boite-en-bois-5\/#primaryimage\"},\"datePublished\":\"2026-05-14T16:36:18+00:00\",\"dateModified\":\"2026-05-14T16:39:02+00:00\",\"breadcrumb\":{\"@id\":\"https:\/\/le-grenier.org\/index.php\/produit\/boite-en-bois-5\/#breadcrumb\"},\"inLanguage\":\"fr-FR\",\"potentialAction\":[{\"@type\":\"ReadAction\",\"target\":[\"https:\/\/le-grenier.org\/index.php\/produit\/boite-en-bois-5\/\"]}]},{\"@type\":\"BreadcrumbList\",\"@id\":\"https:\/\/le-grenier.org\/index.php\/produit\/boite-en-bois-5\/#breadcrumb\",\"itemListElement\":[{\"@type\":\"ListItem\",\"position\":1,\"name\":\"Accueil\",\"item\":\"https:\/\/le-grenier.org\/\"},{\"@type\":\"ListItem\",\"position\":2,\"name\":\"Boutique en ligne\",\"item\":\"https:\/\/le-grenier.org\/\"},{\"@type\":\"ListItem\",\"position\":3,\"name\":\"Bo\\u00eete en bois\"}]}]}<\/script>\n<!-- \/ Yoast SEO plugin. -->","yoast_head_json":{"title":"Bo\u00eete en bois - Le Grenier - brocante et am\u00e9nagement","robots":{"index":"index","follow":"follow","max-snippet":"max-snippet:-1","max-image-preview":"max-image-preview:large","max-video-preview":"max-video-preview:-1"},"canonical":"https:\/\/le-grenier.org\/index.php\/produit\/boite-en-bois-5\/","og_locale":"fr_FR","og_type":"article","og_title":"Bo\u00eete en bois - Le Grenier - brocante et am\u00e9nagement","og_description":"Bo\u00eete ancienne compartiment\u00e9e en bois \u2013 charme authentique Charmante petite bo\u00eete en bois ancien, patin\u00e9e par le temps, avec fermeture&hellip;","og_url":"https:\/\/le-grenier.org\/index.php\/produit\/boite-en-bois-5\/","og_site_name":"Le Grenier - brocante et am\u00e9nagement","article_modified_time":"2026-05-14T16:39:02+00:00","twitter_card":"summary_large_image","schema":{"@context":"https:\/\/schema.org","@graph":[{"@type":"WebSite","@id":"https:\/\/le-grenier.org\/#website","url":"https:\/\/le-grenier.org\/","name":"Le Grenier - brocante et am\u00e9nagement","description":"","potentialAction":[{"@type":"SearchAction","target":{"@type":"EntryPoint","urlTemplate":"https:\/\/le-grenier.org\/?s={search_term_string}"},"query-input":"required name=search_term_string"}],"inLanguage":"fr-FR"},{"@type":"ImageObject","@id":"https:\/\/le-grenier.org\/index.php\/produit\/boite-en-bois-5\/#primaryimage","inLanguage":"fr-FR","url":"https:\/\/le-grenier.org\/wp-content\/uploads\/2026\/05\/img_5670.jpeg","contentUrl":"https:\/\/le-grenier.org\/wp-content\/uploads\/2026\/05\/img_5670.jpeg","width":1170,"height":1232,"caption":"Screenshot"},{"@type":"WebPage","@id":"https:\/\/le-grenier.org\/index.php\/produit\/boite-en-bois-5\/#webpage","url":"https:\/\/le-grenier.org\/index.php\/produit\/boite-en-bois-5\/","name":"Bo\u00eete en bois - Le Grenier - brocante et am\u00e9nagement","isPartOf":{"@id":"https:\/\/le-grenier.org\/#website"},"primaryImageOfPage":{"@id":"https:\/\/le-grenier.org\/index.php\/produit\/boite-en-bois-5\/#primaryimage"},"datePublished":"2026-05-14T16:36:18+00:00","dateModified":"2026-05-14T16:39:02+00:00","breadcrumb":{"@id":"https:\/\/le-grenier.org\/index.php\/produit\/boite-en-bois-5\/#breadcrumb"},"inLanguage":"fr-FR","potentialAction":[{"@type":"ReadAction","target":["https:\/\/le-grenier.org\/index.php\/produit\/boite-en-bois-5\/"]}]},{"@type":"BreadcrumbList","@id":"https:\/\/le-grenier.org\/index.php\/produit\/boite-en-bois-5\/#breadcrumb","itemListElement":[{"@type":"ListItem","position":1,"name":"Accueil","item":"https:\/\/le-grenier.org\/"},{"@type":"ListItem","position":2,"name":"Boutique en ligne","item":"https:\/\/le-grenier.org\/"},{"@type":"ListItem","position":3,"name":"Bo\u00eete en bois"}]}]}},"_links":{"self":[{"href":"https:\/\/le-grenier.org\/index.php\/wp-json\/wp\/v2\/product\/59960"}],"collection":[{"href":"https:\/\/le-grenier.org\/index.php\/wp-json\/wp\/v2\/product"}],"about":[{"href":"https:\/\/le-grenier.org\/index.php\/wp-json\/wp\/v2\/types\/product"}],"wp:featuredmedia":[{"embeddable":true,"href":"https:\/\/le-grenier.org\/index.php\/wp-json\/wp\/v2\/media\/59961"}],"wp:attachment":[{"href":"https:\/\/le-grenier.org\/index.php\/wp-json\/wp\/v2\/media?parent=59960"}],"wp:term":[{"taxonomy":"product_cat","embeddable":true,"href":"https:\/\/le-grenier.org\/index.php\/wp-json\/wp\/v2\/product_cat?post=59960"},{"taxonomy":"product_tag","embeddable":true,"href":"https:\/\/le-grenier.org\/index.php\/wp-json\/wp\/v2\/product_tag?post=59960"}],"curies":[{"name":"wp","href":"https:\/\/api.w.org\/{rel}","templated":true}]}}